000
CXUS55 KBOU 170812
CF6CCU
PRELIMINARY LOCAL CLIMATOLOGICAL DATA (WS FORM: F-6)

                                          STATION:   COPPER MTN/RED CLIFF
                                          MONTH:     OCTOBER
                                          YEAR:      2017
                                          LATITUDE:   39 28 N
                                          LONGITUDE: 106  9 W

  TEMPERATURE IN F:       :PCPN:    SNOW:  WIND      :SUNSHINE: SKY     :PK WND
================================================================================
1   2   3   4   5  6A  6B    7    8   9   10  11  12  13   14  15   16   17  18
                                     12Z  AVG MX 2MIN
DY MAX MIN AVG DEP HDD CDD  WTR  SNW DPTH SPD SPD DIR MIN PSBL S-S WX    SPD DR
================================================================================

 1  41  28  35   M  30   0    M    M    M 16.8 24 200   M    M   9 38     32 200
 2  36  28  32   M  33   0    M    M    M 10.4 14 200   M    M   9         M  M
 3  46  32  39   M  26   0    M    M    M 15.7 24 180   M    M   1 8      36 180
 4  55  41  48   M  17   0    M    M    M 16.2 28 190   M    M   0        37 170
 5  57  45  51   M  14   0    M    M    M 14.5 22 170   M    M   2        32 170
 6  45  28  37   M  28   0    M    M    M 11.0 18 300   M    M   6        23 200
 7  50  28  39   M  26   0    M    M    M 11.2 27 290   M    M   0        37 290
 8  48  34  41   M  24   0    M    M    M 14.4 24 280   M    M   1        43 260
 9  34  19  27   M  38   0    M    M    M  5.4 12  90   M    M   8        16  90
10  54  19  37   M  28   0    M    M    M  5.1 14 190   M    M   0        20 190
11  54  39  47   M  18   0    M    M    M 10.1 18 260   M    M   0        29 210
12  52  41  47   M  18   0    M    M    M 14.6 23 210   M    M   0        38 190
13  46  37  42   M  23   0    M    M    M 13.1 25 270   M    M   0        35 270
14  37  21  29   M  36   0    M    M    M 12.4 15 220   M    M   3 8      36 250
15  45  27  36   M  29   0    M    M    M 13.7 23 280   M    M   0        28 290
16  50  32  41   M  24   0    M    M    M 11.8 18 310   M    M   3        30 290
================================================================================
SM  750  499       412   0    M     M    196.4          M       42
================================================================================
AV 46.9 31.2                              12.3 FASTST   M    M   3    MAX(MPH)
                                 MISC ---->  # 28 190               # 43  260
================================================================================
NOTES:
# LAST OF SEVERAL OCCURRENCES

COLUMN 17 PEAK WIND IN M.P.H.

PRELIMINARY LOCAL CLIMATOLOGICAL DATA (WS FORM: F-6) , PAGE 2

                                          STATION:  COPPER MTN/RED CLIFF
                                          MONTH:    OCTOBER
                                          YEAR:     2017
                                          LATITUDE:   39 28 N
                                          LONGITUDE: 106  9 W

[TEMPERATURE DATA]      [PRECIPITATION DATA]       SYMBOLS USED IN COLUMN 16

AVERAGE MONTHLY: 39.0   TOTAL FOR MONTH:      M    1 = FOG OR MIST
DPTR FM NORMAL:     M   DPTR FM NORMAL:       M    2 = FOG REDUCING VISIBILITY
HIGHEST:    57 ON  5    GRTST 24HR    M  ON   M        TO 1/4 MILE OR LESS
LOWEST:     19 ON 10, 9                            3 = THUNDER
                        SNOW, ICE PELLETS, HAIL    4 = ICE PELLETS
                        TOTAL MONTH:    M          5 = HAIL
                        GRTST 24HR    M  ON   M    6 = FREEZING RAIN OR DRIZZLE
                        GRTST DEPTH:  M  ON   M    7 = DUSTSTORM OR SANDSTORM:
                                                       VSBY 1/2 MILE OR LESS
                                                   8 = SMOKE OR HAZE
[NO. OF DAYS WITH]      [WEATHER - DAYS WITH]      9 = BLOWING SNOW
                                                   X = TORNADO
MAX 32 OR BELOW:   0    0.01 INCH OR MORE:   0
MAX 90 OR ABOVE:   0    0.10 INCH OR MORE:   0
MIN 32 OR BELOW:  10    0.50 INCH OR MORE:   0
MIN  0 OR BELOW:   0    1.00 INCH OR MORE:   0

[HDD (BASE 65) ]
TOTAL THIS MO.   412    CLEAR  (SCALE 0-3)  10
DPTR FM NORMAL     M    PTCLDY (SCALE 4-7)   4
TOTAL FM JUL 1  1423    CLOUDY (SCALE 8-10)  2
DPTR FM NORMAL     M

[CDD (BASE 65) ]
TOTAL THIS MO.     0
DPTR FM NORMAL     M    [PRESSURE DATA]
TOTAL FM JAN 1     0    HIGHEST SLP M ON M
DPTR FM NORMAL     M    LOWEST  SLP M ON M

[REMARKS]
