000
CXUS55 KPAH 212302
CF6CGI
PRELIMINARY LOCAL CLIMATOLOGICAL DATA (WS FORM: F-6)

                                          STATION:   CAPE GIRARDEAU MO
                                          MONTH:     OCTOBER
                                          YEAR:      2014
                                          LATITUDE:   37 13 N
                                          LONGITUDE:  89 35 W

  TEMPERATURE IN F:       :PCPN:    SNOW:  WIND      :SUNSHINE: SKY     :PK WND
================================================================================
1   2   3   4   5  6A  6B    7    8   9   10  11  12  13   14  15   16   17  18
                                     12Z  AVG MX 2MIN
DY MAX MIN AVG DEP HDD CDD  WTR  SNW DPTH SPD SPD DIR MIN PSBL S-S WX    SPD DR
================================================================================

 1  87  54  71   8   0   6 0.00  0.0    0  5.8 16 180   M    M   3 1      22 190
 2  82  64  73  11   0   8 1.07  0.0    0  9.7 32 270   M    M   7 138    42 260
 3  73  43  58  -4   7   0    T  0.0    0 12.4 29 300   M    M   6 1      37 300
 4  59  37  48 -14  17   0 0.00  0.0    0  8.8 24 280   M    M   0        30 300
 5  75  37  56  -5   9   0    T    M    0  6.5 18 220   M    M   3        25 210
 6  76  55  66   5   0   1 0.02  0.0    0  7.3 26 270   M    M   2 3      32 270
 7  81  56  69   9   0   4 0.10  0.0    0  8.8 21 190   M    M   3 1      27 180
 8  80  50  65   5   0   0 0.00  0.0    0  1.8 12 160   M    M   0        14 200
 9  80  58  69   9   0   4 0.85  0.0    0  5.7 18 300   M    M   5 13     23 300
10  63  52  58  -2   7   0 0.82  0.0    0  9.2 17  20   M    M  10 1      23  20
11  57  51  54  -5  11   0 0.05  0.0    0  7.8 16  30   M    M  10 1      20  20
12  69  56  63   4   2   0 0.22  0.0    0  6.1 12 150   M    M  10 1      16 140
13  75  62  69  10   0   4 0.64  0.0    0 12.3 30 230   M    M   9 13     42 240
14  62  54  58   0   7   0 0.16  0.0    0 12.7 24 260   M    M  10 18     33 260
15  59  46  53  -5  12   0 0.00  0.0    0  6.6 16 300   M    M  10 1      21 300
16  71  42  57  -1   8   0 0.00  0.0    0  3.5 12 210   M    M   2 12     15 230
17  78  48  63   6   2   0 0.00  0.0    0  7.7 17 340   M    M   0 18     23 340
18  64  42  53  -4  12   0 0.00  0.0    0  6.8 20 330   M    M   1 18     24 330
19  63   M   M   M   M   M 0.00  0.0    0   M   7 200   M    M   2 2      10 210
20  74  46  60   4   5   0 0.00  0.0    0  3.7 13 210   M    M   3 18     16 210
================================================================================
SM 1428  953        99  27  3.93     0.0 143.2          M       96
================================================================================
AV 71.4 50.2                               7.5 FASTST   M    M   5    MAX(MPH)
                                 MISC ---->  # 32 270               # 42  260
================================================================================
NOTES:
# LAST OF SEVERAL OCCURRENCES

COLUMN 17 PEAK WIND IN M.P.H.

PRELIMINARY LOCAL CLIMATOLOGICAL DATA (WS FORM: F-6) , PAGE 2

                                          STATION:  CAPE GIRARDEAU MO
                                          MONTH:    OCTOBER
                                          YEAR:     2014
                                          LATITUDE:   37 13 N
                                          LONGITUDE:  89 35 W

[TEMPERATURE DATA]      [PRECIPITATION DATA]       SYMBOLS USED IN COLUMN 16

AVERAGE MONTHLY: 60.8   TOTAL FOR MONTH:   3.93    1 = FOG OR MIST
DPTR FM NORMAL:   1.3   DPTR FM NORMAL:    1.55    2 = FOG REDUCING VISIBILITY
HIGHEST:    87 ON  1    GRTST 24HR  1.21 ON  9-10      TO 1/4 MILE OR LESS
LOWEST:     37 ON  5, 4                            3 = THUNDER
                        SNOW, ICE PELLETS, HAIL    4 = ICE PELLETS
                        TOTAL MONTH:   0.0 INCH    5 = HAIL
                        GRTST 24HR     0.0         6 = FREEZING RAIN OR DRIZZLE
                        GRTST DEPTH:   0           7 = DUSTSTORM OR SANDSTORM:
                                                       VSBY 1/2 MILE OR LESS
                                                   8 = SMOKE OR HAZE
[NO. OF DAYS WITH]      [WEATHER - DAYS WITH]      9 = BLOWING SNOW
                                                   X = TORNADO
MAX 32 OR BELOW:   0    0.01 INCH OR MORE:   9
MAX 90 OR ABOVE:   0    0.10 INCH OR MORE:   7
MIN 32 OR BELOW:   0    0.50 INCH OR MORE:   4
MIN  0 OR BELOW:   0    1.00 INCH OR MORE:   1

[HDD (BASE 65) ]
TOTAL THIS MO.    99    CLEAR  (SCALE 0-3)  11
DPTR FM NORMAL   -39    PTCLDY (SCALE 4-7)   3
TOTAL FM JUL 1   145    CLOUDY (SCALE 8-10)  6
DPTR FM NORMAL   -42

[CDD (BASE 65) ]
TOTAL THIS MO.    27
DPTR FM NORMAL     0    [PRESSURE DATA]
TOTAL FM JAN 1  1411    HIGHEST SLP M ON M
DPTR FM NORMAL   -38    LOWEST  SLP 29.53 ON 14

[REMARKS]
