000
CXUS55 KPAH 010707
CF6CGI
PRELIMINARY LOCAL CLIMATOLOGICAL DATA (WS FORM: F-6)

                                          STATION:   CAPE GIRARDEAU MO
                                          MONTH:     APRIL
                                          YEAR:      2016
                                          LATITUDE:   37 13 N
                                          LONGITUDE:  89 35 W

  TEMPERATURE IN F:       :PCPN:    SNOW:  WIND      :SUNSHINE: SKY     :PK WND
================================================================================
1   2   3   4   5  6A  6B    7    8   9   10  11  12  13   14  15   16   17  18
                                     12Z  AVG MX 2MIN
DY MAX MIN AVG DEP HDD CDD  WTR  SNW DPTH SPD SPD DIR MIN PSBL S-S WX    SPD DR
================================================================================

 1  61  42  52   0  13   0 0.00  0.0    0  9.2 21 340   M    M   0        25 260
 2  67  38  53   0  12   0 0.00  0.0    0 13.1 32 300   M    M   1        43 300
 3  66  33  50  -3  15   0 0.00  0.0    0 11.5 22 180   M    M   0        29 210
 4  72  45  59   6   6   0 0.00  0.0    0 10.6 22 350   M    M   0        27  10
 5  58  37  48  -6  17   0 0.00  0.0    0  9.4 16 150   M    M   0        20  80
 6  66  42  54   0  11   0 0.12    M    0 13.1 29 220   M    M   3 13     41 200
 7  64  41  53  -1  12   0 0.06    M    0 11.7 40 350   M    M   2        48 360
 8  59  36  48  -7  17   0 0.00  0.0    0 12.8 26 310   M    M   2        36 300
 9  52  33  43 -12  22   0 0.00  0.0    0  7.1 15  10   M    M   1        21 360
10  76  43  60   5   5   0 0.06    M    0 15.0 32 210   M    M   7 38     46 210
11  67  43  55  -1  10   0 0.25  0.0    0 11.5 26 350   M    M   7 13     32 360
12  61  35  48  -8  17   0 0.00  0.0    0  8.0 16  60   M    M   0        22  50
13  68  37  53  -3  12   0 0.00  0.0    0  5.2 12 350   M    M   0        16  60
14  75  48  62   5   3   0    T  0.0    0  5.6 14  90   M    M   7        25 100
15  75  53  64   7   1   0 0.00  0.0    0  7.2 17 130   M    M   3        24 140
16  76  47  62   5   3   0 0.00  0.0    0  6.2 15 120   M    M   3        20 120
17  80  50  65   7   0   0 0.00  0.0    0  4.4 14 120   M    M   0        19 140
18  79  46  63   5   2   0 0.00  0.0    0  6.1 17 160   M    M   0        21 160
19  77  54  66   8   0   1 0.00  0.0    0  3.8 15 190   M    M   3        19 180
20  73  60  67   8   0   2 2.74  0.0    0  7.1 17 180   M    M  10 1      23 180
21  74  56  65   6   0   0 0.11  0.0    0  7.0 37 300   M    M   6 1238   46 300
22  74  52  63   4   2   0 0.00  0.0    0  7.5 18 350   M    M   2        25 330
23  74  49  62   2   3   0 0.00  0.0    0  5.7 14  20   M    M   0 18     18  10
24  79  49  64   4   1   0 0.00  0.0    0  7.5 15 200   M    M   0 18     20 200
25  82  59  71  11   0   6 0.00  0.0    0 11.5 24 220   M    M   1        33 220
26  80  58  69   8   0   4 0.21  0.0    0  9.4 31 340   M    M   6 13     38 340
27  76  57  67   6   0   2 0.18  0.0    0  8.0 22 280   M    M   3 13     27 280
28  78  54  66   5   0   1 0.01  0.0    0  6.4 18 260   M    M   1 13     26 260
29  62  54  58  -4   7   0 0.12  0.0    0  7.2 15  90   M    M   5 13     18  90
30  75  59  67   5   0   2 0.84  0.0    0  8.2 18 210   M    M   5 1      24 220
================================================================================
SM 2126 1410       191  18  4.70     0.0 257.0          M       78
================================================================================
AV 70.9 47.0                               8.6 FASTST   M    M   3    MAX(MPH)
                                 MISC ---->  # 40 350               # 48  360
================================================================================
NOTES:
# LAST OF SEVERAL OCCURRENCES

COLUMN 17 PEAK WIND IN M.P.H.

PRELIMINARY LOCAL CLIMATOLOGICAL DATA (WS FORM: F-6) , PAGE 2

                                          STATION:  CAPE GIRARDEAU MO
                                          MONTH:    APRIL
                                          YEAR:     2016
                                          LATITUDE:   37 13 N
                                          LONGITUDE:  89 35 W

[TEMPERATURE DATA]      [PRECIPITATION DATA]       SYMBOLS USED IN COLUMN 16

AVERAGE MONTHLY: 58.9   TOTAL FOR MONTH:   4.70    1 = FOG OR MIST
DPTR FM NORMAL:   1.8   DPTR FM NORMAL:    0.34    2 = FOG REDUCING VISIBILITY
HIGHEST:    82 ON 25    GRTST 24HR  2.74 ON 20-20      TO 1/4 MILE OR LESS
LOWEST:     33 ON  9, 3                            3 = THUNDER
                        SNOW, ICE PELLETS, HAIL    4 = ICE PELLETS
                        TOTAL MONTH:   0.0 INCH    5 = HAIL
                        GRTST 24HR     0.0         6 = FREEZING RAIN OR DRIZZLE
                        GRTST DEPTH:   0           7 = DUSTSTORM OR SANDSTORM:
                                                       VSBY 1/2 MILE OR LESS
                                                   8 = SMOKE OR HAZE
[NO. OF DAYS WITH]      [WEATHER - DAYS WITH]      9 = BLOWING SNOW
                                                   X = TORNADO
MAX 32 OR BELOW:   0    0.01 INCH OR MORE:  11
MAX 90 OR ABOVE:   0    0.10 INCH OR MORE:   8
MIN 32 OR BELOW:   0    0.50 INCH OR MORE:   2
MIN  0 OR BELOW:   0    1.00 INCH OR MORE:   1

[HDD (BASE 65) ]
TOTAL THIS MO.   191    CLEAR  (SCALE 0-3)  19
DPTR FM NORMAL   -71    PTCLDY (SCALE 4-7)  10
TOTAL FM JUL 1  3471    CLOUDY (SCALE 8-10)  1
DPTR FM NORMAL  -847

[CDD (BASE 65) ]
TOTAL THIS MO.    18
DPTR FM NORMAL    -9    [PRESSURE DATA]
TOTAL FM JAN 1    18    HIGHEST SLP M ON M
DPTR FM NORMAL   -13    LOWEST  SLP 29.60 ON  6

[REMARKS]
#FINAL-04-16#
