000
CXUS51 KLWX 280620
CF6CHO
PRELIMINARY LOCAL CLIMATOLOGICAL DATA (WS FORM: F-6)

                                          STATION:   CHARLOTTESVILLE VA
                                          MONTH:     MAY
                                          YEAR:      2017
                                          LATITUDE:   38  7 N
                                          LONGITUDE:  78 27 W

  TEMPERATURE IN F:       :PCPN:    SNOW:  WIND      :SUNSHINE: SKY     :PK WND
================================================================================
1   2   3   4   5  6A  6B    7    8   9   10  11  12  13   14  15   16   17  18
                                     12Z  AVG MX 2MIN
DY MAX MIN AVG DEP HDD CDD  WTR  SNW DPTH SPD SPD DIR MIN PSBL S-S WX    SPD DR
================================================================================

 1  79  70  75  16   0  10 0.29    M    M 13.8 23 190   M    M   8 138    30 180
 2  78  59  69   9   0   4 0.00    M    M  7.0 23 260   M    M   2        29 280
 3  71  52  62   2   3   0 0.00    M    M  5.9 15  30   M    M   0        21  30
 4  69  43  56  -4   9   0 1.44    M    M  6.8 15 120   M    M   5 1      20 110
 5  80  57  69   9   0   4 1.79    M    M  9.2 21 170   M    M   7 1      29 160
 6  62  49  56  -4   9   0 0.15    M    M  5.8 16 200   M    M   7 1      24 300
 7  66  45  56  -5   9   0 0.00    M    M  4.8 17 300   M    M   3        29 320
 8  68  39  54  -7  11   0    T    M    M  2.5 12 210   M    M   3        17 330
 9  71  36  54  -7  11   0 0.00    M    M  4.2 21 200   M    M   0        23 200
10  78  45  62   0   3   0 0.09    M    M  2.4 10 350   M    M   4 1      13 340
11  60  52  56  -6   9   0 0.15    M    M  6.3 14  30   M    M   9 1      18  30
12  54  50  52 -10  13   0 0.92    M    M  5.6 10  70   M    M   8 1      13  60
13  69  49  59  -3   6   0 0.12    M    M  5.0 14 340   M    M   7 1      18 340
14  84  48  66   4   0   1 0.00    M    M  6.0 17 310   M    M   2        30 300
15  81  57  69   6   0   4 0.00    M    M  5.4 14 320   M    M   2        23 340
16  83  46  65   2   0   0 0.00    M    M  5.2 16 200   M    M   0        21 190
17  93  60  77  14   0  12 0.00    M    M  8.2 20 190   M    M   0        25 210
18  90  66  78  14   0  13 0.00    M    M  8.8 21 200   M    M   0        26 210
19  93  67  80  16   0  15 0.00    M    M  3.9 14 350   M    M   1 3      23 330
20  78  65  72   8   0   7    T    M    M  7.9 20  40   M    M   7        23  40
21  68  60  64   0   1   0    T    M    M  3.1 12  50   M    M  10        14  40
22  79  60  70   5   0   5 0.55    M    M  3.3 10 120   M    M   9 1      14 130
23  68  60  64  -1   1   0 0.56    M    M  6.3 14  40   M    M  10 18     17  30
24  63  57  60  -5   5   0 0.81    M    M  6.8 15  40   M    M  10 18     19  90
25  72  58  65  -1   0   0 1.12    M    M  4.8 13  40   M    M   5 138    18 230
26  80  56  68   2   0   3    T    M    M  5.7 18 320   M    M   2        27 320
27  83  57  70   4   0   5 0.65    M    M  4.8 20  40   M    M   5 135    24  10
================================================================================
SM 2020 1463        90  83  8.64    M    159.5          M      126
================================================================================
AV 74.8 54.2                               5.9 FASTST   M    M   5    MAX(MPH)
                                 MISC ---->  # 23 190               # 30  180
================================================================================
NOTES:
# LAST OF SEVERAL OCCURRENCES

COLUMN 17 PEAK WIND IN M.P.H.

PRELIMINARY LOCAL CLIMATOLOGICAL DATA (WS FORM: F-6) , PAGE 2

                                          STATION:  CHARLOTTESVILLE VA
                                          MONTH:    MAY
                                          YEAR:     2017
                                          LATITUDE:   38  7 N
                                          LONGITUDE:  78 27 W

[TEMPERATURE DATA]      [PRECIPITATION DATA]       SYMBOLS USED IN COLUMN 16

AVERAGE MONTHLY: 64.5   TOTAL FOR MONTH:   8.64    1 = FOG OR MIST
DPTR FM NORMAL:   1.9   DPTR FM NORMAL:    5.27    2 = FOG REDUCING VISIBILITY
HIGHEST:    93 ON 19,17 GRTST 24HR  1.79 ON  5- 5      TO 1/4 MILE OR LESS
LOWEST:     36 ON  9                               3 = THUNDER
                        SNOW, ICE PELLETS, HAIL    4 = ICE PELLETS
                        TOTAL MONTH:    M          5 = HAIL
                        GRTST 24HR    M  ON   M    6 = FREEZING RAIN OR DRIZZLE
                        GRTST DEPTH:  M  ON   M    7 = DUSTSTORM OR SANDSTORM:
                                                       VSBY 1/2 MILE OR LESS
                                                   8 = SMOKE OR HAZE
[NO. OF DAYS WITH]      [WEATHER - DAYS WITH]      9 = BLOWING SNOW
                                                   X = TORNADO
MAX 32 OR BELOW:   0    0.01 INCH OR MORE:  13
MAX 90 OR ABOVE:   3    0.10 INCH OR MORE:  12
MIN 32 OR BELOW:   0    0.50 INCH OR MORE:   8
MIN  0 OR BELOW:   0    1.00 INCH OR MORE:   3

[HDD (BASE 65) ]
TOTAL THIS MO.    90    CLEAR  (SCALE 0-3)  11
DPTR FM NORMAL   -24    PTCLDY (SCALE 4-7)  11
TOTAL FM JUL 1  3091    CLOUDY (SCALE 8-10)  5
DPTR FM NORMAL -1335

[CDD (BASE 65) ]
TOTAL THIS MO.    83
DPTR FM NORMAL    33    [PRESSURE DATA]
TOTAL FM JAN 1   181    HIGHEST SLP M ON M
DPTR FM NORMAL   110    LOWEST  SLP 29.33 ON  6

[REMARKS]
