000
CXUS51 KLWX 300620
CF6CHO
PRELIMINARY LOCAL CLIMATOLOGICAL DATA (WS FORM: F-6)

                                          STATION:   CHARLOTTESVILLE VA
                                          MONTH:     SEPTEMBER
                                          YEAR:      2016
                                          LATITUDE:   38  7 N
                                          LONGITUDE:  78 27 W

  TEMPERATURE IN F:       :PCPN:    SNOW:  WIND      :SUNSHINE: SKY     :PK WND
================================================================================
1   2   3   4   5  6A  6B    7    8   9   10  11  12  13   14  15   16   17  18
                                     12Z  AVG MX 2MIN
DY MAX MIN AVG DEP HDD CDD  WTR  SNW DPTH SPD SPD DIR MIN PSBL S-S WX    SPD DR
================================================================================

 1  83  69  76   4   0  11 0.11    M    M  1.7  8  60   M    M   5 18     12 350
 2  80  65  73   2   0   8 0.00    M    M  7.1 15  50   M    M   4        20  40
 3  79  66  73   2   0   8 0.00    M    M  8.8 23  30   M    M   3        29  30
 4  84  61  73   2   0   8 0.00    M    M  3.8 13  30   M    M   0        19  10
 5  88  55  72   1   0   7 0.00    M    M  2.2  9  60   M    M   0 1      13  80
 6  94  63  79   9   0  14 0.00    M    M  4.7 16 340   M    M   1        22 350
 7  93  71  82  12   0  17 0.37    M    M  3.4 16 350   M    M   3 18     24 360
 8  95  72  84  14   0  19 0.00    M    M  3.6 14 200   M    M   1 1      18 190
 9  96  73  85  16   0  20 0.00    M    M  3.3 13 200   M    M   0 8      19 200
10  95  70  83  14   0  18 0.00    M    M  6.3 16 180   M    M   1 1      21 190
11  90  62  76   7   0  11 0.00    M    M  4.9 14 180   M    M   1        19 330
12  85  56  71   3   0   6 0.00    M    M  2.9 14  40   M    M   1        17  60
13  90  64  77   9   0  12 0.00    M    M  5.0 16 190   M    M   2        22 180
14  96  66  81  13   0  16 0.00    M    M  3.5  9  60   M    M   1        15 310
15  79  68  74   7   0   9    T    M    M  7.3 16  30   M    M   6        24  30
16  77  67  72   5   0   7 0.00    M    M  2.4  8  80   M    M  10 18     12 190
17  85  67  76  10   0  11 0.00    M    M  4.6 16 180   M    M   6        22 190
18  89  66  78  12   0  13 0.00    M    M  4.6 16 180   M    M   1 1      22 190
19  77  68  73   7   0   8 0.57    M    M  4.3 15  40   M    M   7 1      19  70
20  81  65  73   8   0   8 0.00    M    M  5.7 18  40   M    M   3 1      23  30
21  85  64  75  10   0  10    T    M    M  4.9 18  40   M    M   6        26  40
22  87  65  76  12   0  11 0.00    M    M  4.5 14  40   M    M   0        18  30
23  89  62  76  12   0  11 0.00    M    M  1.8  8 160   M    M   0 1      11 160
24  89  64  77  13   0  12    T    M    M  4.7 15  50   M    M   4 1      20  40
25  70  59  65   2   0   0    T    M    M  3.9 15  30   M    M  10 18     18  30
26  71  63  67   4   0   2 0.10    M    M  4.7 14 200   M    M  10 13     17 200
27  78  65  72  10   0   7 0.29    M    M  4.2 10 120   M    M   7 12     13 120
28  70  66  68   6   0   3 1.00    M    M  7.0 15  40   M    M  10 138    19  40
29  78  66  72  10   0   7 1.06    M    M  8.1 16  90   M    M  10 18     25 100
================================================================================
SM 2453 1888         0 294  3.50    M    133.9          M      113
================================================================================
AV 84.6 65.1                               4.6 FASTST   M    M   4    MAX(MPH)
                                 MISC ---->  # 23  30               # 29   30
================================================================================
NOTES:
# LAST OF SEVERAL OCCURRENCES

COLUMN 17 PEAK WIND IN M.P.H.

PRELIMINARY LOCAL CLIMATOLOGICAL DATA (WS FORM: F-6) , PAGE 2

                                          STATION:  CHARLOTTESVILLE VA
                                          MONTH:    SEPTEMBER
                                          YEAR:     2016
                                          LATITUDE:   38  7 N
                                          LONGITUDE:  78 27 W

[TEMPERATURE DATA]      [PRECIPITATION DATA]       SYMBOLS USED IN COLUMN 16

AVERAGE MONTHLY: 74.8   TOTAL FOR MONTH:   3.50    1 = FOG OR MIST
DPTR FM NORMAL:   7.8   DPTR FM NORMAL:   -0.78    2 = FOG REDUCING VISIBILITY
HIGHEST:    96 ON 14, 9 GRTST 24HR  1.08 ON 28-29      TO 1/4 MILE OR LESS
LOWEST:     55 ON  5                               3 = THUNDER
                        SNOW, ICE PELLETS, HAIL    4 = ICE PELLETS
                        TOTAL MONTH:    M          5 = HAIL
                        GRTST 24HR    M  ON   M    6 = FREEZING RAIN OR DRIZZLE
                        GRTST DEPTH:  M  ON   M    7 = DUSTSTORM OR SANDSTORM:
                                                       VSBY 1/2 MILE OR LESS
                                                   8 = SMOKE OR HAZE
[NO. OF DAYS WITH]      [WEATHER - DAYS WITH]      9 = BLOWING SNOW
                                                   X = TORNADO
MAX 32 OR BELOW:   0    0.01 INCH OR MORE:   7
MAX 90 OR ABOVE:   8    0.10 INCH OR MORE:   7
MIN 32 OR BELOW:   0    0.50 INCH OR MORE:   3
MIN  0 OR BELOW:   0    1.00 INCH OR MORE:   2

[HDD (BASE 65) ]
TOTAL THIS MO.     0    CLEAR  (SCALE 0-3)  16
DPTR FM NORMAL   -49    PTCLDY (SCALE 4-7)   8
TOTAL FM JUL 1     0    CLOUDY (SCALE 8-10)  5
DPTR FM NORMAL   -52

[CDD (BASE 65) ]
TOTAL THIS MO.   294
DPTR FM NORMAL   185    [PRESSURE DATA]
TOTAL FM JAN 1  1638    HIGHEST SLP M ON M
DPTR FM NORMAL   619    LOWEST  SLP 29.83 ON  1

[REMARKS]
