000
CXUS51 KILN 190528
CF6CMH
PRELIMINARY LOCAL CLIMATOLOGICAL DATA (WS FORM: F-6)
STATION: COLUMBUS OH
MONTH: APRIL
YEAR: 2024
LATITUDE: 40 0 N
LONGITUDE: 82 53 W
TEMPERATURE IN F: :PCPN: SNOW: WIND :SUNSHINE: SKY :PK WND
================================================================================
1 2 3 4 5 6A 6B 7 8 9 10 11 12 13 14 15 16 17 18
12Z AVG MX 2MIN
DY MAX MIN AVG DEP HDD CDD WTR SNW DPTH SPD SPD DIR MIN PSBL S-S WX SPD DR
================================================================================
1 65 49 57 9 8 0 1.05 0.0 0 8.8 23 330 M M 9 13 26 340
2 70 53 62 14 3 0 2.05 0.0 0 9.7 33 360 M M 10 13 40 10
3 55 38 47 -1 18 0 0.10 0.0 0 12.8 29 270 M M 9 13 38 270
4 50 34 42 -7 23 0 0.13 T 0 11.0 24 290 M M 9 1458 33 300
5 45 38 42 -7 23 0 0.00 0.0 0 11.8 21 350 M M 9 28 300
6 54 33 44 -6 21 0 0.00 0.0 0 7.6 18 20 M M 5 23 360
7 63 31 47 -3 18 0 T 0.0 0 6.2 16 110 M M 3 20 90
8 75 49 62 12 3 0 0.04 0.0 0 7.2 14 270 M M 8 18 120
9 70 56 63 12 2 0 T 0.0 0 8.5 22 220 M M 9 1 27 220
10 63 56 60 9 5 0 0.21 0.0 0 6.2 13 120 M M 10 1 16 130
11 65 50 58 6 7 0 1.14 0.0 0 9.6 26 300 M M 10 1 34 250
12 58 49 54 2 11 0 0.11 0.0 0 19.4 33 290 M M 9 1 43 310
13 63 42 53 1 12 0 0.00 0.0 0 12.8 23 290 M M 1 29 340
14 81 46 64 11 1 0 0.00 0.0 0 12.1 30 230 M M 3 40 240
15 78 58 68 15 0 3 0.00 0.0 0 6.1 14 350 M M 2 18 350
16 84 51 68 14 0 3 0.00 0.0 0 6.9 15 100 M M 6 19 180
17 79 57 68 14 0 3 0.86 T 0 11.5 35 190 M M 8 135 43 180
18 73 53 63 9 2 0 0.00 0.0 0 6.8 15 280 M M 6 19 270
================================================================================
SM 1191 843 157 9 5.69 T 175.0 M 126
================================================================================
AV 66.2 46.8 9.7 FASTST M M 7 MAX(MPH)
MISC ----> 35 190 # 43 310
================================================================================
NOTES:
# LAST OF SEVERAL OCCURRENCES
COLUMN 17 PEAK WIND IN M.P.H.
PRELIMINARY LOCAL CLIMATOLOGICAL DATA (WS FORM: F-6) , PAGE 2
STATION: COLUMBUS OH
MONTH: APRIL
YEAR: 2024
LATITUDE: 40 0 N
LONGITUDE: 82 53 W
[TEMPERATURE DATA] [PRECIPITATION DATA] SYMBOLS USED IN COLUMN 16
AVERAGE MONTHLY: 56.5 TOTAL FOR MONTH: 5.69 1 = FOG OR MIST
DPTR FM NORMAL: 5.5 DPTR FM NORMAL: 3.40 2 = FOG REDUCING VISIBILITY
HIGHEST: 84 ON 16 GRTST 24HR 2.06 ON 1- 2 TO 1/4 MILE OR LESS
LOWEST: 31 ON 7 3 = THUNDER
SNOW, ICE PELLETS, HAIL 4 = ICE PELLETS
TOTAL MONTH: T 5 = HAIL
GRTST 24HR T ON 4- 4 6 = FREEZING RAIN OR DRIZZLE
GRTST DEPTH: 0 7 = DUSTSTORM OR SANDSTORM:
VSBY 1/2 MILE OR LESS
8 = SMOKE OR HAZE
[NO. OF DAYS WITH] [WEATHER - DAYS WITH] 9 = BLOWING SNOW
X = TORNADO
MAX 32 OR BELOW: 0 0.01 INCH OR MORE: 9
MAX 90 OR ABOVE: 0 0.10 INCH OR MORE: 8
MIN 32 OR BELOW: 1 0.50 INCH OR MORE: 4
MIN 0 OR BELOW: 0 1.00 INCH OR MORE: 3
[HDD (BASE 65) ]
TOTAL THIS MO. 157 CLEAR (SCALE 0-3) 2
DPTR FM NORMAL -101 PTCLDY (SCALE 4-7) 7
TOTAL FM JUL 1 4047 CLOUDY (SCALE 8-10) 9
DPTR FM NORMAL -923
[CDD (BASE 65) ]
TOTAL THIS MO. 9
DPTR FM NORMAL 9 [PRESSURE DATA]
TOTAL FM JAN 1 9 HIGHEST SLP M ON M
DPTR FM NORMAL 7 LOWEST SLP 29.25 ON 11
[REMARKS]