000
CXUS53 KILX 252300
CF6CMI
PRELIMINARY LOCAL CLIMATOLOGICAL DATA (WS FORM: F-6)

                                          STATION:   CHAMPAIGN IL AIRPORT
                                          MONTH:     OCTOBER
                                          YEAR:      2014
                                          LATITUDE:   40  1 N
                                          LONGITUDE:  88 17 W

  TEMPERATURE IN F:       :PCPN:    SNOW:  WIND      :SUNSHINE: SKY     :PK WND
================================================================================
1   2   3   4   5  6A  6B    7    8   9   10  11  12  13   14  15   16   17  18
                                     12Z  AVG MX 2MIN
DY MAX MIN AVG DEP HDD CDD  WTR  SNW DPTH SPD SPD DIR MIN PSBL S-S WX    SPD DR
================================================================================

 1  85  49  67   8   0   2    T    M    M  8.0 14 160   M    M   2        23 240
 2  75  65  70  11   0   5 1.52    M    M 11.1 17 280   M    M   6 13     24 280
 3  66  44  55  -3  10   0 0.32    M    M 16.4 24 280   M    M   9 1      33 280
 4  50  38  44 -14  21   0    T    M    M 13.3 22 270   M    M   9        30 260
 5  65  36  51  -7  14   0    T    M    M  7.6 13 220   M    M   7         M  M
 6  68  44  56  -1   9   0 0.05    M    M 12.7 22 260   M    M   4 3      30 250
 7  72  46  59   2   6   0 0.11    M    M 12.0 20 220   M    M   7        28 220
 8  70  41  56   0   9   0 0.00    M    M  7.1 14 280   M    M   0        23 280
 9  58  50  54  -2  11   0 0.08    M    M  2.4  5  40   M    M  10         M  M
10  56  47  52  -4  13   0    T    M    M  9.8 15  50   M    M   7        20  40
11  61  40  51  -4  14   0 0.00    M    M  8.2 15  30   M    M   0        21  40
12  60  39  50  -5  15   0 0.19    M    M  9.7 16 120   M    M   6 1      19 130
13  73  60  67  12   0   2 0.42    M    M 12.8 23 150   M    M  10 123    30 130
14  63  55  59   5   6   0 0.07    M    M 12.2 23 190   M    M   8 1      30 190
15  56  52  54   0  11   0 0.16    M    M  7.7 15 320   M    M   9 1      19 320
16  60  50  55   1  10   0 0.00    M    M  8.3 14 160   M    M   7 1      17 170
17  63  47  55   2  10   0 0.00    M    M 12.5 22 290   M    M   5        28 290
18  54  43  49  -4  16   0 0.00    M    M  8.8 21 340   M    M   8        29 350
19  56  33  45  -8  20   0 0.00    M    M  7.2 14 190   M    M   4 12     27 240
20  69  47  58   6   7   0 0.00    M    M 10.3 20 320   M    M   3        27 290
21  61  41  51  -1  14   0 0.00    M    M  9.5 17  20   M    M   5 1      23  30
22  60  33  47  -5  18   0 0.00    M    M  5.2 10  40   M    M   0        14  40
23  61  33  47  -4  18   0    T    M    M  7.4 14 220   M    M   1 1      17 210
24  70  44  57   6   8   0 0.05    M    M  6.2 14 220   M    M   4 18     18 230
================================================================================
SM 1532 1077       260   9  2.97    M    226.4          M      131
================================================================================
AV 63.8 44.9                               9.4 FASTST   M    M   5    MAX(MPH)
                                 MISC ---->    24   M                 33    M
================================================================================
NOTES:
# LAST OF SEVERAL OCCURRENCES

COLUMN 17 PEAK WIND IN M.P.H.

PRELIMINARY LOCAL CLIMATOLOGICAL DATA (WS FORM: F-6) , PAGE 2

                                          STATION:  CHAMPAIGN IL AIRPORT
                                          MONTH:    OCTOBER
                                          YEAR:     2014
                                          LATITUDE:   40  1 N
                                          LONGITUDE:  88 17 W

[TEMPERATURE DATA]      [PRECIPITATION DATA]       SYMBOLS USED IN COLUMN 16

AVERAGE MONTHLY: 54.4   TOTAL FOR MONTH:   2.97    1 = FOG OR MIST
DPTR FM NORMAL:  -0.6   DPTR FM NORMAL:    0.50    2 = FOG REDUCING VISIBILITY
HIGHEST:    85 ON  1    GRTST 24HR  1.52 ON  2- 2      TO 1/4 MILE OR LESS
LOWEST:     33 ON 23,22                            3 = THUNDER
                        SNOW, ICE PELLETS, HAIL    4 = ICE PELLETS
                        TOTAL MONTH:    M          5 = HAIL
                        GRTST 24HR    M  ON   M    6 = FREEZING RAIN OR DRIZZLE
                        GRTST DEPTH:  M  ON   M    7 = DUSTSTORM OR SANDSTORM:
                                                       VSBY 1/2 MILE OR LESS
                                                   8 = SMOKE OR HAZE
[NO. OF DAYS WITH]      [WEATHER - DAYS WITH]      9 = BLOWING SNOW
                                                   X = TORNADO
MAX 32 OR BELOW:   0    0.01 INCH OR MORE:  10
MAX 90 OR ABOVE:   0    0.10 INCH OR MORE:   6
MIN 32 OR BELOW:   0    0.50 INCH OR MORE:   1
MIN  0 OR BELOW:   0    1.00 INCH OR MORE:   1

[HDD (BASE 65) ]
TOTAL THIS MO.   260    CLEAR  (SCALE 0-3)   5
DPTR FM NORMAL     1    PTCLDY (SCALE 4-7)  12
TOTAL FM JUL 1   351    CLOUDY (SCALE 8-10)  7
DPTR FM NORMAL     0

[CDD (BASE 65) ]
TOTAL THIS MO.     9
DPTR FM NORMAL    -5    [PRESSURE DATA]
TOTAL FM JAN 1   947    HIGHEST SLP M ON M
DPTR FM NORMAL     8    LOWEST  SLP 29.42 ON 14

[REMARKS]
