000
CXUS53 KILX 262300
CF6CMI
PRELIMINARY LOCAL CLIMATOLOGICAL DATA (WS FORM: F-6)

                                          STATION:   CHAMPAIGN IL AIRPORT
                                          MONTH:     JANUARY
                                          YEAR:      2015
                                          LATITUDE:   40  1 N
                                          LONGITUDE:  88 17 W

  TEMPERATURE IN F:       :PCPN:    SNOW:  WIND      :SUNSHINE: SKY     :PK WND
================================================================================
1   2   3   4   5  6A  6B    7    8   9   10  11  12  13   14  15   16   17  18
                                     12Z  AVG MX 2MIN
DY MAX MIN AVG DEP HDD CDD  WTR  SNW DPTH SPD SPD DIR MIN PSBL S-S WX    SPD DR
================================================================================

 1  32  16  24  -2  41   0 0.00    M    M 13.8 25 240   M    M   1        32 240
 2  38  21  30   4  35   0 0.02    M    M  5.3 10 120   M    M   5 1      12 120
 3  40  34  37  11  28   0 0.51    M    M  6.7 13 120   M    M  10 12     15 120
 4  34  10  22  -4  43   0    T    M    M 19.0 32 280   M    M   9 12     39 280
 5  14   3   9 -16  56   0 0.08    M    M 11.3 23 290   M    M   5 1      27 290
 6  14   8  11 -14  54   0    T    M    M 11.4 26 290   M    M   5 19     31 280
 7  14  -7   4 -21  61   0    T    M    M 18.3 30 320   M    M   4 189    36 320
 8  25  -7   9 -16  56   0    T    M    M 19.7 39 280   M    M   5 89     48 270
 9  17  -2   8 -17  57   0    T    M    M 16.5 31 290   M    M   4 19     37 290
10  24  -4  10 -15  55   0 0.00    M    M 14.1 23 180   M    M   3        30 180
11  33  24  29   4  36   0 0.21    M    M  9.6 14 170   M    M  10 16     17 200
12  33  11  22  -3  43   0 0.08    M    M 14.5 23 350   M    M   7 168    28 350
13  18   0   9 -16  56   0 0.00    M    M 10.4 17  50   M    M   0        21  60
14  20  -1  10 -15  55   0 0.00    M    M  4.1  8 190   M    M   5 18      9 180
15  36  11  24  -1  41   0 0.00    M    M 10.4 15 220   M    M   0 18     19 220
16  38  19  29   4  36   0 0.00    M    M  7.6 16 170   M    M   0 18     20 170
17  47  33  40  15  25   0 0.00    M    M 15.4 24 190   M    M   2 18     30 200
18  44  27  36  11  29   0    T    M    M 12.4 23 280   M    M   2        30 270
19  45  25  35  10  30   0 0.00    M    M  5.2 10  10   M    M   2        12 140
20  45  31  38  13  27   0 0.00    M    M  8.0 17 310   M    M   6 1      21 310
21  37  30  34   9  31   0 0.00    M    M 11.0 20 280   M    M   8 1      24 260
22  37  32  35  10  30   0 0.00    M    M  3.6  9 360   M    M  10 18     11  10
23  33  26  30   5  35   0 0.00    M    M  5.3 12 230   M    M   8 18     14 230
24  45  26  36  11  29   0 0.00    M    M 10.7 18 240   M    M   1 1      23 240
25  38  28  33   8  32   0 0.08    M    M 12.7 29  40   M    M   8 1      36  30
================================================================================
SM  801  394      1021   0  0.98    M    277.0          M      120
================================================================================
AV 32.0 15.8                              11.1 FASTST   M    M   5    MAX(MPH)
                                 MISC ---->  # 39 280               # 48  270
================================================================================
NOTES:
# LAST OF SEVERAL OCCURRENCES

COLUMN 17 PEAK WIND IN M.P.H.

PRELIMINARY LOCAL CLIMATOLOGICAL DATA (WS FORM: F-6) , PAGE 2

                                          STATION:  CHAMPAIGN IL AIRPORT
                                          MONTH:    JANUARY
                                          YEAR:     2015
                                          LATITUDE:   40  1 N
                                          LONGITUDE:  88 17 W

[TEMPERATURE DATA]      [PRECIPITATION DATA]       SYMBOLS USED IN COLUMN 16

AVERAGE MONTHLY: 23.9   TOTAL FOR MONTH:   0.98    1 = FOG OR MIST
DPTR FM NORMAL:  -1.3   DPTR FM NORMAL:   -0.76    2 = FOG REDUCING VISIBILITY
HIGHEST:    47 ON 17    GRTST 24HR  0.53 ON  2- 3      TO 1/4 MILE OR LESS
LOWEST:     -7 ON  8, 7                            3 = THUNDER
                        SNOW, ICE PELLETS, HAIL    4 = ICE PELLETS
                        TOTAL MONTH:    M          5 = HAIL
                        GRTST 24HR    M  ON   M    6 = FREEZING RAIN OR DRIZZLE
                        GRTST DEPTH:  M  ON   M    7 = DUSTSTORM OR SANDSTORM:
                                                       VSBY 1/2 MILE OR LESS
                                                   8 = SMOKE OR HAZE
[NO. OF DAYS WITH]      [WEATHER - DAYS WITH]      9 = BLOWING SNOW
                                                   X = TORNADO
MAX 32 OR BELOW:   9    0.01 INCH OR MORE:   6
MAX 90 OR ABOVE:   0    0.10 INCH OR MORE:   2
MIN 32 OR BELOW:  23    0.50 INCH OR MORE:   1
MIN  0 OR BELOW:   6    1.00 INCH OR MORE:   0

[HDD (BASE 65) ]
TOTAL THIS MO.  1021    CLEAR  (SCALE 0-3)   8
DPTR FM NORMAL    25    PTCLDY (SCALE 4-7)  11
TOTAL FM JUL 1  3359    CLOUDY (SCALE 8-10)  6
DPTR FM NORMAL    82

[CDD (BASE 65) ]
TOTAL THIS MO.     0
DPTR FM NORMAL     0    [PRESSURE DATA]
TOTAL FM JAN 1     0    HIGHEST SLP M ON M
DPTR FM NORMAL     0    LOWEST  SLP 29.60 ON 25

[REMARKS]
