000
CXUS54 KMAF 241100
CF6CNM
PRELIMINARY LOCAL CLIMATOLOGICAL DATA (WS FORM: F-6)

                                          STATION:   Carlsbad
                                          MONTH:     AUGUST
                                          YEAR:      2016
                                          LATITUDE:   32 20 N
                                          LONGITUDE: 104 15 W

  TEMPERATURE IN F:       :PCPN:    SNOW:  WIND      :SUNSHINE: SKY     :PK WND
================================================================================
1   2   3   4   5  6A  6B    7    8   9   10  11  12  13   14  15   16   17  18
                                     12Z  AVG MX 2MIN
DY MAX MIN AVG DEP HDD CDD  WTR  SNW DPTH SPD SPD DIR MIN PSBL S-S WX    SPD DR
================================================================================

 1  98  70  84   3   0  19 0.05  0.0    0  6.7 28  20   M    M   2 3      50  20
 2 100  70  85   4   0  20    T  0.0    0  7.3 29 140   M    M   1 3      38 140
 3  97  72  85   4   0  20    T  0.0    0  6.4 32 240   M    M   0 3      42 240
 4 102  70  86   5   0  21    T  0.0    0  9.1 22 260   M    M   2        36 260
 5 101  73  87   6   0  22 0.00  0.0    0  9.2 18 130   M    M   1        26 120
 6  99  71  85   4   0  20 0.00  0.0    0  7.5 17 130   M    M   0        22 140
 7 100  71  86   5   0  21 0.00  0.0    0  4.5 15 110   M    M   0        19 190
 8 101  73  87   6   0  22 0.00  0.0    0  6.8 30 360   M    M   1        37 360
 9  98  72  85   4   0  20    T  0.0    0  7.4 31 130   M    M   1 138    39 130
10  97  71  84   3   0  19    T  0.0    0  8.0 31 190   M    M   2        37 200
11  91  73  82   1   0  17    T  0.0    0  5.3 31 350   M    M   1 3      42 350
12  98  71  85   4   0  20    T  0.0    0 13.0 32  40   M    M   1 38     39  40
13  87  67  77  -4   0  12    T  0.0    0 11.6 35 350   M    M   3 13     43 340
14  84  63  74  -7   0   9    M  0.0    0  9.5 17 340   M    M   0        24 100
15  90  58  74  -6   0   9 0.00  0.0    0  5.5 13 100   M    M   0        16 110
16  92  63  78  -2   0  13 0.00  0.0    0  5.9 15  90   M    M   0 8      21 100
17  91  63  77  -3   0  12 0.00  0.0    0  6.1 17 110   M    M   0        22 100
18  93  65  79  -1   0  14 0.00  0.0    0  6.8 29 120   M    M   1        36 110
19  94  64  79  -1   0  14 0.00  0.0    0  6.9 18 200   M    M   0        21 200
20  89  68  79  -1   0  14 0.01  0.0    0  9.6 22  70   M    M   4 3      30  90
21  72  63  68 -12   0   3 2.35  0.0    0  4.7 23 330   M    M   8 13     28 320
22  85  65  75  -5   0  10 0.00  0.0    0  7.1 14 170   M    M   4        18 140
23  91  64  78  -2   0  13 2.38  0.0    0  8.2 36 210   M    M   4 13     50 210
================================================================================
SM 2150 1560         0 364  4.79     0.0 173.1          M       36
================================================================================
AV 93.5 67.8                               7.5 FASTST   M    M   2    MAX(MPH)
                                 MISC ---->  # 36 210               # 50   20
================================================================================
NOTES:
# LAST OF SEVERAL OCCURRENCES

COLUMN 17 PEAK WIND IN M.P.H.

PRELIMINARY LOCAL CLIMATOLOGICAL DATA (WS FORM: F-6) , PAGE 2

                                          STATION:  Carlsbad
                                          MONTH:    AUGUST
                                          YEAR:     2016
                                          LATITUDE:   32 20 N
                                          LONGITUDE: 104 15 W

[TEMPERATURE DATA]      [PRECIPITATION DATA]       SYMBOLS USED IN COLUMN 16

AVERAGE MONTHLY: 80.7   TOTAL FOR MONTH:   4.79    1 = FOG OR MIST
DPTR FM NORMAL:   0.0   DPTR FM NORMAL:    3.34    2 = FOG REDUCING VISIBILITY
HIGHEST:   102 ON  4    GRTST 24HR  2.38 ON 23-23      TO 1/4 MILE OR LESS
LOWEST:     58 ON 15                               3 = THUNDER
                        SNOW, ICE PELLETS, HAIL    4 = ICE PELLETS
                        TOTAL MONTH:   0.0 INCH    5 = HAIL
                        GRTST 24HR     0.0         6 = FREEZING RAIN OR DRIZZLE
                        GRTST DEPTH:   0           7 = DUSTSTORM OR SANDSTORM:
                                                       VSBY 1/2 MILE OR LESS
                                                   8 = SMOKE OR HAZE
[NO. OF DAYS WITH]      [WEATHER - DAYS WITH]      9 = BLOWING SNOW
                                                   X = TORNADO
MAX 32 OR BELOW:   0    0.01 INCH OR MORE:   4
MAX 90 OR ABOVE:  18    0.10 INCH OR MORE:   2
MIN 32 OR BELOW:   0    0.50 INCH OR MORE:   2
MIN  0 OR BELOW:   0    1.00 INCH OR MORE:   2

[HDD (BASE 65) ]
TOTAL THIS MO.     0    CLEAR  (SCALE 0-3)  19
DPTR FM NORMAL     0    PTCLDY (SCALE 4-7)   4
TOTAL FM JUL 1     0    CLOUDY (SCALE 8-10)  0
DPTR FM NORMAL     0

[CDD (BASE 65) ]
TOTAL THIS MO.   364
DPTR FM NORMAL     4    [PRESSURE DATA]
TOTAL FM JAN 1  1817    HIGHEST SLP M ON M
DPTR FM NORMAL   167    LOWEST  SLP 29.67 ON  8

[REMARKS]
