000
CXUS54 KMAF 251100
CF6CNM
PRELIMINARY LOCAL CLIMATOLOGICAL DATA (WS FORM: F-6)

                                          STATION:   Carlsbad
                                          MONTH:     APRIL
                                          YEAR:      2017
                                          LATITUDE:   32 20 N
                                          LONGITUDE: 104 15 W

  TEMPERATURE IN F:       :PCPN:    SNOW:  WIND      :SUNSHINE: SKY     :PK WND
================================================================================
1   2   3   4   5  6A  6B    7    8   9   10  11  12  13   14  15   16   17  18
                                     12Z  AVG MX 2MIN
DY MAX MIN AVG DEP HDD CDD  WTR  SNW DPTH SPD SPD DIR MIN PSBL S-S WX    SPD DR
================================================================================

 1  70  47  59   0   6   0 0.00  0.0    0 16.4 24  30   M    M   4        29  30
 2  72  44  58  -1   7   0 0.02    M    0 10.8 28 260   M    M   4        33 260
 3  82  55  69   9   0   4 0.00  0.0    0 15.9 28 260   M    M   0        41 230
 4  75  43  59  -1   6   0 0.00  0.0    0 23.5 43 290   M    M   0        57 300
 5  66  34  50 -10  15   0 0.00  0.0    0  7.3 13 340   M    M   0        16 350
 6  79  37  58  -2   7   0 0.00  0.0    0  8.0 17 140   M    M   0        25 150
 7  89  39  64   3   1   0 0.00  0.0    0  8.0 23 180   M    M   0        29 170
 8  92  43  68   7   0   3 0.00  0.0    0 11.7 29 250   M    M   0        45 240
 9  87  51  69   8   0   4 0.00  0.0    0 14.6 37 270   M    M   0        45 280
10  81  56  69   7   0   4 0.00  0.0    0  9.8 21 330   M    M   0        25 350
11  80  52  66   4   0   1 0.00  0.0    0  8.3 18 120   M    M   4        24 130
12  70  53  62   0   3   0 0.00  0.0    0 12.7 30 350   M    M   8 13     34 350
13  78  53  66   4   0   1 0.00  0.0    0  7.8 18 140   M    M   5        25 160
14  85  56  71   8   0   6 0.00  0.0    0 10.5 25 140   M    M   2 1      31 140
15  89  51  70   7   0   5 0.00  0.0    0  6.5 17 140   M    M   1 12     27 100
16  92  50  71   8   0   6 0.00  0.0    0  9.0 25 150   M    M   1 1      32 140
17  88  54  71   7   0   6 0.00  0.0    0  8.6 18 120   M    M   1        23 110
18  94  52  73   9   0   8 0.00  0.0    0  7.6 17 270   M    M   0        21 230
19  95  51  73   9   0   8 0.00  0.0    0 10.6 25 270   M    M   0        29 270
20  85  54  70   6   0   5 0.00  0.0    0  9.8 30 330   M    M   0        35 340
21  95  51  73   8   0   8 0.00  0.0    0 10.8 28 260   M    M   0        33 260
22  68  51  60  -5   5   0 0.00  0.0    0 11.5 25  20   M    M   6        30  10
23  76  41  59  -6   6   0 0.00  0.0    0 11.5 25 160   M    M   0        32 170
24  95  50  73   7   0   8 0.00  0.0    0 15.6 38 260   M    M   0        46 260
================================================================================
SM 1983 1168        56  77  0.02     0.0 266.8          M       36
================================================================================
AV 82.6 48.7                              11.1 FASTST   M    M   2    MAX(MPH)
                                 MISC ---->  # 43 290               # 57  300
================================================================================
NOTES:
# LAST OF SEVERAL OCCURRENCES

COLUMN 17 PEAK WIND IN M.P.H.

PRELIMINARY LOCAL CLIMATOLOGICAL DATA (WS FORM: F-6) , PAGE 2

                                          STATION:  Carlsbad
                                          MONTH:    APRIL
                                          YEAR:     2017
                                          LATITUDE:   32 20 N
                                          LONGITUDE: 104 15 W

[TEMPERATURE DATA]      [PRECIPITATION DATA]       SYMBOLS USED IN COLUMN 16

AVERAGE MONTHLY: 65.7   TOTAL FOR MONTH:   0.02    1 = FOG OR MIST
DPTR FM NORMAL:   3.4   DPTR FM NORMAL:   -0.41    2 = FOG REDUCING VISIBILITY
HIGHEST:    95 ON 24,21 GRTST 24HR  0.02 ON  2- 2      TO 1/4 MILE OR LESS
LOWEST:     34 ON  5                               3 = THUNDER
                        SNOW, ICE PELLETS, HAIL    4 = ICE PELLETS
                        TOTAL MONTH:   0.0 INCH    5 = HAIL
                        GRTST 24HR     0.0         6 = FREEZING RAIN OR DRIZZLE
                        GRTST DEPTH:   0           7 = DUSTSTORM OR SANDSTORM:
                                                       VSBY 1/2 MILE OR LESS
                                                   8 = SMOKE OR HAZE
[NO. OF DAYS WITH]      [WEATHER - DAYS WITH]      9 = BLOWING SNOW
                                                   X = TORNADO
MAX 32 OR BELOW:   0    0.01 INCH OR MORE:   1
MAX 90 OR ABOVE:   6    0.10 INCH OR MORE:   0
MIN 32 OR BELOW:   0    0.50 INCH OR MORE:   0
MIN  0 OR BELOW:   0    1.00 INCH OR MORE:   0

[HDD (BASE 65) ]
TOTAL THIS MO.    56    CLEAR  (SCALE 0-3)  18
DPTR FM NORMAL   -53    PTCLDY (SCALE 4-7)   6
TOTAL FM JUL 1  2001    CLOUDY (SCALE 8-10)  0
DPTR FM NORMAL  -792

[CDD (BASE 65) ]
TOTAL THIS MO.    77
DPTR FM NORMAL    33    [PRESSURE DATA]
TOTAL FM JAN 1   116    HIGHEST SLP M ON M
DPTR FM NORMAL    62    LOWEST  SLP 29.48 ON 24

[REMARKS]
