000
CXUS56 KSGX 161445
CF6CNO
PRELIMINARY LOCAL CLIMATOLOGICAL DATA (WS FORM: F-6)

                                          STATION:   CHINO AIRPORT CA
                                          MONTH:     AUGUST
                                          YEAR:      2017
                                          LATITUDE:   33 58 N
                                          LONGITUDE: 117 38 W

  TEMPERATURE IN F:       :PCPN:    SNOW:  WIND      :SUNSHINE: SKY     :PK WND
================================================================================
1   2   3   4   5  6A  6B    7    8   9   10  11  12  13   14  15   16   17  18
                                     12Z  AVG MX 2MIN
DY MAX MIN AVG DEP HDD CDD  WTR  SNW DPTH SPD SPD DIR MIN PSBL S-S WX    SPD DR
================================================================================

 1 107  71  89  12   0  24 0.03  0.0    0  6.5 31 160   M    M   4 138    42 180
 2 100  74  87  10   0  22 0.00  0.0    0  3.8 14 240   M    M   5 8      18 240
 3 103  73  88  11   0  23 0.00  0.0    0  7.9 21 250   M    M   4 8      32 210
 4  98  70  84   7   0  19 0.00  0.0    0  7.1 20 250   M    M   2 8      23 260
 5  94  66  80   3   0  15 0.00  0.0    0  6.9 18 270   M    M   1 8      22 250
 6  93  65  79   2   0  14 0.00  0.0    0  6.6 17 240   M    M   1 18     21 250
 7  94  65  80   3   0  15 0.00  0.0    0  6.3 16 240   M    M   1 18     21 270
 8 101  65  83   6   0  18 0.00  0.0    0  5.9 17 250   M    M   0 18     29 200
 9  97  63  80   3   0  15 0.00  0.0    0  5.9 16 280   M    M   0 18     20 250
10  99  64  82   5   0  17 0.00  0.0    0  6.2 18 240   M    M   0 18     23 230
11 100  66  83   6   0  18 0.00  0.0    0  7.1 20 270   M    M   1 18     25 250
12  99  64  82   5   0  17 0.00  0.0    0  7.1 20 260   M    M   1 18     33 260
13  98  62  80   3   0  15 0.00  0.0    0  7.1 20 270   M    M   2 18     27 210
14  92  64  78   1   0  13 0.00  0.0    0  7.5 20 250   M    M   2 18     24 260
15  83  63  73  -4   0   8 0.00  0.0    0  7.0 18 250   M    M   6        23 260
================================================================================
SM 1458  995         0 253  0.03     0.0  98.9          M       30
================================================================================
AV 97.2 66.3                               6.6 FASTST   M    M   2    MAX(MPH)
                                 MISC ---->  # 31 160               # 42  180
================================================================================
NOTES:
# LAST OF SEVERAL OCCURRENCES

COLUMN 17 PEAK WIND IN M.P.H.

PRELIMINARY LOCAL CLIMATOLOGICAL DATA (WS FORM: F-6) , PAGE 2

                                          STATION:  CHINO AIRPORT CA
                                          MONTH:    AUGUST
                                          YEAR:     2017
                                          LATITUDE:   33 58 N
                                          LONGITUDE: 117 38 W

[TEMPERATURE DATA]      [PRECIPITATION DATA]       SYMBOLS USED IN COLUMN 16

AVERAGE MONTHLY: 81.8   TOTAL FOR MONTH:   0.03    1 = FOG OR MIST
DPTR FM NORMAL:   4.8   DPTR FM NORMAL:   -0.04    2 = FOG REDUCING VISIBILITY
HIGHEST:   107 ON  1    GRTST 24HR  0.03 ON  1- 1      TO 1/4 MILE OR LESS
LOWEST:     62 ON 13                               3 = THUNDER
                        SNOW, ICE PELLETS, HAIL    4 = ICE PELLETS
                        TOTAL MONTH:   0.0 INCH    5 = HAIL
                        GRTST 24HR     0.0         6 = FREEZING RAIN OR DRIZZLE
                        GRTST DEPTH:   0           7 = DUSTSTORM OR SANDSTORM:
                                                       VSBY 1/2 MILE OR LESS
                                                   8 = SMOKE OR HAZE
[NO. OF DAYS WITH]      [WEATHER - DAYS WITH]      9 = BLOWING SNOW
                                                   X = TORNADO
MAX 32 OR BELOW:   0    0.01 INCH OR MORE:   1
MAX 90 OR ABOVE:  14    0.10 INCH OR MORE:   0
MIN 32 OR BELOW:   0    0.50 INCH OR MORE:   0
MIN  0 OR BELOW:   0    1.00 INCH OR MORE:   0

[HDD (BASE 65) ]
TOTAL THIS MO.     0    CLEAR  (SCALE 0-3)  11
DPTR FM NORMAL     0    PTCLDY (SCALE 4-7)   4
TOTAL FM JUL 1     0    CLOUDY (SCALE 8-10)  0
DPTR FM NORMAL     0

[CDD (BASE 65) ]
TOTAL THIS MO.   253
DPTR FM NORMAL    73    [PRESSURE DATA]
TOTAL FM JAN 1  1314    HIGHEST SLP M ON M
DPTR FM NORMAL   523    LOWEST  SLP 29.74 ON 11

[REMARKS]
