000
CXUS53 KICT 260800
CF6CNU
PRELIMINARY LOCAL CLIMATOLOGICAL DATA (WS FORM: F-6)

                                          STATION:   CHANUTE KS
                                          MONTH:     MARCH
                                          YEAR:      2015
                                          LATITUDE:   37 40 N
                                          LONGITUDE:  95 29 W

  TEMPERATURE IN F:       :PCPN:    SNOW:  WIND      :SUNSHINE: SKY     :PK WND
================================================================================
1   2   3   4   5  6A  6B    7    8   9   10  11  12  13   14  15   16   17  18
                                     12Z  AVG MX 2MIN
DY MAX MIN AVG DEP HDD CDD  WTR  SNW DPTH SPD SPD DIR MIN PSBL S-S WX    SPD DR
================================================================================

 1  34  17  26 -16  39   0    T    M    M  3.0 10 340   M    M   7 1      13 360
 2  38  16  27 -15  38   0 0.00    M    M  8.6 18 100   M    M   4 1      22 110
 3  50  34  42  -1  23   0    T    M    M 13.9 28 200   M    M  10 1      33 200
 4  34  20  27 -16  38   0    T    M    M 13.2 26 360   M    M   7 1      35 360
 5  40  14  27 -17  38   0 0.00    M    M  5.6 12 170   M    M   0        14  30
 6  59  25  42  -2  23   0 0.00    M    M 13.3 22 220   M    M   0        29 210
 7  70  33  52   8  13   0 0.00    M    M 10.2 17 200   M    M   0        22 200
 8  66  37  52   8  13   0 0.00    M    M  9.8 16 200   M    M   2        20 180
 9  58  31  45   0  20   0 0.01    M    M  6.8 14 220   M    M   3 1      17 210
10  71  39  55  10  10   0 0.00    M    M  5.1 10 340   M    M   3 128    15 320
11  77  37  57  11   8   0 0.00    M    M  5.5 15 150   M    M   0 1      19 210
12  73  36  55   9  10   0 0.00    M    M  7.2 18 110   M    M   0        22 130
13  65  51  58  12   7   0    T    M    M  7.6 17  40   M    M   7        23  60
14  65  33  49   3  16   0 0.00    M    M  9.6 18  40   M    M   0        24  10
15  74  28  51   4  14   0 0.00    M    M  7.3 17 200   M    M   0        20 190
16  82  46  64  17   1   0 0.00    M    M 13.4 26 200   M    M   0        34 190
17  61  46  54   6  11   0 0.00    M    M 13.3 24  30   M    M   0        32  40
18  50  41  46  -2  19   0 0.10    M    M  9.4 17  60   M    M  10 1      23  80
19  46  39  43  -5  22   0 0.04    M    M  4.7 10  10   M    M  10 1      12  10
20  66  31  49   1  16   0 0.00    M    M  5.6 13 190   M    M   2 12     15 230
21  72  38  55   6  10   0 0.00    M    M  4.5 12 180   M    M   0 1      14 180
22  72  40  56   7   9   0 0.00    M    M  6.2 13 180   M    M   1 8      22 200
23  70  47  59  10   6   0 0.00    M    M  6.8 16  90   M    M   3 8      22  70
24  72  47  60  10   5   0 0.26    M    M 12.0 24 130   M    M   5 13     30 300
25  71  38  55   5  10   0 0.13    M    M 12.6 29  20   M    M   5 138    38  30
================================================================================
SM 1536  864       419   0  0.54    M    215.2          M       79
================================================================================
AV 61.4 34.6                               8.6 FASTST   M    M   3    MAX(MPH)
                                 MISC ---->  # 29  20               # 38   30
================================================================================
NOTES:
# LAST OF SEVERAL OCCURRENCES

COLUMN 17 PEAK WIND IN M.P.H.

PRELIMINARY LOCAL CLIMATOLOGICAL DATA (WS FORM: F-6) , PAGE 2

                                          STATION:  CHANUTE KS
                                          MONTH:    MARCH
                                          YEAR:     2015
                                          LATITUDE:   37 40 N
                                          LONGITUDE:  95 29 W

[TEMPERATURE DATA]      [PRECIPITATION DATA]       SYMBOLS USED IN COLUMN 16

AVERAGE MONTHLY: 48.0   TOTAL FOR MONTH:   0.54    1 = FOG OR MIST
DPTR FM NORMAL:   1.9   DPTR FM NORMAL:   -1.84    2 = FOG REDUCING VISIBILITY
HIGHEST:    82 ON 16    GRTST 24HR  0.26 ON 24-24      TO 1/4 MILE OR LESS
LOWEST:     14 ON  5                               3 = THUNDER
                        SNOW, ICE PELLETS, HAIL    4 = ICE PELLETS
                        TOTAL MONTH:    M          5 = HAIL
                        GRTST 24HR    M  ON   M    6 = FREEZING RAIN OR DRIZZLE
                        GRTST DEPTH:  M  ON   M    7 = DUSTSTORM OR SANDSTORM:
                                                       VSBY 1/2 MILE OR LESS
                                                   8 = SMOKE OR HAZE
[NO. OF DAYS WITH]      [WEATHER - DAYS WITH]      9 = BLOWING SNOW
                                                   X = TORNADO
MAX 32 OR BELOW:   0    0.01 INCH OR MORE:   5
MAX 90 OR ABOVE:   0    0.10 INCH OR MORE:   3
MIN 32 OR BELOW:   8    0.50 INCH OR MORE:   0
MIN  0 OR BELOW:   0    1.00 INCH OR MORE:   0

[HDD (BASE 65) ]
TOTAL THIS MO.   419    CLEAR  (SCALE 0-3)  15
DPTR FM NORMAL   -55    PTCLDY (SCALE 4-7)   7
TOTAL FM JUL 1  4109    CLOUDY (SCALE 8-10)  3
DPTR FM NORMAL    63

[CDD (BASE 65) ]
TOTAL THIS MO.     0
DPTR FM NORMAL     0    [PRESSURE DATA]
TOTAL FM JAN 1     0    HIGHEST SLP M ON M
DPTR FM NORMAL     0    LOWEST  SLP 29.73 ON 24

[REMARKS]
