000
CXUS55 KGJT 311000
CF6CNY
PRELIMINARY LOCAL CLIMATOLOGICAL DATA (WS FORM: F-6)

                                          STATION:   CANYONLANDS AIRPORT UT
                                          MONTH:     AUGUST
                                          YEAR:      2015
                                          LATITUDE:   38 46 N
                                          LONGITUDE: 109 45 W

  TEMPERATURE IN F:       :PCPN:    SNOW:  WIND      :SUNSHINE: SKY     :PK WND
================================================================================
1   2   3   4   5  6A  6B    7    8   9   10  11  12  13   14  15   16   17  18
                                     12Z  AVG MX 2MIN
DY MAX MIN AVG DEP HDD CDD  WTR  SNW DPTH SPD SPD DIR MIN PSBL S-S WX    SPD DR
================================================================================

 1  93  67  80   0   0  15 0.00    M    M  8.7 18 170   M    M   1        24 180
 2  79  62  71  -9   0   6 0.43    M    M  8.5 21 300   M    M   4 1      25 300
 3  87  62  75  -5   0  10 0.31    M    M  6.5 43 270   M    M   4 3      53 270
 4  93  57  75  -5   0  10 0.00    M    M  3.2  9 240   M    M   0        13 250
 5  98  64  81   1   0  16 0.00    M    M  8.7 25 220   M    M   0        36 220
 6  94  67  81   1   0  16 0.00    M    M  3.8 15 250   M    M   0        18 250
 7  79  62  71  -8   0   6    T    M    M  7.3 25 240   M    M   4        29 230
 8  89  55  72  -7   0   7 0.00    M    M  5.8 20 210   M    M   1        25 200
 9  90  57  74  -5   0   9 0.00    M    M  3.1 14 280   M    M   0        18 270
10  97  55  76  -3   0  11 0.00    M    M  5.4 25 180   M    M   0        32 180
11  83  68  76  -2   0  11 0.05    M    M  6.9 22 190   M    M   6        26 190
12  88  63  76  -2   0  11    T    M    M  5.3 17 260   M    M   4        21 260
13  94  60  77  -1   0  12 0.00    M    M  3.2 13 260   M    M   1        16 260
14 100  64  82   4   0  17 0.00    M    M  5.5 16 290   M    M   0        20 250
15 101  69  85   7   0  20 0.00    M    M  7.6 32 260   M    M   0 3      40 250
16 101  69  85   8   0  20 0.00    M    M  5.2 16 290   M    M   0        20 280
17  99  68  84   7   0  19 0.00    M    M  8.6 26 290   M    M   0        32 290
18  94  55  75  -2   0  10 0.00    M    M 10.0 22 320   M    M   0        30 230
19  88  61  75  -1   0  10 0.00    M    M  4.7 17  60   M    M   0        22  60
20  93  53  73  -3   0   8 0.00    M    M  3.0 15 270   M    M   0 8      19 260
21  98  57  78   2   0  13 0.02    M    M  5.4 38 260   M    M   0 3      49 270
22  96  60  78   2   0  13 0.00    M    M  6.7 25 260   M    M   0        30 260
23  94  64  79   4   0  14 0.00    M    M  4.5 15 280   M    M   0        18 280
24  98  59  79   4   0  14 0.00    M    M  2.7 10 120   M    M   0        14 130
25  99  60  80   5   0  15 0.00    M    M  7.0 26 140   M    M   0 8      32 160
26  79  65  72  -2   0   7 0.12    M    M  6.2 24 270   M    M   5 1      32 260
27  89  61  75   1   0  10    T    M    M  4.9 16 280   M    M   3 13     20 290
28  93  63  78   4   0  13 0.00    M    M  5.8 22  60   M    M   0        26  50
29  95  64  80   7   0  15 0.00    M    M  4.2 14 300   M    M   0        17 300
30  96  62  79   6   0  14 0.26    M    M  6.9 37 280   M    M   2 3      43 280
================================================================================
SM 2777 1853         0 372  1.19    M    175.3          M       35
================================================================================
AV 92.6 61.8                               5.8 FASTST   M    M   1    MAX(MPH)
                                 MISC ---->  # 43 270               # 53  270
================================================================================
NOTES:
# LAST OF SEVERAL OCCURRENCES

COLUMN 17 PEAK WIND IN M.P.H.

PRELIMINARY LOCAL CLIMATOLOGICAL DATA (WS FORM: F-6) , PAGE 2

                                          STATION:  CANYONLANDS AIRPORT UT
                                          MONTH:    AUGUST
                                          YEAR:     2015
                                          LATITUDE:   38 46 N
                                          LONGITUDE: 109 45 W

[TEMPERATURE DATA]      [PRECIPITATION DATA]       SYMBOLS USED IN COLUMN 16

AVERAGE MONTHLY: 77.2   TOTAL FOR MONTH:   1.19    1 = FOG OR MIST
DPTR FM NORMAL:   0.0   DPTR FM NORMAL:    0.38    2 = FOG REDUCING VISIBILITY
HIGHEST:   101 ON 16,15 GRTST 24HR  0.59 ON  2- 3      TO 1/4 MILE OR LESS
LOWEST:     53 ON 20                               3 = THUNDER
                        SNOW, ICE PELLETS, HAIL    4 = ICE PELLETS
                        TOTAL MONTH:    M          5 = HAIL
                        GRTST 24HR    M  ON   M    6 = FREEZING RAIN OR DRIZZLE
                        GRTST DEPTH:  M  ON   M    7 = DUSTSTORM OR SANDSTORM:
                                                       VSBY 1/2 MILE OR LESS
                                                   8 = SMOKE OR HAZE
[NO. OF DAYS WITH]      [WEATHER - DAYS WITH]      9 = BLOWING SNOW
                                                   X = TORNADO
MAX 32 OR BELOW:   0    0.01 INCH OR MORE:   6
MAX 90 OR ABOVE:  21    0.10 INCH OR MORE:   4
MIN 32 OR BELOW:   0    0.50 INCH OR MORE:   0
MIN  0 OR BELOW:   0    1.00 INCH OR MORE:   0

[HDD (BASE 65) ]
TOTAL THIS MO.     0    CLEAR  (SCALE 0-3)  23
DPTR FM NORMAL     0    PTCLDY (SCALE 4-7)   7
TOTAL FM JUL 1     0    CLOUDY (SCALE 8-10)  0
DPTR FM NORMAL     0

[CDD (BASE 65) ]
TOTAL THIS MO.   372
DPTR FM NORMAL     8    [PRESSURE DATA]
TOTAL FM JAN 1  1175    HIGHEST SLP M ON M
DPTR FM NORMAL    18    LOWEST  SLP 29.71 ON 18

[REMARKS]
