000
CXUS55 KGJT 211000
CF6CNY
PRELIMINARY LOCAL CLIMATOLOGICAL DATA (WS FORM: F-6)

                                          STATION:   CANYONLANDS AIRPORT UT
                                          MONTH:     JANUARY
                                          YEAR:      2017
                                          LATITUDE:   38 46 N
                                          LONGITUDE: 109 45 W

  TEMPERATURE IN F:       :PCPN:    SNOW:  WIND      :SUNSHINE: SKY     :PK WND
================================================================================
1   2   3   4   5  6A  6B    7    8   9   10  11  12  13   14  15   16   17  18
                                     12Z  AVG MX 2MIN
DY MAX MIN AVG DEP HDD CDD  WTR  SNW DPTH SPD SPD DIR MIN PSBL S-S WX    SPD DR
================================================================================

 1  35  20  28   3  37   0    T    M    M  2.0 13 330   M    M   7 12     14 330
 2  47  17  32   7  33   0 0.00    M    M  7.4 23 210   M    M   1 12     27 200
 3  45  28  37  12  28   0 0.00    M    M  3.1  9 220   M    M   1        11 220
 4  45  30  38  13  27   0 0.00    M    M  5.0 21 200   M    M   7        24 200
 5  43  17  30   5  35   0 0.16    M    M 13.6 35  60   M    M   8 12     41  60
 6  21  -3   9 -16  56   0 0.00    M    M  3.8 10 320   M    M   1        12 160
 7  18   1  10 -15  55   0 0.00    M    M  5.5 13 320   M    M   4        13 320
 8  23  15  19  -6  46   0 0.08    M    M  2.7  7 330   M    M   9 1       8 320
 9  35  20  28   3  37   0 0.03    M    M  5.5 40 290   M    M   7 16     48 290
10  45  20  33   7  32   0 0.00    M    M  3.3 15 320   M    M   4 1      16 320
11  52  34  43  17  22   0 0.05    M    M 11.3 33 230   M    M   7 3      43 260
12  43  32  38  12  27   0 0.08    M    M  4.3 12 300   M    M   8 1      16 200
13  44  35  40  14  25   0 0.02    M    M  3.9 10 100   M    M  10 1      12 110
14  46  33  40  14  25   0 0.00    M    M  3.7 12 320   M    M   7 1      12 310
15  40  34  37  11  28   0    T    M    M  5.3 13 310   M    M   9        15 310
16  46  31  39  12  26   0 0.00    M    M  4.1 16  70   M    M   3        19  90
17  42  25  34   7  31   0 0.00    M    M  2.9  9 340   M    M   0        13 310
18  41  25  33   6  32   0 0.00    M    M  3.8  9 320   M    M   0        12 330
19  36  25  31   4  34   0 0.04    M    M  3.0 10 330   M    M   8 1      12 320
20  36  30  33   5  32   0 0.04    M    M  5.8 13 130   M    M   9 1      15 130
================================================================================
SM  783  469       668   0  0.50    M    100.0          M      110
================================================================================
AV 39.2 23.5                               5.0 FASTST   M    M   6    MAX(MPH)
                                 MISC ---->  # 40 290               # 48  290
================================================================================
NOTES:
# LAST OF SEVERAL OCCURRENCES

COLUMN 17 PEAK WIND IN M.P.H.

PRELIMINARY LOCAL CLIMATOLOGICAL DATA (WS FORM: F-6) , PAGE 2

                                          STATION:  CANYONLANDS AIRPORT UT
                                          MONTH:    JANUARY
                                          YEAR:     2017
                                          LATITUDE:   38 46 N
                                          LONGITUDE: 109 45 W

[TEMPERATURE DATA]      [PRECIPITATION DATA]       SYMBOLS USED IN COLUMN 16

AVERAGE MONTHLY: 31.3   TOTAL FOR MONTH:   0.50    1 = FOG OR MIST
DPTR FM NORMAL:   5.5   DPTR FM NORMAL:    0.05    2 = FOG REDUCING VISIBILITY
HIGHEST:    52 ON 11    GRTST 24HR  0.16 ON  5- 5      TO 1/4 MILE OR LESS
LOWEST:     -3 ON  6                               3 = THUNDER
                        SNOW, ICE PELLETS, HAIL    4 = ICE PELLETS
                        TOTAL MONTH:    M          5 = HAIL
                        GRTST 24HR    M  ON   M    6 = FREEZING RAIN OR DRIZZLE
                        GRTST DEPTH:  M  ON   M    7 = DUSTSTORM OR SANDSTORM:
                                                       VSBY 1/2 MILE OR LESS
                                                   8 = SMOKE OR HAZE
[NO. OF DAYS WITH]      [WEATHER - DAYS WITH]      9 = BLOWING SNOW
                                                   X = TORNADO
MAX 32 OR BELOW:   3    0.01 INCH OR MORE:   8
MAX 90 OR ABOVE:   0    0.10 INCH OR MORE:   1
MIN 32 OR BELOW:  16    0.50 INCH OR MORE:   0
MIN  0 OR BELOW:   1    1.00 INCH OR MORE:   0

[HDD (BASE 65) ]
TOTAL THIS MO.   668    CLEAR  (SCALE 0-3)   6
DPTR FM NORMAL  -115    PTCLDY (SCALE 4-7)   9
TOTAL FM JUL 1  2489    CLOUDY (SCALE 8-10)  5
DPTR FM NORMAL  -691

[CDD (BASE 65) ]
TOTAL THIS MO.     0
DPTR FM NORMAL     0    [PRESSURE DATA]
TOTAL FM JAN 1     0    HIGHEST SLP M ON M
DPTR FM NORMAL     0    LOWEST  SLP 29.40 ON M

[REMARKS]
