000
CXUS55 KGJT 281000
CF6CNY
PRELIMINARY LOCAL CLIMATOLOGICAL DATA (WS FORM: F-6)

                                          STATION:   CANYONLANDS AIRPORT UT
                                          MONTH:     JANUARY
                                          YEAR:      2015
                                          LATITUDE:   38 46 N
                                          LONGITUDE: 109 45 W

  TEMPERATURE IN F:       :PCPN:    SNOW:  WIND      :SUNSHINE: SKY     :PK WND
================================================================================
1   2   3   4   5  6A  6B    7    8   9   10  11  12  13   14  15   16   17  18
                                     12Z  AVG MX 2MIN
DY MAX MIN AVG DEP HDD CDD  WTR  SNW DPTH SPD SPD DIR MIN PSBL S-S WX    SPD DR
================================================================================

 1  30   5  18  -7  47   0 0.00    M    M  1.9 10 310   M    M   4        11 310
 2  23   2  13 -12  52   0 0.00    M    M  3.7 13 320   M    M   0        13 320
 3  29   2  16  -9  49   0 0.00    M    M  3.0 10 340   M    M   1        12 320
 4  32   4  18  -7  47   0 0.00    M    M  3.5 14 330   M    M   1        16 330
 5  29   6  18  -7  47   0 0.00    M    M  2.7 12 330   M    M   0        12 330
 6  35  10  23  -2  42   0 0.00    M    M  2.5  9 330   M    M   0        10 330
 7  36  14  25   0  40   0 0.00    M    M  2.9 12 330   M    M   0        12 330
 8  37  15  26   1  39   0 0.00    M    M  2.6 10 330   M    M   0 1      12 320
 9  39  16  28   3  37   0 0.00    M    M  2.7 10 330   M    M   0 1      12 330
10  37  21  29   3  36   0 0.00    M    M  2.2 12 330   M    M   6 1      13 330
11  37  32  35   9  30   0 0.06    M    M  2.2  9 330   M    M  10 1      10 340
12  40  34  37  11  28   0 0.02    M    M  2.4  8 120   M    M  10 1      10 110
13  40  32  36  10  29   0 0.06    M    M  4.6 10 310   M    M  10 1      12 310
14  46  26  36  10  29   0 0.00    M    M  1.4  8 320   M    M   3 12      9 320
15  44  29  37  11  28   0 0.00    M    M  2.7 10  90   M    M   0        13  90
16  43  26  35   8  30   0 0.00    M    M  3.2 14 330   M    M   1        16 340
17  47  25  36   9  29   0 0.00    M    M  1.5  9 310   M    M   0        10 310
18  47  26  37  10  28   0 0.00    M    M  2.0  8 320   M    M   0        10 320
19  40  26  33   6  32   0 0.00    M    M  1.9 10 310   M    M   1        12 330
20  45  23  34   6  31   0 0.00    M    M  2.4 10 320   M    M   0 1      12 320
21  45  25  35   7  30   0 0.00    M    M  6.7 30  40   M    M   1        36  30
22  38  17  28   0  37   0 0.00    M    M  2.9 12 310   M    M   0        14 310
23  41  20  31   3  34   0 0.00    M    M  2.3  8 290   M    M   0        10 320
24  44  18  31   2  34   0 0.00    M    M  1.6 10 330   M    M   0        12  70
25  48  20  34   5  31   0 0.00    M    M  2.3 13 320   M    M   0        14 320
26  52  21  37   8  28   0 0.00    M    M  3.6 12  40   M    M   0        16  50
27  53  25  39  10  26   0    T    M    M  1.7 10 310   M    M   4        11 340
================================================================================
SM 1077  520       950   0  0.14    M     73.1          M       52
================================================================================
AV 39.9 19.3                               2.7 FASTST   M    M   2    MAX(MPH)
                                 MISC ---->  # 30  40               # 36   30
================================================================================
NOTES:
# LAST OF SEVERAL OCCURRENCES

COLUMN 17 PEAK WIND IN M.P.H.

PRELIMINARY LOCAL CLIMATOLOGICAL DATA (WS FORM: F-6) , PAGE 2

                                          STATION:  CANYONLANDS AIRPORT UT
                                          MONTH:    JANUARY
                                          YEAR:     2015
                                          LATITUDE:   38 46 N
                                          LONGITUDE: 109 45 W

[TEMPERATURE DATA]      [PRECIPITATION DATA]       SYMBOLS USED IN COLUMN 16

AVERAGE MONTHLY: 29.6   TOTAL FOR MONTH:   0.14    1 = FOG OR MIST
DPTR FM NORMAL:   3.0   DPTR FM NORMAL:   -0.43    2 = FOG REDUCING VISIBILITY
HIGHEST:    53 ON 27    GRTST 24HR  0.08 ON 12-13      TO 1/4 MILE OR LESS
LOWEST:      2 ON  3, 2                            3 = THUNDER
                        SNOW, ICE PELLETS, HAIL    4 = ICE PELLETS
                        TOTAL MONTH:    M          5 = HAIL
                        GRTST 24HR    M  ON   M    6 = FREEZING RAIN OR DRIZZLE
                        GRTST DEPTH:  M  ON   M    7 = DUSTSTORM OR SANDSTORM:
                                                       VSBY 1/2 MILE OR LESS
                                                   8 = SMOKE OR HAZE
[NO. OF DAYS WITH]      [WEATHER - DAYS WITH]      9 = BLOWING SNOW
                                                   X = TORNADO
MAX 32 OR BELOW:   5    0.01 INCH OR MORE:   3
MAX 90 OR ABOVE:   0    0.10 INCH OR MORE:   0
MIN 32 OR BELOW:  26    0.50 INCH OR MORE:   0
MIN  0 OR BELOW:   0    1.00 INCH OR MORE:   0

[HDD (BASE 65) ]
TOTAL THIS MO.   950    CLEAR  (SCALE 0-3)  21
DPTR FM NORMAL   -88    PTCLDY (SCALE 4-7)   3
TOTAL FM JUL 1  2944    CLOUDY (SCALE 8-10)  3
DPTR FM NORMAL  -491

[CDD (BASE 65) ]
TOTAL THIS MO.     0
DPTR FM NORMAL     0    [PRESSURE DATA]
TOTAL FM JAN 1     0    HIGHEST SLP M ON M
DPTR FM NORMAL     0    LOWEST  SLP 29.92 ON M

[REMARKS]
