000
CXUS55 KGJT 251000
CF6CNY
PRELIMINARY LOCAL CLIMATOLOGICAL DATA (WS FORM: F-6)

                                          STATION:   CANYONLANDS AIRPORT UT
                                          MONTH:     JUNE
                                          YEAR:      2017
                                          LATITUDE:   38 46 N
                                          LONGITUDE: 109 45 W

  TEMPERATURE IN F:       :PCPN:    SNOW:  WIND      :SUNSHINE: SKY     :PK WND
================================================================================
1   2   3   4   5  6A  6B    7    8   9   10  11  12  13   14  15   16   17  18
                                     12Z  AVG MX 2MIN
DY MAX MIN AVG DEP HDD CDD  WTR  SNW DPTH SPD SPD DIR MIN PSBL S-S WX    SPD DR
================================================================================

 1  87  65  76   8   0  11    T    M    M  9.7 37 280   M    M   3        44 270
 2  91  56  74   6   0   9 0.00    M    M  5.9 22  50   M    M   1        26  50
 3  93  59  76   7   0  11 0.00    M    M  4.6 13 350   M    M   0        21  90
 4  98  56  77   8   0  12 0.00    M    M  5.8 20 280   M    M   0        24 290
 5  98  60  79  10   0  14 0.00    M    M  6.6 24 260   M    M   0        31 260
 6  98  70  84  14   0  19 0.00    M    M  7.6 18  40   M    M   0        25 240
 7  99  71  85  15   0  20 0.00    M    M  8.2 22 220   M    M   0        31 240
 8  96  63  80  10   0  15 0.00    M    M  9.9 25 240   M    M   0        42 220
 9  96  63  80   9   0  15 0.00    M    M 13.8 32 200   M    M   0        42 200
10  96  67  82  11   0  17 0.00    M    M 17.0 31 220   M    M   0        39 190
11  93  72  83  12   0  18 0.00    M    M 16.5 33 220   M    M   0        41 180
12  86  54  70  -2   0   5 0.00    M    M 20.7 46 240   M    M   0        58 250
13  82  50  66  -6   0   1 0.00    M    M  9.7 24 250   M    M   0        30 260
14  90  56  73   1   0   8 0.00    M    M  5.5 18 280   M    M   0        24 280
15  95  54  75   2   0  10 0.00    M    M  5.8 20 270   M    M   0        27 230
16  98  57  78   5   0  13 0.00    M    M  6.1 18 260   M    M   0        24 250
17 100  59  80   6   0  15 0.00    M    M  9.1 28 310   M    M   0        33 310
18  98  60  79   5   0  14 0.00    M    M  7.4 22 310   M    M   0        28 300
19  99  69  84  10   0  19 0.00    M    M  8.5 22  50   M    M   0        27  40
20 105  63  84  10   0  19 0.00    M    M  6.2 40 270   M    M   0        46 270
21 106  66  86  11   0  21 0.00    M    M  5.7 38 310   M    M   0        47 310
22 104  68  86  11   0  21 0.00    M    M  8.9 33 340   M    M   0 3      47 330
23  97  59  78   2   0  13 0.00    M    M  6.7 21 300   M    M   0        25 300
24  97  61  79   3   0  14 0.00    M    M  6.5 20  50   M    M   0        24  50
================================================================================
SM 2302 1478         0 334    T     M    212.4          M        4
================================================================================
AV 95.9 61.6                               8.8 FASTST   M    M   0    MAX(MPH)
                                 MISC ---->  # 46 240               # 58  250
================================================================================
NOTES:
# LAST OF SEVERAL OCCURRENCES

COLUMN 17 PEAK WIND IN M.P.H.

PRELIMINARY LOCAL CLIMATOLOGICAL DATA (WS FORM: F-6) , PAGE 2

                                          STATION:  CANYONLANDS AIRPORT UT
                                          MONTH:    JUNE
                                          YEAR:     2017
                                          LATITUDE:   38 46 N
                                          LONGITUDE: 109 45 W

[TEMPERATURE DATA]      [PRECIPITATION DATA]       SYMBOLS USED IN COLUMN 16

AVERAGE MONTHLY: 78.8   TOTAL FOR MONTH:      T    1 = FOG OR MIST
DPTR FM NORMAL:   6.8   DPTR FM NORMAL:   -0.40    2 = FOG REDUCING VISIBILITY
HIGHEST:   106 ON 21    GRTST 24HR    T  ON  1- 1      TO 1/4 MILE OR LESS
LOWEST:     50 ON 13                               3 = THUNDER
                        SNOW, ICE PELLETS, HAIL    4 = ICE PELLETS
                        TOTAL MONTH:    M          5 = HAIL
                        GRTST 24HR    M  ON   M    6 = FREEZING RAIN OR DRIZZLE
                        GRTST DEPTH:  M  ON   M    7 = DUSTSTORM OR SANDSTORM:
                                                       VSBY 1/2 MILE OR LESS
                                                   8 = SMOKE OR HAZE
[NO. OF DAYS WITH]      [WEATHER - DAYS WITH]      9 = BLOWING SNOW
                                                   X = TORNADO
MAX 32 OR BELOW:   0    0.01 INCH OR MORE:   0
MAX 90 OR ABOVE:  21    0.10 INCH OR MORE:   0
MIN 32 OR BELOW:   0    0.50 INCH OR MORE:   0
MIN  0 OR BELOW:   0    1.00 INCH OR MORE:   0

[HDD (BASE 65) ]
TOTAL THIS MO.     0    CLEAR  (SCALE 0-3)  24
DPTR FM NORMAL   -15    PTCLDY (SCALE 4-7)   0
TOTAL FM JUL 1  4334    CLOUDY (SCALE 8-10)  0
DPTR FM NORMAL -1241

[CDD (BASE 65) ]
TOTAL THIS MO.   334
DPTR FM NORMAL   151    [PRESSURE DATA]
TOTAL FM JAN 1   404    HIGHEST SLP M ON M
DPTR FM NORMAL   157    LOWEST  SLP 29.47 ON M

[REMARKS]
