000
CXUS55 KGJT 191000
CF6CNY
PRELIMINARY LOCAL CLIMATOLOGICAL DATA (WS FORM: F-6)

                                          STATION:   CANYONLANDS AIRPORT UT
                                          MONTH:     OCTOBER
                                          YEAR:      2017
                                          LATITUDE:   38 46 N
                                          LONGITUDE: 109 45 W

  TEMPERATURE IN F:       :PCPN:    SNOW:  WIND      :SUNSHINE: SKY     :PK WND
================================================================================
1   2   3   4   5  6A  6B    7    8   9   10  11  12  13   14  15   16   17  18
                                     12Z  AVG MX 2MIN
DY MAX MIN AVG DEP HDD CDD  WTR  SNW DPTH SPD SPD DIR MIN PSBL S-S WX    SPD DR
================================================================================

 1  69  45  57  -3   8   0    T    M    M  7.9 30  50   M    M   4        35  50
 2  52  39  46 -14  19   0 0.31    M    M  5.4 25  70   M    M   9 1      30  70
 3  64  35  50 -10  15   0 0.00    M    M  3.8 13 300   M    M   1        16 320
 4  81  39  60   1   5   0 0.00    M    M  6.1 21 220   M    M   0        25 240
 5  79  42  61   2   4   0 0.00    M    M  8.1 18 300   M    M   0        22 320
 6  68  43  56  -2   9   0 0.00    M    M 11.9 32 300   M    M   0        40 310
 7  74  37  56  -2   9   0 0.00    M    M  2.2 10 330   M    M   0        11 250
 8  82  39  61   4   4   0 0.00    M    M 11.4 40 300   M    M   2        47 310
 9  59  40  50  -7  15   0    T    M    M  8.6 21  70   M    M   5        27  70
10  62  35  49  -7  16   0 0.00    M    M  4.3 12 330   M    M   0        15 350
11  76  36  56   0   9   0 0.00    M    M  3.8 18 210   M    M   0        26 180
12  77  43  60   5   5   0 0.00    M    M  8.3 28 310   M    M   0        35 280
13  75  38  57   2   8   0 0.00    M    M  5.4 16 250   M    M   0 8      22 240
14  60  37  49  -5  16   0 0.00    M    M 11.7 32 310   M    M   0        41 320
15  62  29  46  -8  19   0 0.00    M    M  4.2 13  90   M    M   0        16  90
16  68  28  48  -6  17   0 0.00    M    M  3.1 10 290   M    M   0        12 300
17  71  31  51  -2  14   0 0.00    M    M  1.8  9 310   M    M   0        15 340
18  75  35  55   2  10   0 0.00    M    M  2.0 10 310   M    M   0        11 320
================================================================================
SM 1254  671       202   0  0.31    M    110.0          M       21
================================================================================
AV 69.7 37.3                               6.1 FASTST   M    M   1    MAX(MPH)
                                 MISC ---->  # 40 300               # 47  310
================================================================================
NOTES:
# LAST OF SEVERAL OCCURRENCES

COLUMN 17 PEAK WIND IN M.P.H.

PRELIMINARY LOCAL CLIMATOLOGICAL DATA (WS FORM: F-6) , PAGE 2

                                          STATION:  CANYONLANDS AIRPORT UT
                                          MONTH:    OCTOBER
                                          YEAR:     2017
                                          LATITUDE:   38 46 N
                                          LONGITUDE: 109 45 W

[TEMPERATURE DATA]      [PRECIPITATION DATA]       SYMBOLS USED IN COLUMN 16

AVERAGE MONTHLY: 53.5   TOTAL FOR MONTH:   0.31    1 = FOG OR MIST
DPTR FM NORMAL:  -3.1   DPTR FM NORMAL:   -0.45    2 = FOG REDUCING VISIBILITY
HIGHEST:    82 ON  8    GRTST 24HR  0.31 ON  2- 2      TO 1/4 MILE OR LESS
LOWEST:     28 ON 16                               3 = THUNDER
                        SNOW, ICE PELLETS, HAIL    4 = ICE PELLETS
                        TOTAL MONTH:    M          5 = HAIL
                        GRTST 24HR    M  ON   M    6 = FREEZING RAIN OR DRIZZLE
                        GRTST DEPTH:  M  ON   M    7 = DUSTSTORM OR SANDSTORM:
                                                       VSBY 1/2 MILE OR LESS
                                                   8 = SMOKE OR HAZE
[NO. OF DAYS WITH]      [WEATHER - DAYS WITH]      9 = BLOWING SNOW
                                                   X = TORNADO
MAX 32 OR BELOW:   0    0.01 INCH OR MORE:   1
MAX 90 OR ABOVE:   0    0.10 INCH OR MORE:   1
MIN 32 OR BELOW:   3    0.50 INCH OR MORE:   0
MIN  0 OR BELOW:   0    1.00 INCH OR MORE:   0

[HDD (BASE 65) ]
TOTAL THIS MO.   202    CLEAR  (SCALE 0-3)  15
DPTR FM NORMAL    46    PTCLDY (SCALE 4-7)   2
TOTAL FM JUL 1   287    CLOUDY (SCALE 8-10)  1
DPTR FM NORMAL    73

[CDD (BASE 65) ]
TOTAL THIS MO.     0
DPTR FM NORMAL    -4    [PRESSURE DATA]
TOTAL FM JAN 1  1729    HIGHEST SLP M ON M
DPTR FM NORMAL   441    LOWEST  SLP 29.44 ON  8

[REMARKS]
