000
CXUS55 KRIW 300904
CF6COD
PRELIMINARY LOCAL CLIMATOLOGICAL DATA (WS FORM: F-6)

                                          STATION:   CODY WY
                                          MONTH:     MAY
                                          YEAR:      2015
                                          LATITUDE:   44 31 N
                                          LONGITUDE: 109  1 W

  TEMPERATURE IN F:       :PCPN:    SNOW:  WIND      :SUNSHINE: SKY     :PK WND
================================================================================
1   2   3   4   5  6A  6B    7    8   9   10  11  12  13   14  15   16   17  18
                                     12Z  AVG MX 2MIN
DY MAX MIN AVG DEP HDD CDD  WTR  SNW DPTH SPD SPD DIR MIN PSBL S-S WX    SPD DR
================================================================================

 1  72  37  55   6  10   0    M    M    M  9.4 17 140   M    M   0        25 160
 2  75  43  59   9   6   0    M    M    M  9.3 21 240   M    M   2        32 240
 3  59  41  50   0  15   0 0.01    M    0  9.1 14  10   M    M   4        21  10
 4  68  39  54   4  11   0 0.10    M    M  4.8 10 180   M    M   1 3       M  M
 5  72  45  59   8   6   0 0.03    M    M  7.8 17 220   M    M   3        30 250
 6  52  45  49  -2  16   0 0.00  0.0    M 13.6 21 360   M    M  10        25 360
 7  45  36  41 -10  24   0 0.07    M    M 10.6 15  10   M    M  10        21 340
 8  43  36  40 -12  25   0    M    M    M 10.0 16 360   M    M  10        22 360
 9  39  36  38 -14  27   0    M    M    M 13.8 21 350   M    M  10        28 350
10  46  32  39 -13  26   0    M    M    M 11.2 21 360   M    M   8        30 340
11  59  30  45  -7  20   0    M    M    M  9.3 17 110   M    M   0        23 140
12  61  37  49  -4  16   0    M    M    M  8.9 17 360   M    M   4        22 360
13  61  37  49  -4  16   0    M    M    M  5.9 20 310   M    M   4        25 310
14  61  39  50  -3  15   0    M    M    M  5.6 12 190   M    M   4 3       M  M
15  57  43  50  -4  15   0 1.16    M    M  3.8 10 120   M    M   9 3       M  M
16  57  39  48  -6  17   0 0.05    M    M  9.6 16 200   M    M   6 3      21 360
17  46  37  42 -12  23   0 0.09    M    M 14.7 24  20   M    M  10        31  10
18  46  36  41 -13  24   0    M    M    M  7.0 10 330   M    M  10         M  M
19  48  39  44 -11  21   0 0.31    M    M  8.8 20 360   M    M  10        28 360
20  48  37  43 -12  22   0 0.10    M    M  3.6  8  40   M    M   9         M  M
21  63  36  50  -5  15   0 0.00  0.0    M  4.9 17 220   M    M   4        22 220
22  61  46  54  -1  11   0 0.60  0.0    0  4.4 12 230   M    M   7         M  M
23  52  46  49  -7  16   0 0.34  0.0    0  7.8 16 360   M    M  10        24 360
24  50  45  48  -8  17   0 0.06  0.0    0 10.0 15  10   M    M  10        20 350
25  61  48  55  -1  10   0 0.00  0.0    0  4.0 16 340   M    M   7        23 340
26  66  43  55  -2  10   0 0.20  0.0    0  4.9  9 320   M    M   6 3       M  M
27  64  48  56  -1   9   0    M    M    M  4.4 14  10   M    M   6 3      21  10
28  61  46  54  -3  11   0    M    M    M  7.7 18  10   M    M   7        30  10
29  63  46  55  -2  10   0    M    M    M  5.0 10  40   M    M   7         M  M
================================================================================
SM 1656 1168       464   0  3.12     0.0 229.9          M      188
================================================================================
AV 57.1 40.3                               7.9 FASTST   M    M   6    MAX(MPH)
                                 MISC ---->    24   M                 32    M
================================================================================
NOTES:
# LAST OF SEVERAL OCCURRENCES

COLUMN 17 PEAK WIND IN M.P.H.

PRELIMINARY LOCAL CLIMATOLOGICAL DATA (WS FORM: F-6) , PAGE 2

                                          STATION:  CODY WY
                                          MONTH:    MAY
                                          YEAR:     2015
                                          LATITUDE:   44 31 N
                                          LONGITUDE: 109  1 W

[TEMPERATURE DATA]      [PRECIPITATION DATA]       SYMBOLS USED IN COLUMN 16

AVERAGE MONTHLY: 48.7   TOTAL FOR MONTH:   3.12    1 = FOG OR MIST
DPTR FM NORMAL:  -4.8   DPTR FM NORMAL:    1.43    2 = FOG REDUCING VISIBILITY
HIGHEST:    75 ON  2    GRTST 24HR  1.16 ON 15-15      TO 1/4 MILE OR LESS
LOWEST:     30 ON 11                               3 = THUNDER
                        SNOW, ICE PELLETS, HAIL    4 = ICE PELLETS
                        TOTAL MONTH:   0.0 INCH    5 = HAIL
                        GRTST 24HR     0.0         6 = FREEZING RAIN OR DRIZZLE
                        GRTST DEPTH:   0           7 = DUSTSTORM OR SANDSTORM:
                                                       VSBY 1/2 MILE OR LESS
                                                   8 = SMOKE OR HAZE
[NO. OF DAYS WITH]      [WEATHER - DAYS WITH]      9 = BLOWING SNOW
                                                   X = TORNADO
MAX 32 OR BELOW:   0    0.01 INCH OR MORE:  13
MAX 90 OR ABOVE:   0    0.10 INCH OR MORE:   7
MIN 32 OR BELOW:   2    0.50 INCH OR MORE:   2
MIN  0 OR BELOW:   0    1.00 INCH OR MORE:   1

[HDD (BASE 65) ]
TOTAL THIS MO.   464    CLEAR  (SCALE 0-3)   4
DPTR FM NORMAL     M    PTCLDY (SCALE 4-7)  14
TOTAL FM JUL 1  6439    CLOUDY (SCALE 8-10) 11
DPTR FM NORMAL     M

[CDD (BASE 65) ]
TOTAL THIS MO.     0
DPTR FM NORMAL     0    [PRESSURE DATA]
TOTAL FM JAN 1     0    HIGHEST SLP M ON M
DPTR FM NORMAL     0    LOWEST  SLP M ON M

[REMARKS]
