000
CXUS51 KGYX 221000
CF6CON
PRELIMINARY LOCAL CLIMATOLOGICAL DATA (WS FORM: F-6)

                                          STATION:   CONCORD NH
                                          MONTH:     APRIL
                                          YEAR:      2014
                                          LATITUDE:   43 12 N
                                          LONGITUDE:  71 30 W

  TEMPERATURE IN F:       :PCPN:    SNOW:  WIND      :SUNSHINE: SKY     :PK WND
================================================================================
1   2   3   4   5  6A  6B    7    8   9   10  11  12  13   14  15   16   17  18
                                     12Z  AVG MX 2MIN
DY MAX MIN AVG DEP HDD CDD  WTR  SNW DPTH SPD SPD DIR MIN PSBL S-S WX    SPD DR
================================================================================

 1  55  30  43   4  22   0 0.00  0.0   13  6.6 14 320   M    M   1        17 340
 2  56  24  40   0  25   0 0.00  0.0   12  3.2 12 230   M    M   0        15 220
 3  51  21  36  -4  29   0 0.00  0.0   11  5.6 18 310   M    M   0        24 290
 4  49  24  37  -3  28   0 0.26  0.0   10  5.1 15 150   M    M   4 1      21 110
 5  50  34  42   1  23   0 0.16  0.0    8 10.1 23 280   M    M   9 1      30 270
 6  53  28  41   0  24   0 0.00  0.0    7  8.9 22 310   M    M   3        30 290
 7  59  26  43   1  22   0 0.07  0.0    5  4.9 15 180   M    M   3 1      18 180
 8  61  41  51   9  14   0 0.38  0.0    3  7.3 22 300   M    M   9 1      29 300
 9  52  25  39  -3  26   0 0.00  0.0    2 10.8 23 300   M    M   2 8      32 320
10  63  21  42  -1  23   0 0.00  0.0    1  7.4 21 190   M    M   0        28 230
11  72  43  58  15   7   0    T  0.0    0  6.2 16 290   M    M   7        23 290
12  68  33  51   7  14   0 0.00  0.0    0  4.9 22 290   M    M   1 1      34 300
13  52  37  45   1  20   0 0.05  0.0    0  5.0 14  20   M    M   6 1       M  M
14  79  38  59  15   6   0 0.00  0.0    0 11.0 29 190   M    M   4 12     39 180
15  64  33  49   4  16   0 0.70    T    0 13.7 25 170   M    M  10 1      40 180
16  39  25  32 -13  33   0 0.22  0.2    T 14.2 28 320   M    M   3 1      36 310
17  46  18  32 -14  33   0 0.00  0.0    M  4.4 15 170   M    M   0        22 170
18  47  19  33 -13  32   0 0.00  0.0    0  2.8 13 180   M    M   1        16 170
19  58  27  43  -3  22   0 0.00  0.0    0  7.2 24 310   M    M   2 1      33 310
20  58  22  40  -7  25   0 0.00  0.0    0  4.2 15 160   M    M   0        21 170
21  74  28  51   4  14   0 0.00  0.0    0  5.8 17 180   M    M   0        23 200
================================================================================
SM 1206  597       458   0  1.84     0.2 149.3          M       65
================================================================================
AV 57.4 28.4                               7.1 FASTST   M    M   3    MAX(MPH)
                                 MISC ---->  # 29 190               # 40  180
================================================================================
NOTES:
# LAST OF SEVERAL OCCURRENCES

COLUMN 17 PEAK WIND IN M.P.H.

PRELIMINARY LOCAL CLIMATOLOGICAL DATA (WS FORM: F-6) , PAGE 2

                                          STATION:  CONCORD NH
                                          MONTH:    APRIL
                                          YEAR:     2014
                                          LATITUDE:   43 12 N
                                          LONGITUDE:  71 30 W

[TEMPERATURE DATA]      [PRECIPITATION DATA]       SYMBOLS USED IN COLUMN 16

AVERAGE MONTHLY: 42.9   TOTAL FOR MONTH:   1.84    1 = FOG OR MIST
DPTR FM NORMAL:  -0.3   DPTR FM NORMAL:   -0.55    2 = FOG REDUCING VISIBILITY
HIGHEST:    79 ON 14    GRTST 24HR  0.92 ON 15-16      TO 1/4 MILE OR LESS
LOWEST:     18 ON 17                               3 = THUNDER
                        SNOW, ICE PELLETS, HAIL    4 = ICE PELLETS
                        TOTAL MONTH:   0.2 INCH    5 = HAIL
                        GRTST 24HR   0.2 ON   M    6 = FREEZING RAIN OR DRIZZLE
                        GRTST DEPTH:  13 ON  1     7 = DUSTSTORM OR SANDSTORM:
                                                       VSBY 1/2 MILE OR LESS
                                                   8 = SMOKE OR HAZE
[NO. OF DAYS WITH]      [WEATHER - DAYS WITH]      9 = BLOWING SNOW
                                                   X = TORNADO
MAX 32 OR BELOW:   0    0.01 INCH OR MORE:   7
MAX 90 OR ABOVE:   0    0.10 INCH OR MORE:   5
MIN 32 OR BELOW:  14    0.50 INCH OR MORE:   1
MIN  0 OR BELOW:   0    1.00 INCH OR MORE:   0

[HDD (BASE 65) ]
TOTAL THIS MO.   458    CLEAR  (SCALE 0-3)  14
DPTR FM NORMAL     1    PTCLDY (SCALE 4-7)   4
TOTAL FM JUL 1  7141    CLOUDY (SCALE 8-10)  3
DPTR FM NORMAL   437

[CDD (BASE 65) ]
TOTAL THIS MO.     0
DPTR FM NORMAL     0    [PRESSURE DATA]
TOTAL FM JAN 1     0    HIGHEST SLP M ON M
DPTR FM NORMAL     0    LOWEST  SLP 29.27 ON  8

[REMARKS]
