000
CXUS54 KCRP 281300
CF6COT
PRELIMINARY LOCAL CLIMATOLOGICAL DATA (WS FORM: F-6)

                                          STATION:   COTULLA
                                          MONTH:     JULY
                                          YEAR:      2015
                                          LATITUDE:   28 27 N
                                          LONGITUDE:  99 13 W

  TEMPERATURE IN F:       :PCPN:    SNOW:  WIND      :SUNSHINE: SKY     :PK WND
================================================================================
1   2   3   4   5  6A  6B    7    8   9   10  11  12  13   14  15   16   17  18
                                     12Z  AVG MX 2MIN
DY MAX MIN AVG DEP HDD CDD  WTR  SNW DPTH SPD SPD DIR MIN PSBL S-S WX    SPD DR
================================================================================

 1  87  73  80  -6   0  15 0.17  0.0    0  8.6 26 160   M    M   3 1      39 160
 2  93  69  81  -5   0  16    T  0.0    0 11.7 30 140   M    M   3 8      34 140
 3  94  74  84  -2   0  19    T  0.0    0 12.6 22 130   M    M   2 1      28 130
 4  94  76  85  -1   0  20    T  0.0    0 12.8 23 140   M    M   2        31 130
 5  95  75  85  -1   0  20 0.00  0.0    0 13.3 22 150   M    M   3        29 160
 6  95  76  86   0   0  21 0.00  0.0    0 14.3 25 140   M    M   1 1      31 150
 7  94  77  86   0   0  21    T  0.0    0 13.5 23 160   M    M   2        30 160
 8  97  76  87   1   0  22    T  0.0    0 14.1 28 140   M    M   0 18     35 160
 9  97  76  87   1   0  22    T  0.0    0 15.0 25 140   M    M   3 18     33 140
10  97  75  86   0   0  21 0.00  0.0    0 14.0 23 120   M    M   1 8      29 150
11  98  74  86   0   0  21 0.00  0.0    0 11.3 21 130   M    M   4        36 120
12 100  75  88   2   0  23 0.00  0.0    0 10.5 21 140   M    M   1        26 150
13 102  75  89   3   0  24 0.00  0.0    0  9.9 21 140   M    M   0 1      26 140
14 101  73  87   1   0  22 0.00  0.0    0 11.1 23 130   M    M   1        28 140
15 100  76  88   2   0  23 0.00  0.0    0 12.1 26 140   M    M   1        33 140
16 100  74  87   1   0  22 0.00  0.0    0  9.9 22 130   M    M   3        28 130
17 102  76  89   3   0  24 0.00  0.0    0 12.6 26 140   M    M   1        34 130
18 102  78  90   4   0  25 0.00  0.0    0 14.0 25 130   M    M   1        31 130
19 103  78  91   5   0  26 0.00  0.0    0 12.7 22 130   M    M   3        30 140
20 102  75  89   3   0  24 0.00  0.0    0 10.2 23 140   M    M   1        28 140
21 102  76  89   3   0  24 0.00  0.0    0 12.4 22 130   M    M   1        26 160
22 102  77  90   4   0  25 0.00  0.0    0 12.6 26 140   M    M   2 8      31 130
23 102  78  90   4   0  25 0.00  0.0    0 13.6 24 130   M    M   1        35 130
24 102  79  91   5   0  26 0.00  0.0    0 12.2 22 130   M    M   3        30 120
25 104  77  91   5   0  26 0.00  0.0    0 10.9 22 130   M    M   1        27 130
26 105  78  92   5   0  27 0.00  0.0    0 10.4 23 130   M    M   3        29 120
27 104  76  90   3   0  25 0.00  0.0    0 12.7 25 130   M    M   2 18     30 130
================================================================================
SM 2674 2042         0 609  0.17     0.0 329.0          M       49
================================================================================
AV 99.0 75.6                              12.2 FASTST   M    M   2    MAX(MPH)
                                 MISC ---->  # 30 140               # 39  160
================================================================================
NOTES:
# LAST OF SEVERAL OCCURRENCES

COLUMN 17 PEAK WIND IN M.P.H.

PRELIMINARY LOCAL CLIMATOLOGICAL DATA (WS FORM: F-6) , PAGE 2

                                          STATION:  COTULLA
                                          MONTH:    JULY
                                          YEAR:     2015
                                          LATITUDE:   28 27 N
                                          LONGITUDE:  99 13 W

[TEMPERATURE DATA]      [PRECIPITATION DATA]       SYMBOLS USED IN COLUMN 16

AVERAGE MONTHLY: 87.3   TOTAL FOR MONTH:   0.17    1 = FOG OR MIST
DPTR FM NORMAL:   1.3   DPTR FM NORMAL:   -2.50    2 = FOG REDUCING VISIBILITY
HIGHEST:   105 ON 26    GRTST 24HR  1.00 ON 30- 1      TO 1/4 MILE OR LESS
LOWEST:     69 ON  2                               3 = THUNDER
                        SNOW, ICE PELLETS, HAIL    4 = ICE PELLETS
                        TOTAL MONTH:   0.0 INCH    5 = HAIL
                        GRTST 24HR     0.0         6 = FREEZING RAIN OR DRIZZLE
                        GRTST DEPTH:   0           7 = DUSTSTORM OR SANDSTORM:
                                                       VSBY 1/2 MILE OR LESS
                                                   8 = SMOKE OR HAZE
[NO. OF DAYS WITH]      [WEATHER - DAYS WITH]      9 = BLOWING SNOW
                                                   X = TORNADO
MAX 32 OR BELOW:   0    0.01 INCH OR MORE:   1
MAX 90 OR ABOVE:  26    0.10 INCH OR MORE:   1
MIN 32 OR BELOW:   0    0.50 INCH OR MORE:   0
MIN  0 OR BELOW:   0    1.00 INCH OR MORE:   0

[HDD (BASE 65) ]
TOTAL THIS MO.     0    CLEAR  (SCALE 0-3)  24
DPTR FM NORMAL     0    PTCLDY (SCALE 4-7)   3
TOTAL FM JUL 1     0    CLOUDY (SCALE 8-10)  0
DPTR FM NORMAL     0

[CDD (BASE 65) ]
TOTAL THIS MO.   609
DPTR FM NORMAL    39    [PRESSURE DATA]
TOTAL FM JAN 1  2022    HIGHEST SLP M ON M
DPTR FM NORMAL   -48    LOWEST  SLP 29.75 ON 21

[REMARKS]
