000
CXUS55 KLOX 211655
CF6CQT
PRELIMINARY LOCAL CLIMATOLOGICAL DATA (WS FORM: F-6)

                                          STATION:   DOWNTOWN LOS ANGELES (USC) CA
                                          MONTH:     MAY
                                          YEAR:      2015
                                          LATITUDE:   34  1 N
                                          LONGITUDE: 118 17 W

  TEMPERATURE IN F:       :PCPN:    SNOW:  WIND      :SUNSHINE: SKY     :PK WND
================================================================================
1   2   3   4   5  6A  6B    7    8   9   10  11  12  13   14  15   16   17  18
                                     12Z  AVG MX 2MIN
DY MAX MIN AVG DEP HDD CDD  WTR  SNW DPTH SPD SPD DIR MIN PSBL S-S WX    SPD DR
================================================================================

 1  84  57  71   6   0   6 0.00  0.0    0  1.8  9 280   M    M   0 18     16 280
 2  80  59  70   5   0   5 0.00  0.0    0  1.9 10 280   M    M   0 8      16 280
 3  74  58  66   1   0   1 0.00  0.0    0  2.0 10 270   M    M   2 8      17 270
 4  69  56  63  -2   2   0 0.00  0.0    0  2.0  9 280   M    M   3 8      16 280
 5  67  58  63  -2   2   0 0.00  0.0    0  2.5  8 290   M    M   7        13 260
 6  67  58  63  -2   2   0 0.00  0.0    0  1.4  9 280   M    M   8 8      16 280
 7  65  54  60  -5   5   0 0.03  0.0    0  1.5  9 280   M    M   9 1      17 280
 8  63  50  57  -8   8   0 0.18  0.0    0  2.5  9 280   M    M   6 1      14 280
 9  69  55  62  -3   3   0 0.00  0.0    0  1.0  9 280   M    M   7 8      14 280
10  72  54  63  -3   2   0 0.00  0.0    0  1.4  9 290   M    M   0        14 280
11  76  57  67   1   0   2 0.00  0.0    0  1.5  9 280   M    M   0 18     16 280
12  72  57  65  -1   0   0 0.00  0.0    0  1.9  9 140   M    M   5 8      14 130
13  69  58  64  -2   1   0 0.00  0.0    0  3.6  9 280   M    M   4        15 280
14  68  53  61  -5   4   0 0.69  0.0    0  2.4  8 280   M    M   7 1      17 270
15  66  55  61  -5   4   0 0.03  0.0    0  2.9 13 280   M    M   4 1      23 260
16  71  56  64  -2   1   0 0.00  0.0    0  2.3  8 170   M    M   4        14 140
17  72  58  65  -1   0   0 0.00  0.0    0  1.4  9 280   M    M   6 8      16 290
18  71  60  66   0   0   1    T  0.0    0  1.2  9 280   M    M   5 8      17 280
19  73  56  65  -1   0   0 0.00  0.0    0  1.7  8 280   M    M   1        14 290
20  72  57  65  -1   0   0 0.00  0.0    0  1.3 10 270   M    M   2 8      16 270
================================================================================
SM 1420 1126        34  15  0.93     0.0  38.2          M       80
================================================================================
AV 71.0 56.3                               1.9 FASTST   M    M   4    MAX(MPH)
                                 MISC ---->  # 13 280               # 23  260
================================================================================
NOTES:
# LAST OF SEVERAL OCCURRENCES

COLUMN 17 PEAK WIND IN M.P.H.

PRELIMINARY LOCAL CLIMATOLOGICAL DATA (WS FORM: F-6) , PAGE 2

                                          STATION:  DOWNTOWN LOS ANGELES (USC) CA
                                          MONTH:    MAY
                                          YEAR:     2015
                                          LATITUDE:   34  1 N
                                          LONGITUDE: 118 17 W

[TEMPERATURE DATA]      [PRECIPITATION DATA]       SYMBOLS USED IN COLUMN 16

AVERAGE MONTHLY: 63.7   TOTAL FOR MONTH:   0.93    1 = FOG OR MIST
DPTR FM NORMAL:  -1.9   DPTR FM NORMAL:    0.73    2 = FOG REDUCING VISIBILITY
HIGHEST:    84 ON  1    GRTST 24HR  0.72 ON 14-15      TO 1/4 MILE OR LESS
LOWEST:     50 ON  8                               3 = THUNDER
                        SNOW, ICE PELLETS, HAIL    4 = ICE PELLETS
                        TOTAL MONTH:   0.0 INCH    5 = HAIL
                        GRTST 24HR     0.0         6 = FREEZING RAIN OR DRIZZLE
                        GRTST DEPTH:   0           7 = DUSTSTORM OR SANDSTORM:
                                                       VSBY 1/2 MILE OR LESS
                                                   8 = SMOKE OR HAZE
[NO. OF DAYS WITH]      [WEATHER - DAYS WITH]      9 = BLOWING SNOW
                                                   X = TORNADO
MAX 32 OR BELOW:   0    0.01 INCH OR MORE:   4
MAX 90 OR ABOVE:   0    0.10 INCH OR MORE:   2
MIN 32 OR BELOW:   0    0.50 INCH OR MORE:   1
MIN  0 OR BELOW:   0    1.00 INCH OR MORE:   0

[HDD (BASE 65) ]
TOTAL THIS MO.    34    CLEAR  (SCALE 0-3)   8
DPTR FM NORMAL     1    PTCLDY (SCALE 4-7)  10
TOTAL FM JUL 1   463    CLOUDY (SCALE 8-10)  2
DPTR FM NORMAL  -603

[CDD (BASE 65) ]
TOTAL THIS MO.    15
DPTR FM NORMAL   -25    [PRESSURE DATA]
TOTAL FM JAN 1   280    HIGHEST SLP M ON M
DPTR FM NORMAL   153    LOWEST  SLP 29.75 ON M

[REMARKS]
