000
CXUS55 KLOX 281655
CF6CQT
PRELIMINARY LOCAL CLIMATOLOGICAL DATA (WS FORM: F-6)

                                          STATION:   DOWNTOWN LOS ANGELES (USC) CA
                                          MONTH:     JUNE
                                          YEAR:      2017
                                          LATITUDE:   34  1 N
                                          LONGITUDE: 118 17 W

  TEMPERATURE IN F:       :PCPN:    SNOW:  WIND      :SUNSHINE: SKY     :PK WND
================================================================================
1   2   3   4   5  6A  6B    7    8   9   10  11  12  13   14  15   16   17  18
                                     12Z  AVG MX 2MIN
DY MAX MIN AVG DEP HDD CDD  WTR  SNW DPTH SPD SPD DIR MIN PSBL S-S WX    SPD DR
================================================================================

 1  73  62  68   1   0   3 0.00  0.0    0  2.2 10 270   M    M   6        16 280
 2  77  62  70   3   0   5 0.00  0.0    0  2.7  9 270   M    M   4 18     17 280
 3  80  63  72   5   0   7 0.00  0.0    0  1.9  9 270   M    M   5 18     14 270
 4  75  63  69   2   0   4 0.00  0.0    0  1.5  8 270   M    M   7 18     13 270
 5  76  63  70   3   0   5 0.00  0.0    0  1.2  9 270   M    M   7 18     15 270
 6  73  64  69   1   0   4 0.00  0.0    0  1.0  7 260   M    M   9 8      13 270
 7  72  63  68   0   0   3 0.00  0.0    0  1.4  8 260   M    M   9 18     13 270
 8  70  61  66  -2   0   1 0.01  0.0    0  2.6 10 280   M    M   7 1      17 270
 9  77  60  69   1   0   4 0.00  0.0    0  3.0 10 270   M    M   2        18 270
10  75  63  69   1   0   4 0.00  0.0    0  1.3  8 270   M    M   9        14 270
11  72  61  67  -1   0   2 0.00  0.0    0  3.3  9 270   M    M   7        17 270
12  74  60  67  -1   0   2 0.00  0.0    0  2.7 10 270   M    M   0        17 260
13  81  60  71   2   0   6 0.00  0.0    0  2.6 12 270   M    M   0        17 270
14  85  62  74   5   0   9 0.00  0.0    0  1.5  9 260   M    M   0        14 270
15  86  63  75   6   0  10 0.00  0.0    0  1.7 10 270   M    M   0 8      15 270
16  88  64  76   7   0  11 0.00  0.0    0  1.8  9 270   M    M   0 18     14 270
17  86  64  75   6   0  10 0.00  0.0    0  1.8  9 260   M    M   1 18     14 280
18  86  62  74   4   0   9 0.00  0.0    0  1.4  8 280   M    M   1 128    13 280
19  84  63  74   4   0   9 0.00  0.0    0  1.5  8 270   M    M   0 18     13 270
20  84  63  74   4   0   9 0.00  0.0    0  2.1  8 270   M    M   3 18     13 260
21  82  64  73   3   0   8 0.00  0.0    0  1.7  7 270   M    M   0 18     11 280
22  81  65  73   3   0   8 0.00  0.0    0  0.0  0   0   M    M   3         M  M
23  78  63  71   0   0   6 0.00  0.0    M  2.7 10 270   M    M   4 8      17 280
24  77  62  70  -1   0   5    T  0.0    0  2.3  9 270   M    M   3 18     15 270
25  88  64  76   5   0  11 0.00  0.0    0  1.4 10 280   M    M   0        14 270
26  94  67  81  10   0  16 0.00  0.0    0  1.7 12 270   M    M   0        18 270
27  89  64  77   6   0  12 0.00  0.0    0  1.3  9 260   M    M   0        15 280
================================================================================
SM 2163 1695         0 183  0.01     0.0  50.3          M       87
================================================================================
AV 80.1 62.8                               1.9 FASTST   M    M   3    MAX(MPH)
                                 MISC ---->  # 12 270               # 18  270
================================================================================
NOTES:
# LAST OF SEVERAL OCCURRENCES

COLUMN 17 PEAK WIND IN M.P.H.

PRELIMINARY LOCAL CLIMATOLOGICAL DATA (WS FORM: F-6) , PAGE 2

                                          STATION:  DOWNTOWN LOS ANGELES (USC) CA
                                          MONTH:    JUNE
                                          YEAR:     2017
                                          LATITUDE:   34  1 N
                                          LONGITUDE: 118 17 W

[TEMPERATURE DATA]      [PRECIPITATION DATA]       SYMBOLS USED IN COLUMN 16

AVERAGE MONTHLY: 71.4   TOTAL FOR MONTH:   0.01    1 = FOG OR MIST
DPTR FM NORMAL:   2.5   DPTR FM NORMAL:   -0.08    2 = FOG REDUCING VISIBILITY
HIGHEST:    94 ON 26    GRTST 24HR  0.01 ON  8- 8      TO 1/4 MILE OR LESS
LOWEST:     60 ON 13,12                            3 = THUNDER
                        SNOW, ICE PELLETS, HAIL    4 = ICE PELLETS
                        TOTAL MONTH:   0.0 INCH    5 = HAIL
                        GRTST 24HR     0.0         6 = FREEZING RAIN OR DRIZZLE
                        GRTST DEPTH:   0           7 = DUSTSTORM OR SANDSTORM:
                                                       VSBY 1/2 MILE OR LESS
                                                   8 = SMOKE OR HAZE
[NO. OF DAYS WITH]      [WEATHER - DAYS WITH]      9 = BLOWING SNOW
                                                   X = TORNADO
MAX 32 OR BELOW:   0    0.01 INCH OR MORE:   1
MAX 90 OR ABOVE:   1    0.10 INCH OR MORE:   0
MIN 32 OR BELOW:   0    0.50 INCH OR MORE:   0
MIN  0 OR BELOW:   0    1.00 INCH OR MORE:   0

[HDD (BASE 65) ]
TOTAL THIS MO.     0    CLEAR  (SCALE 0-3)  15
DPTR FM NORMAL    -6    PTCLDY (SCALE 4-7)   9
TOTAL FM JUL 1   729    CLOUDY (SCALE 8-10)  3
DPTR FM NORMAL  -353

[CDD (BASE 65) ]
TOTAL THIS MO.   183
DPTR FM NORMAL    68    [PRESSURE DATA]
TOTAL FM JAN 1   459    HIGHEST SLP M ON M
DPTR FM NORMAL   190    LOWEST  SLP 29.64 ON 21

[REMARKS]
