000
CXUS52 KILM 231000
CF6CRE
PRELIMINARY LOCAL CLIMATOLOGICAL DATA (WS FORM: F-6)

                                          STATION:   N.MYRTLE BEACH SOUTH CAROLINA
                                          MONTH:     OCTOBER
                                          YEAR:      2017
                                          LATITUDE:   33 49 N
                                          LONGITUDE:  78 43 W

  TEMPERATURE IN F:       :PCPN:    SNOW:  WIND      :SUNSHINE: SKY     :PK WND
================================================================================
1   2   3   4   5  6A  6B    7    8   9   10  11  12  13   14  15   16   17  18
                                     12Z  AVG MX 2MIN
DY MAX MIN AVG DEP HDD CDD  WTR  SNW DPTH SPD SPD DIR MIN PSBL S-S WX    SPD DR
================================================================================

 1  76  54  65  -6   0   0 0.00    M    M  9.6 20  40   M    M   1        26  60
 2  81  62  72   2   0   7 0.00    M    M 10.9 17  40   M    M   4        24  40
 3  81  60  71   1   0   6    T    M    M 10.2 17  80   M    M   2        24  60
 4  81  61  71   1   0   6    T    M    M  9.3 18  50   M    M   4        24  40
 5  83  62  73   4   0   8 0.00    M    M  8.2 16 110   M    M   0        21  90
 6  84  66  75   6   0  10 0.00    M    M  8.3 16 100   M    M   1        21 110
 7  83  73  78  10   0  13 0.10    M    M  8.0 18 180   M    M   9 1      26 170
 8  83  76  80  12   0  15 0.35    M    M  9.3 15 150   M    M   3 1      22 150
 9  81  74  78  10   0  13 0.74    M    M  7.9 17 250   M    M   6 13     23 260
10  83  74  79  12   0  14    T    M    M  5.9 13 190   M    M   4 1      17 200
11  83  73  78  11   0  13 0.00    M    M  8.7 16 200   M    M   3 1      25 150
12  84  71  78  11   0  13 0.01    M    M  4.9 12  20   M    M   5 1      15 190
13  79  69  74   8   0   9 0.42    M    M  7.9 12  40   M    M   7 1       M  M
14  70  62  66   0   0   1 0.00    M    M  3.6 10  20   M    M  10        13 360
15  79  67  73   7   0   8 0.00    M    M  4.6  9 140   M    M   5        12 130
16  84  59  72   7   0   7 0.21    M    M  9.2 22  10   M    M   5 13     32  20
17  66  50  58  -7   7   0 0.00    M    M 10.2 20  20   M    M   0        31  30
18  75  49  62  -3   3   0 0.04    M    M  8.3 15  30   M    M   0        20  30
19  79  56  68   4   0   3 0.00    M    M  5.4 12  30   M    M   1 1      16  30
20  79  53  66   2   0   1 0.00    M    M  2.4  9 170   M    M   0 1      16  10
21  77  51  64   0   1   0 0.00    M    M  5.3 10 130   M    M   0 1      15 140
22  80  62  71   8   0   6 0.01    M    M  8.6 16 100   M    M   2 1      22  90
================================================================================
SM 1751 1384        11 153  1.88    M    166.7          M       72
================================================================================
AV 79.6 62.9                               7.6 FASTST   M    M   3    MAX(MPH)
                                 MISC ---->  # 22  10               # 32   20
================================================================================
NOTES:
# LAST OF SEVERAL OCCURRENCES

COLUMN 17 PEAK WIND IN M.P.H.

PRELIMINARY LOCAL CLIMATOLOGICAL DATA (WS FORM: F-6) , PAGE 2

                                          STATION:  N.MYRTLE BEACH SOUTH CAROLINA
                                          MONTH:    OCTOBER
                                          YEAR:     2017
                                          LATITUDE:   33 49 N
                                          LONGITUDE:  78 43 W

[TEMPERATURE DATA]      [PRECIPITATION DATA]       SYMBOLS USED IN COLUMN 16

AVERAGE MONTHLY: 71.3   TOTAL FOR MONTH:   1.88    1 = FOG OR MIST
DPTR FM NORMAL:   4.3   DPTR FM NORMAL:   -1.13    2 = FOG REDUCING VISIBILITY
HIGHEST:    84 ON 16,12 GRTST 24HR  0.74 ON  9- 9      TO 1/4 MILE OR LESS
LOWEST:     49 ON 18                               3 = THUNDER
                        SNOW, ICE PELLETS, HAIL    4 = ICE PELLETS
                        TOTAL MONTH:    M          5 = HAIL
                        GRTST 24HR    M  ON   M    6 = FREEZING RAIN OR DRIZZLE
                        GRTST DEPTH:  M  ON   M    7 = DUSTSTORM OR SANDSTORM:
                                                       VSBY 1/2 MILE OR LESS
                                                   8 = SMOKE OR HAZE
[NO. OF DAYS WITH]      [WEATHER - DAYS WITH]      9 = BLOWING SNOW
                                                   X = TORNADO
MAX 32 OR BELOW:   0    0.01 INCH OR MORE:   8
MAX 90 OR ABOVE:   0    0.10 INCH OR MORE:   5
MIN 32 OR BELOW:   0    0.50 INCH OR MORE:   1
MIN  0 OR BELOW:   0    1.00 INCH OR MORE:   0

[HDD (BASE 65) ]
TOTAL THIS MO.    11    CLEAR  (SCALE 0-3)  11
DPTR FM NORMAL   -31    PTCLDY (SCALE 4-7)   9
TOTAL FM JUL 1    11    CLOUDY (SCALE 8-10)  2
DPTR FM NORMAL   -35

[CDD (BASE 65) ]
TOTAL THIS MO.   153
DPTR FM NORMAL    71    [PRESSURE DATA]
TOTAL FM JAN 1  2168    HIGHEST SLP  0.00 ON 17
DPTR FM NORMAL   302    LOWEST  SLP 29.92 ON 16

[REMARKS]
