000
CXUS54 KCRP 281300
CF6CRP
PRELIMINARY LOCAL CLIMATOLOGICAL DATA (WS FORM: F-6)

                                          STATION:   CORPUS CHRISTI
                                          MONTH:     MARCH
                                          YEAR:      2015
                                          LATITUDE:   27 46 N
                                          LONGITUDE:  97 30 W

  TEMPERATURE IN F:       :PCPN:    SNOW:  WIND      :SUNSHINE: SKY     :PK WND
================================================================================
1   2   3   4   5  6A  6B    7    8   9   10  11  12  13   14  15   16   17  18
                                     12Z  AVG MX 2MIN
DY MAX MIN AVG DEP HDD CDD  WTR  SNW DPTH SPD SPD DIR MIN PSBL S-S WX    SPD DR
================================================================================

 1  52  47  50 -13  15   0 0.03  0.0    0 10.5 15 360   M    M  10 12     18  10
 2  54  47  51 -12  14   0 0.02  0.0    0  9.0 17  10   M    M  10 12     20  10
 3  68  53  61  -3   4   0 0.01  0.0    0  8.6 26 150   M    M   9 12     32 150
 4  78  45  62  -2   3   0    T  0.0    0 14.3 35 360   M    M  10 128    42 360
 5  54  38  46 -18  19   0    T    M    0 22.7 36 360   M    M   9 1      46 360
 6  51  38  45 -19  20   0 0.00  0.0    0  9.7 21  20   M    M  10        25  40
 7  60  46  53 -11  12   0 0.00  0.0    0  8.4 16  80   M    M   9        18  80
 8  57  53  55  -9  10   0 1.04  0.0    0  8.6 16 330   M    M  10 1      19 320
 9  64  56  60  -5   5   0 2.15  0.0    0  6.4 18  80   M    M   9 12     21  80
10  68  55  62  -3   3   0 0.00  0.0    0 10.0 16  30   M    M   9 1      19  10
11  59  55  57  -8   8   0 0.08  0.0    0 10.9 17  30   M    M  10 18     22  30
12  74  53  64  -1   1   0 0.02  0.0    0  9.5 20 340   M    M   7        23 340
13  77  53  65  -1   0   0 0.00  0.0    0  6.3 14 150   M    M   6 1      16 150
14  79  57  68   2   0   3 0.00  0.0    0  3.6 10  70   M    M   7        13  80
15  71  61  66   0   0   1 0.07  0.0    0  7.4 18  40   M    M  10 1      22  40
16  68  60  64  -2   1   0 0.04  0.0    0  8.2 16  50   M    M  10 18     19  50
17  75  64  70   4   0   5 0.06  0.0    0  5.6 16 100   M    M  10 12     18 110
18  74  62  68   2   0   3 1.83  0.0    0  9.6 23 350   M    M   9 1      29 340
19  79  68  74   7   0   9    T  0.0    0 11.0 21 140   M    M  10 1      25 150
20  79  70  75   8   0  10    T  0.0    0 10.1 16 140   M    M   9 1      20 130
21  72  63  68   1   0   3 0.73  0.0    0  8.2 23 280   M    M  10 1      28 270
22  75  62  69   2   0   4    T  0.0    0  6.9 14 340   M    M   7 1      17 340
23  76  58  67  -1   0   2 0.00  0.0    0  5.8 15 130   M    M   2 1      18 140
24  78  61  70   2   0   5 0.00  0.0    0  9.7 23 140   M    M   3 1      27 130
25  77  62  70   2   0   5 0.01  0.0    0 12.6 24 150   M    M   8 1      28 150
26  75  59  67  -1   0   2 0.04  0.0    0 12.9 33 350   M    M   9 123    41 340
27  80  48  64  -4   1   0 0.00  0.0    0  6.9 13 150   M    M   2 8      15 140
================================================================================
SM 1874 1494       116  52  6.13     0.0 253.4          M      224
================================================================================
AV 69.4 55.3                               9.4 FASTST   M    M   8    MAX(MPH)
                                 MISC ---->  # 36 360               # 46  360
================================================================================
NOTES:
# LAST OF SEVERAL OCCURRENCES

COLUMN 17 PEAK WIND IN M.P.H.

PRELIMINARY LOCAL CLIMATOLOGICAL DATA (WS FORM: F-6) , PAGE 2

                                          STATION:  CORPUS CHRISTI
                                          MONTH:    MARCH
                                          YEAR:     2015
                                          LATITUDE:   27 46 N
                                          LONGITUDE:  97 30 W

[TEMPERATURE DATA]      [PRECIPITATION DATA]       SYMBOLS USED IN COLUMN 16

AVERAGE MONTHLY: 62.4   TOTAL FOR MONTH:   6.13    1 = FOG OR MIST
DPTR FM NORMAL:  -3.3   DPTR FM NORMAL:    4.44    2 = FOG REDUCING VISIBILITY
HIGHEST:    80 ON 27    GRTST 24HR  2.15 ON  9- 9      TO 1/4 MILE OR LESS
LOWEST:     38 ON  6, 5                            3 = THUNDER
                        SNOW, ICE PELLETS, HAIL    4 = ICE PELLETS
                        TOTAL MONTH:   0.0 INCH    5 = HAIL
                        GRTST 24HR     0.0         6 = FREEZING RAIN OR DRIZZLE
                        GRTST DEPTH:   0           7 = DUSTSTORM OR SANDSTORM:
                                                       VSBY 1/2 MILE OR LESS
                                                   8 = SMOKE OR HAZE
[NO. OF DAYS WITH]      [WEATHER - DAYS WITH]      9 = BLOWING SNOW
                                                   X = TORNADO
MAX 32 OR BELOW:   0    0.01 INCH OR MORE:  14
MAX 90 OR ABOVE:   0    0.10 INCH OR MORE:   4
MIN 32 OR BELOW:   0    0.50 INCH OR MORE:   4
MIN  0 OR BELOW:   0    1.00 INCH OR MORE:   3

[HDD (BASE 65) ]
TOTAL THIS MO.   116    CLEAR  (SCALE 0-3)   3
DPTR FM NORMAL    39    PTCLDY (SCALE 4-7)   5
TOTAL FM JUL 1  1053    CLOUDY (SCALE 8-10) 19
DPTR FM NORMAL   176

[CDD (BASE 65) ]
TOTAL THIS MO.    52
DPTR FM NORMAL   -43    [PRESSURE DATA]
TOTAL FM JAN 1    80    HIGHEST SLP M ON M
DPTR FM NORMAL   -91    LOWEST  SLP 29.72 ON  4

[REMARKS]
