000
CXUS54 KOUN 220700
CF6CSM
PRELIMINARY LOCAL CLIMATOLOGICAL DATA (WS FORM: F-6)

                                          STATION:   CLINTON
                                          MONTH:     MARCH
                                          YEAR:      2017
                                          LATITUDE:   35 20 N
                                          LONGITUDE:  99 12 W

  TEMPERATURE IN F:       :PCPN:    SNOW:  WIND      :SUNSHINE: SKY     :PK WND
================================================================================
1   2   3   4   5  6A  6B    7    8   9   10  11  12  13   14  15   16   17  18
                                     12Z  AVG MX 2MIN
DY MAX MIN AVG DEP HDD CDD  WTR  SNW DPTH SPD SPD DIR MIN PSBL S-S WX    SPD DR
================================================================================

 1  59  33  46   0  19   0 0.00  0.0    0 16.2 33 350   M    M   0        40 350
 2  62  27  45  -1  20   0 0.00  0.0    0  9.8 20 200   M    M   0        24 190
 3  68  36  52   6  13   0 0.00  0.0    0 16.6 30 190   M    M   0        36 190
 4  66  37  52   5  13   0 0.00  0.0    0 20.3 35 170   M    M   4 1      42 180
 5  70  52  61  14   4   0 0.00  0.0    0 25.9 33 180   M    M   7 1      40 170
 6  82  53  68  21   0   3 0.00  0.0    0 24.5 37 210   M    M   6 8      47 210
 7  62  32  47  -1  18   0 0.00  0.0    0  8.7 21 360   M    M   1 8      26 360
 8  74  38  56   8   9   0 0.00  0.0    0 16.3 32 200   M    M   0        40 200
 9  83  54  69  21   0   4 0.00  0.0    0 14.1 24 210   M    M   0 1      29 220
10  60  41  51   3  14   0 0.00  0.0    0 16.2 31  30   M    M   7        36  30
11  50  30  40  -9  25   0    T  0.0    0 13.9 25  10   M    M   8 18     30 360
12  45  27  36 -13  29   0 0.00  0.0    0  9.9 23 160   M    M   8 18     29 160
13  53  33  43  -6  22   0 0.06  0.0    0 14.9 29 360   M    M   5 18     33 350
14  58  27  43  -7  22   0 0.00  0.0    0 10.1 21  60   M    M   0        23  70
15  61  28  45  -5  20   0 0.00  0.0    0 12.3 20 170   M    M   1 8      25 170
16  80  45  63  13   2   0 0.00  0.0    0 20.8 32 190   M    M   0 1      39 190
17  78  53  66  16   0   1 0.00  0.0    0 11.5 23 190   M    M   0 1      29 190
18  82  48  65  14   0   0 0.00  0.0    0 12.0 22 160   M    M   1        27 170
19  86  59  73  22   0   8 0.00  0.0    0 20.3 30 180   M    M   0        38 190
20  94  58  76  24   0  11 0.00  0.0    0 13.5 22 170   M    M   0        26 190
21  76  47  62  10   3   0 0.00  0.0    0 14.0 25  20   M    M   0        32  50
================================================================================
SM 1449  858       233  27  0.06     0.0 321.8          M       48
================================================================================
AV 69.0 40.9                              15.3 FASTST   M    M   2    MAX(MPH)
                                 MISC ---->  # 37 210               # 47  210
================================================================================
NOTES:
# LAST OF SEVERAL OCCURRENCES

COLUMN 17 PEAK WIND IN M.P.H.

PRELIMINARY LOCAL CLIMATOLOGICAL DATA (WS FORM: F-6) , PAGE 2

                                          STATION:  CLINTON
                                          MONTH:    MARCH
                                          YEAR:     2017
                                          LATITUDE:   35 20 N
                                          LONGITUDE:  99 12 W

[TEMPERATURE DATA]      [PRECIPITATION DATA]       SYMBOLS USED IN COLUMN 16

AVERAGE MONTHLY: 54.9   TOTAL FOR MONTH:   0.06    1 = FOG OR MIST
DPTR FM NORMAL:   6.2   DPTR FM NORMAL:   -1.35    2 = FOG REDUCING VISIBILITY
HIGHEST:    94 ON 20    GRTST 24HR  0.06 ON 13-13      TO 1/4 MILE OR LESS
LOWEST:     27 ON 14,12                            3 = THUNDER
                        SNOW, ICE PELLETS, HAIL    4 = ICE PELLETS
                        TOTAL MONTH:   0.0 INCH    5 = HAIL
                        GRTST 24HR     0.0         6 = FREEZING RAIN OR DRIZZLE
                        GRTST DEPTH:   0           7 = DUSTSTORM OR SANDSTORM:
                                                       VSBY 1/2 MILE OR LESS
                                                   8 = SMOKE OR HAZE
[NO. OF DAYS WITH]      [WEATHER - DAYS WITH]      9 = BLOWING SNOW
                                                   X = TORNADO
MAX 32 OR BELOW:   0    0.01 INCH OR MORE:   1
MAX 90 OR ABOVE:   1    0.10 INCH OR MORE:   0
MIN 32 OR BELOW:   6    0.50 INCH OR MORE:   0
MIN  0 OR BELOW:   0    1.00 INCH OR MORE:   0

[HDD (BASE 65) ]
TOTAL THIS MO.   233    CLEAR  (SCALE 0-3)  14
DPTR FM NORMAL  -111    PTCLDY (SCALE 4-7)   5
TOTAL FM JUL 1  2578    CLOUDY (SCALE 8-10)  2
DPTR FM NORMAL  -676

[CDD (BASE 65) ]
TOTAL THIS MO.    27
DPTR FM NORMAL    27    [PRESSURE DATA]
TOTAL FM JAN 1    32    HIGHEST SLP M ON M
DPTR FM NORMAL    32    LOWEST  SLP 29.56 ON  6

[REMARKS]
