000
CXUS55 KOHX 301010
CF6CSV
PRELIMINARY LOCAL CLIMATOLOGICAL DATA (WS FORM: F-6)

                                          STATION:   CROSSVILLE
                                          MONTH:     OCTOBER
                                          YEAR:      2014
                                          LATITUDE:   35 57 N
                                          LONGITUDE:  85  5 W

  TEMPERATURE IN F:       :PCPN:    SNOW:  WIND      :SUNSHINE: SKY     :PK WND
================================================================================
1   2   3   4   5  6A  6B    7    8   9   10  11  12  13   14  15   16   17  18
                                     12Z  AVG MX 2MIN
DY MAX MIN AVG DEP HDD CDD  WTR  SNW DPTH SPD SPD DIR MIN PSBL S-S WX    SPD DR
================================================================================

 1  81  54  68   6   0   3 0.00    M    M  1.7 10 270   M    M   0 18     15 280
 2  81  58  70   9   0   5 0.00    M    M  5.5 15 170   M    M   0 18     25 190
 3  75  48  62   1   3   0 0.71    M    M 10.0 22 290   M    M   8 3      30 310
 4  56  37  47 -13  18   0 0.00    M    M  8.4 23 270   M    M   2        30 270
 5  66  34  50 -10  15   0 0.00    M    M  4.4 14 220   M    M   1        21 150
 6  67  52  60   0   5   0 0.89    M    M  5.9 24 250   M    M   4 138    33 260
 7  72  58  65   5   0   0 1.59    M    M  6.3 17 220   M    M   7 138    29 230
 8  76  54  65   6   0   0 0.02    M    M  4.3 14 260   M    M   3 38     19 300
 9  76  52  64   5   1   0 0.00    M    M  2.7 20 310   M    M   1 3      28 310
10  69  65  67   8   0   2 1.23    M    M  3.7 10 360   M    M   8 138    14 240
11  71  62  67   9   0   2 0.12    M    M  4.2 12 290   M    M  10 1      16 220
12  75  62  69  11   0   4 0.35    M    M  3.5 13 170   M    M  10 13     20 160
13  74  64  69  11   0   4 0.52    M    M  9.5 20 160   M    M   7 1      31 150
14  67  54  61   4   4   0 2.27    M    M  9.7 21 170   M    M  10 18     35 150
15  56  50  53  -4  12   0 0.33    M    M  6.5 15 230   M    M   9 18     25 220
16  56  46  51  -6  14   0 0.03    M    M  5.3 14 290   M    M   8 1      19 290
17  75  47  61   4   4   0 0.00    M    M  5.9 16 260   M    M   0        24 260
18  62  47  55  -1  10   0 0.00    M    M  7.3 16 320   M    M   5        23 330
19  65  43  54  -2  11   0 0.00    M    M  4.0 14  20   M    M   5 8      19  10
20  64  43  54  -2  11   0    T    M    M  4.6 14 260   M    M   2        17 200
21  65  45  55  -1  10   0 0.00    M    M  7.2 17 340   M    M   1 1      23 310
22  60  40  50  -5  15   0 0.00    M    M  6.9 16  40   M    M   1        19  60
23  65  35  50  -5  15   0 0.00  0.0    0  3.3 10  60   M    M   0 18     17  50
24  69  42  56   1   9   0 0.00    M    M  2.4 12 330   M    M   0 1      15 330
25  69  41  55   1  10   0 0.00  0.0    0  2.4 12 280   M    M   2 18     14 270
26  76  53  65  11   0   0 0.00  0.0    0  2.6 13 280   M    M   3 12     17 260
27  80  54  67  13   0   2 0.00    M    M  3.8 12 270   M    M   0 18     17 250
28  74  54  64  10   1   0 0.16    M    M  6.3 15 340   M    M   4 1      22 270
29  63  42  53   0  12   0 0.60    M    M  5.1 15  30   M    M   5 1      19 290
================================================================================
SM 2005 1436       180  22  8.82     0.0 153.4          M      116
================================================================================
AV 69.1 49.5                               5.3 FASTST   M    M   4    MAX(MPH)
                                 MISC ---->  # 24 250               # 35  150
================================================================================
NOTES:
# LAST OF SEVERAL OCCURRENCES

COLUMN 17 PEAK WIND IN M.P.H.

PRELIMINARY LOCAL CLIMATOLOGICAL DATA (WS FORM: F-6) , PAGE 2

                                          STATION:  CROSSVILLE
                                          MONTH:    OCTOBER
                                          YEAR:     2014
                                          LATITUDE:   35 57 N
                                          LONGITUDE:  85  5 W

[TEMPERATURE DATA]      [PRECIPITATION DATA]       SYMBOLS USED IN COLUMN 16

AVERAGE MONTHLY: 59.3   TOTAL FOR MONTH:   8.82    1 = FOG OR MIST
DPTR FM NORMAL:   2.1   DPTR FM NORMAL:    5.99    2 = FOG REDUCING VISIBILITY
HIGHEST:    81 ON  2, 1 GRTST 24HR  2.69 ON 13-14      TO 1/4 MILE OR LESS
LOWEST:     34 ON  5                               3 = THUNDER
                        SNOW, ICE PELLETS, HAIL    4 = ICE PELLETS
                        TOTAL MONTH:   0.0 INCH    5 = HAIL
                        GRTST 24HR     0.0         6 = FREEZING RAIN OR DRIZZLE
                        GRTST DEPTH:   0           7 = DUSTSTORM OR SANDSTORM:
                                                       VSBY 1/2 MILE OR LESS
                                                   8 = SMOKE OR HAZE
[NO. OF DAYS WITH]      [WEATHER - DAYS WITH]      9 = BLOWING SNOW
                                                   X = TORNADO
MAX 32 OR BELOW:   0    0.01 INCH OR MORE:  13
MAX 90 OR ABOVE:   0    0.10 INCH OR MORE:  11
MIN 32 OR BELOW:   0    0.50 INCH OR MORE:   7
MIN  0 OR BELOW:   0    1.00 INCH OR MORE:   3

[HDD (BASE 65) ]
TOTAL THIS MO.   180    CLEAR  (SCALE 0-3)  14
DPTR FM NORMAL   -63    PTCLDY (SCALE 4-7)  10
TOTAL FM JUL 1   193    CLOUDY (SCALE 8-10)  5
DPTR FM NORMAL  -105

[CDD (BASE 65) ]
TOTAL THIS MO.    22
DPTR FM NORMAL     9    [PRESSURE DATA]
TOTAL FM JAN 1  1023    HIGHEST SLP  0.00 ON  5
DPTR FM NORMAL    39    LOWEST  SLP 29.65 ON 14

[REMARKS]
