000
CXUS53 KUNR 240945
CF6CUT
PRELIMINARY LOCAL CLIMATOLOGICAL DATA (WS FORM: F-6)

                                          STATION:   CUSTER COUNTY AIRPORT SD
                                          MONTH:     MAY
                                          YEAR:      2017
                                          LATITUDE:   43 43 N
                                          LONGITUDE: 103 37 W

  TEMPERATURE IN F:       :PCPN:    SNOW:  WIND      :SUNSHINE: SKY     :PK WND
================================================================================
1   2   3   4   5  6A  6B    7    8   9   10  11  12  13   14  15   16   17  18
                                     12Z  AVG MX 2MIN
DY MAX MIN AVG DEP HDD CDD  WTR  SNW DPTH SPD SPD DIR MIN PSBL S-S WX    SPD DR
================================================================================

 1  50  32  41  -3  24   0 0.01    M    M 10.0 25 330   M    M   6 18     42 290
 2  46  29  38  -6  27   0 0.09    M    M  3.4 12 270   M    M   8 1      16 270
 3  50  30  40  -4  25   0 0.02    M    M  5.7 15 280   M    M   5 1      20 310
 4  63  29  46   1  19   0 0.00    M    M  5.2 15  80   M    M   1        18  80
 5  74  35  55  10  10   0 0.00    M    M  4.0 12 110   M    M   0        17 210
 6  78  41  60  15   5   0 0.00    M    M  5.8 16 120   M    M   0        23 120
 7  79  49  64  18   1   0 0.00    M    M  6.8 15 250   M    M   1        23 250
 8  58  46  52   6  13   0 0.00    M    M  5.5 16 350   M    M   8        26 330
 9  51  43  47   1  18   0 0.40    M    M  6.3 15 100   M    M  10 123    20 120
10  56  41  49   2  16   0    T    M    M  6.3 21  80   M    M   9 12     29  80
11  63  38  51   4  14   0 0.00    M    M  5.6 14 190   M    M   4 12     20 180
12  73  39  56   9   9   0 0.00    M    M  6.5 15 220   M    M   0        22 210
13  79  46  63  16   2   0 0.18    M    M  6.3 20 280   M    M   2 3      30 300
14  64  45  55   7  10   0 0.14    M    M  8.1 22  90   M    M   2 3      28  80
15  62  43  53   5  12   0 0.19    M    M  8.3 18 280   M    M   7 13     24 100
16  60  45  53   5  12   0 0.01    M    M  5.0 13  70   M    M   8 12     20 190
17  46  38  42  -6  23   0 0.02    M    M 11.1 21  50   M    M  10 12     27  50
18  38  32  35 -14  30   0 0.21    M    M 15.0 26  50   M    M   9 12     34  60
19  35  31  33 -16  32   0 0.07    M    M  8.2 20  50   M    M   9 12     25  60
20  50  33  42  -7  23   0 0.00    M    M  6.0 15  40   M    M   7        20 330
21  57  32  45  -5  20   0 0.03    M    M  7.4 28 270   M    M   4        40 310
22  53  36  45  -5  20   0 0.05    M    M  9.0 26 360   M    M   4 3      37  10
23  57  31  44  -6  21   0 0.00    M    M  8.1 20 360   M    M   3        30 360
================================================================================
SM 1342  864       386   0  1.42    M    163.6          M      117
================================================================================
AV 58.4 37.6                               7.1 FASTST   M    M   5    MAX(MPH)
                                 MISC ---->  # 28 270               # 42  290
================================================================================
NOTES:
# LAST OF SEVERAL OCCURRENCES

COLUMN 17 PEAK WIND IN M.P.H.

PRELIMINARY LOCAL CLIMATOLOGICAL DATA (WS FORM: F-6) , PAGE 2

                                          STATION:  CUSTER COUNTY AIRPORT SD
                                          MONTH:    MAY
                                          YEAR:     2017
                                          LATITUDE:   43 43 N
                                          LONGITUDE: 103 37 W

[TEMPERATURE DATA]      [PRECIPITATION DATA]       SYMBOLS USED IN COLUMN 16

AVERAGE MONTHLY: 48.0   TOTAL FOR MONTH:   1.42    1 = FOG OR MIST
DPTR FM NORMAL:   0.9   DPTR FM NORMAL:   -0.82    2 = FOG REDUCING VISIBILITY
HIGHEST:    79 ON 13, 7 GRTST 24HR  0.40 ON  9- 9      TO 1/4 MILE OR LESS
LOWEST:     29 ON  4, 2                            3 = THUNDER
                        SNOW, ICE PELLETS, HAIL    4 = ICE PELLETS
                        TOTAL MONTH:    M          5 = HAIL
                        GRTST 24HR    M  ON   M    6 = FREEZING RAIN OR DRIZZLE
                        GRTST DEPTH:  M  ON   M    7 = DUSTSTORM OR SANDSTORM:
                                                       VSBY 1/2 MILE OR LESS
                                                   8 = SMOKE OR HAZE
[NO. OF DAYS WITH]      [WEATHER - DAYS WITH]      9 = BLOWING SNOW
                                                   X = TORNADO
MAX 32 OR BELOW:   0    0.01 INCH OR MORE:  13
MAX 90 OR ABOVE:   0    0.10 INCH OR MORE:   5
MIN 32 OR BELOW:   8    0.50 INCH OR MORE:   0
MIN  0 OR BELOW:   0    1.00 INCH OR MORE:   0

[HDD (BASE 65) ]
TOTAL THIS MO.   386    CLEAR  (SCALE 0-3)   8
DPTR FM NORMAL   -25    PTCLDY (SCALE 4-7)   9
TOTAL FM JUL 1  7338    CLOUDY (SCALE 8-10)  6
DPTR FM NORMAL  -723

[CDD (BASE 65) ]
TOTAL THIS MO.     0
DPTR FM NORMAL     0    [PRESSURE DATA]
TOTAL FM JAN 1     0    HIGHEST SLP M ON M
DPTR FM NORMAL     0    LOWEST  SLP 29.18 ON 13

[REMARKS]
