000
CXUS52 KMLB 290650
CF6DAB
PRELIMINARY LOCAL CLIMATOLOGICAL DATA (WS FORM: F-6)

                                          STATION:   DAYTONA BEACH
                                          MONTH:     APRIL
                                          YEAR:      2016
                                          LATITUDE:   29 10 N
                                          LONGITUDE:  81  3 W

  TEMPERATURE IN F:       :PCPN:    SNOW:  WIND      :SUNSHINE: SKY     :PK WND
================================================================================
1   2   3   4   5  6A  6B    7    8   9   10  11  12  13   14  15   16   17  18
                                     12Z  AVG MX 2MIN
DY MAX MIN AVG DEP HDD CDD  WTR  SNW DPTH SPD SPD DIR MIN PSBL S-S WX    SPD DR
================================================================================

 1  89  70  80  13   0  15 0.01  0.0    0  6.9 15 200   M    M   5 13     21 220
 2  83  68  76   9   0  11 0.06  0.0    0 12.6 31 240   M    M   7 13     41 230
 3  70  55  63  -4   2   0 0.00  0.0    0  9.6 21  20   M    M   2        29  50
 4  78  54  66  -1   0   1    T  0.0    0  4.6 14  60   M    M   4        18  50
 5  83  52  68   1   0   3 0.00  0.0    0 11.9 24  30   M    M   0        28  30
 6  75  64  70   3   0   5    T  0.0    0 10.0 22  80   M    M   5        27  80
 7  84  61  73   5   0   8    T  0.0    0 10.7 23 250   M    M   6        29 250
 8  87  60  74   6   0   9 0.00  0.0    0 10.8 24 250   M    M   3 1      32 270
 9  72  53  63  -5   2   0 0.00  0.0    0  6.7 16  20   M    M   4        22 350
10  77  50  64  -4   1   0 0.00  0.0    0  6.8 17  60   M    M   4 8      20  40
11  78  60  69   1   0   4    T  0.0    0  5.8 18  80   M    M   4        23  70
12  85  57  71   3   0   6 0.00  0.0    0  4.0 14 230   M    M   6 18     18 240
13  81  63  72   4   0   7 0.54  0.0    0  8.2 20  10   M    M   7 1      24  20
14  81  68  75   6   0  10 0.50  0.0    0  7.4 18  10   M    M   9 13     21  30
15  79  66  73   4   0   8 0.11  0.0    0 12.7 28  60   M    M   8 138    34  50
16  78  68  73   4   0   8    T  0.0    0 16.2 29  50   M    M   6        34  40
17  76  65  71   2   0   6    T  0.0    0 15.5 26  30   M    M   4        32  20
18  77  59  68  -1   0   3 0.15  0.0    0 11.9 23  30   M    M   3 1      29  50
19  78  57  68  -1   0   3 0.00  0.0    0  5.5 15  50   M    M   4        20  40
20  78  56  67  -3   0   2 0.00  0.0    0  4.4 15  80   M    M   7 1      22  80
21  81  67  74   4   0   9 0.00  0.0    0  6.9 16 100   M    M   5        25 120
22  85  62  74   4   0   9 0.68  0.0    0  5.0 20 320   M    M   7 13     26 320
23  83  66  75   5   0  10 0.00  0.0    0  6.0 14 270   M    M   5 1      19 290
24  81  62  72   2   0   7 0.00  0.0    0  7.6 18  50   M    M   2 1      23  60
25  80  63  72   1   0   7 0.00  0.0    0  5.5 15  70   M    M   5        20  80
26  81  59  70  -1   0   5 0.00  0.0    0  4.7 14  70   M    M   1 18     20  70
27  85  64  75   4   0  10 0.00  0.0    0  5.6 14  90   M    M   2 1      20 110
28  89  67  78   7   0  13 0.11  0.0    0  6.4 14 220   M    M   6 1      19 100
================================================================================
SM 2254 1716         5 179  2.16     0.0 229.9          M      131
================================================================================
AV 80.5 61.3                               8.2 FASTST   M    M   5    MAX(MPH)
                                 MISC ---->  # 31 240               # 41  230
================================================================================
NOTES:
# LAST OF SEVERAL OCCURRENCES

COLUMN 17 PEAK WIND IN M.P.H.

PRELIMINARY LOCAL CLIMATOLOGICAL DATA (WS FORM: F-6) , PAGE 2

                                          STATION:  DAYTONA BEACH
                                          MONTH:    APRIL
                                          YEAR:     2016
                                          LATITUDE:   29 10 N
                                          LONGITUDE:  81  3 W

[TEMPERATURE DATA]      [PRECIPITATION DATA]       SYMBOLS USED IN COLUMN 16

AVERAGE MONTHLY: 70.9   TOTAL FOR MONTH:   2.16    1 = FOG OR MIST
DPTR FM NORMAL:   2.1   DPTR FM NORMAL:    0.08    2 = FOG REDUCING VISIBILITY
HIGHEST:    89 ON 28, 1 GRTST 24HR  1.04 ON 13-14      TO 1/4 MILE OR LESS
LOWEST:     50 ON 10                               3 = THUNDER
                        SNOW, ICE PELLETS, HAIL    4 = ICE PELLETS
                        TOTAL MONTH:   0.0 INCH    5 = HAIL
                        GRTST 24HR     0.0         6 = FREEZING RAIN OR DRIZZLE
                        GRTST DEPTH:   0           7 = DUSTSTORM OR SANDSTORM:
                                                       VSBY 1/2 MILE OR LESS
                                                   8 = SMOKE OR HAZE
[NO. OF DAYS WITH]      [WEATHER - DAYS WITH]      9 = BLOWING SNOW
                                                   X = TORNADO
MAX 32 OR BELOW:   0    0.01 INCH OR MORE:   8
MAX 90 OR ABOVE:   0    0.10 INCH OR MORE:   6
MIN 32 OR BELOW:   0    0.50 INCH OR MORE:   3
MIN  0 OR BELOW:   0    1.00 INCH OR MORE:   0

[HDD (BASE 65) ]
TOTAL THIS MO.     5    CLEAR  (SCALE 0-3)   6
DPTR FM NORMAL   -22    PTCLDY (SCALE 4-7)  20
TOTAL FM JUL 1   508    CLOUDY (SCALE 8-10)  2
DPTR FM NORMAL  -298

[CDD (BASE 65) ]
TOTAL THIS MO.   179
DPTR FM NORMAL    48    [PRESSURE DATA]
TOTAL FM JAN 1   409    HIGHEST SLP M ON M
DPTR FM NORMAL   136    LOWEST  SLP 29.78 ON  2

[REMARKS]
