000
CXUS52 KMLB 241116
CF6DAB
PRELIMINARY LOCAL CLIMATOLOGICAL DATA (WS FORM: F-6)

                                          STATION:   DAYTONA BEACH
                                          MONTH:     JULY
                                          YEAR:      2014
                                          LATITUDE:   29 10 N
                                          LONGITUDE:  81  3 W

  TEMPERATURE IN F:       :PCPN:    SNOW:  WIND      :SUNSHINE: SKY     :PK WND
================================================================================
1   2   3   4   5  6A  6B    7    8   9   10  11  12  13   14  15   16   17  18
                                     12Z  AVG MX 2MIN
DY MAX MIN AVG DEP HDD CDD  WTR  SNW DPTH SPD SPD DIR MIN PSBL S-S WX    SPD DR
================================================================================

 1  88  75  82   1   0  17 0.10  0.0    0 10.8 21  40   M    M   6 18     26  50
 2  87  74  81   0   0  16 0.04  0.0    0  9.2 23  20   M    M   6 1      31  20
 3  94  74  84   3   0  19 0.20  0.0    0  9.5 25 260   M    M   8 13     33 270
 4  91  73  82   1   0  17 0.03  0.0    0  5.8 17 190   M    M   9 13     27 180
 5  89  71  80  -1   0  15 0.31  0.0    0  3.9 21  70   M    M   8 13     25  70
 6  88  70  79  -2   0  14 0.12  0.0    0  3.9 17  40   M    M   8 13     20  40
 7  89  70  80  -1   0  15 0.00  0.0    0  3.8 12 160   M    M   6        16 180
 8  90  74  82   1   0  17 0.25  0.0    0  5.1  9 110   M    M   6 13     16 110
 9  90  72  81   0   0  16 0.03  0.0    0  4.1 13  60   M    M   5 13     19  80
10  88  72  80  -1   0  15 0.01  0.0    0  3.5 15 200   M    M   5 3      20 200
11  88  72  80  -2   0  15 0.16  0.0    0  3.3 14 310   M    M   6 13     18 140
12  88  73  81  -1   0  16 0.11  0.0    0  5.2 16  10   M    M   7 13     20  20
13  90  72  81  -1   0  16 1.95  0.0    0  3.5 29 310   M    M   7 13     38 320
14  91  70  81  -1   0  16 0.71  0.0    0  4.4 12 100   M    M   7 13     46 270
15  87  72  80  -2   0  15 0.28  0.0    0  5.5 14 160   M    M   7 13     19 190
16  81  73  77  -5   0  12 0.30  0.0    0  7.4 15 230   M    M   8 13     23 300
17  88  74  81  -1   0  16 0.00  0.0    0  5.7 14  20   M    M   6 1      17  50
18  88  74  81  -1   0  16 0.78  0.0    0  4.3 23 330   M    M   5 18     27 330
19  90  74  82   0   0  17    T  0.0    0  3.2 13  60   M    M   6 1      16  80
20  91  75  83   1   0  18 0.11  0.0    0  4.8 23 250   M    M   6 13     28 250
21  90  73  82   0   0  17 0.51  0.0    0  3.8 17 320   M    M   6 138    22 300
22  87  73  80  -2   0  15 0.01  0.0    0  3.8 14  80   M    M   6        17  80
23  91  74  83   1   0  18 0.00  0.0    0  4.0 13  80   M    M   6 1      16  60
================================================================================
SM 2044 1674         0 368  6.01     0.0 118.5          M      150
================================================================================
AV 88.9 72.8                               5.2 FASTST   M    M   7    MAX(MPH)
                                 MISC ---->  # 29 310               # 46  270
================================================================================
NOTES:
# LAST OF SEVERAL OCCURRENCES

COLUMN 17 PEAK WIND IN M.P.H.

PRELIMINARY LOCAL CLIMATOLOGICAL DATA (WS FORM: F-6) , PAGE 2

                                          STATION:  DAYTONA BEACH
                                          MONTH:    JULY
                                          YEAR:     2014
                                          LATITUDE:   29 10 N
                                          LONGITUDE:  81  3 W

[TEMPERATURE DATA]      [PRECIPITATION DATA]       SYMBOLS USED IN COLUMN 16

AVERAGE MONTHLY: 80.8   TOTAL FOR MONTH:   6.01    1 = FOG OR MIST
DPTR FM NORMAL:  -0.7   DPTR FM NORMAL:    1.72    2 = FOG REDUCING VISIBILITY
HIGHEST:    94 ON  3    GRTST 24HR  2.06 ON 12-13      TO 1/4 MILE OR LESS
LOWEST:     70 ON 14, 7                            3 = THUNDER
                        SNOW, ICE PELLETS, HAIL    4 = ICE PELLETS
                        TOTAL MONTH:   0.0 INCH    5 = HAIL
                        GRTST 24HR     0.0         6 = FREEZING RAIN OR DRIZZLE
                        GRTST DEPTH:   0           7 = DUSTSTORM OR SANDSTORM:
                                                       VSBY 1/2 MILE OR LESS
                                                   8 = SMOKE OR HAZE
[NO. OF DAYS WITH]      [WEATHER - DAYS WITH]      9 = BLOWING SNOW
                                                   X = TORNADO
MAX 32 OR BELOW:   0    0.01 INCH OR MORE:  19
MAX 90 OR ABOVE:  10    0.10 INCH OR MORE:  14
MIN 32 OR BELOW:   0    0.50 INCH OR MORE:   4
MIN  0 OR BELOW:   0    1.00 INCH OR MORE:   1

[HDD (BASE 65) ]
TOTAL THIS MO.     0    CLEAR  (SCALE 0-3)   0
DPTR FM NORMAL     0    PTCLDY (SCALE 4-7)  21
TOTAL FM JUL 1     0    CLOUDY (SCALE 8-10)  2
DPTR FM NORMAL     0

[CDD (BASE 65) ]
TOTAL THIS MO.   368
DPTR FM NORMAL   -12    [PRESSURE DATA]
TOTAL FM JAN 1  1482    HIGHEST SLP M ON M
DPTR FM NORMAL    54    LOWEST  SLP 29.86 ON  2

[REMARKS]
