523
CXUS54 KFWD 260730
CF6DAL
PRELIMINARY LOCAL CLIMATOLOGICAL DATA (WS FORM: F-6)

                                          STATION:   DALLAS LOVE FIELD
                                          MONTH:     JULY
                                          YEAR:      2016
                                          LATITUDE:   32 50 N
                                          LONGITUDE:  96 51 W

  TEMPERATURE IN F:       :PCPN:    SNOW:  WIND      :SUNSHINE: SKY     :PK WND
================================================================================
1   2   3   4   5  6A  6B    7    8   9   10  11  12  13   14  15   16   17  18
                                     12Z  AVG MX 2MIN
DY MAX MIN AVG DEP HDD CDD  WTR  SNW DPTH SPD SPD DIR MIN PSBL S-S WX    SPD DR
================================================================================

 1  96  79  88   3   0  23 0.00  0.0    0  7.6 17 140   M    M   3        29 150
 2  96  80  88   3   0  23 0.00  0.0    0 12.3 23 160   M    M   5        29 160
 3  97  80  89   4   0  24 0.05  0.0    0 15.4 24 180   M    M   6 3      30 180
 4  93  70  82  -3   0  17 1.23  0.0    0 12.2 33 360   M    M   9 13     43 360
 5  94  76  85   0   0  20 2.21  0.0    0 13.4 30 160   M    M   6 13     41   0
 6  97  79  88   2   0  23 0.00  0.0    0 17.3 26 170   M    M   4        35 190
 7  97  79  88   2   0  23 0.00  0.0    0 16.7 26 170   M    M   3        33 170
 8  97  78  88   2   0  23 0.00  0.0    0 13.5 23 170   M    M   5        28 170
 9  94  76  85  -1   0  20 0.01  0.0    0 10.2 43 360   M    M   8 3      54 360
10  95  75  85  -1   0  20 0.00  0.0    0 10.6 20 160   M    M   4        26 160
11  97  79  88   2   0  23 0.00  0.0    0 17.1 28 180   M    M   3 8      35 160
12  96  79  88   2   0  23 0.00  0.0    0 18.2 28 170   M    M   4 8      35 170
13  99  79  89   3   0  24 0.00  0.0    0 15.2 24 180   M    M   2        31 190
14  98  79  89   3   0  24 0.00  0.0    0 13.5 28 150   M    M   2        32 150
15  92  70  81  -5   0  16 0.36  0.0    0  8.9 29 330   M    M   5 1358   36 330
16  98  77  88   2   0  23 0.00  0.0    0 10.1 18 160   M    M   5        24 160
17  96  79  88   2   0  23 0.00  0.0    0 12.9 21 150   M    M   1        25 160
18  96  79  88   1   0  23 0.00  0.0    0  8.5 17 160   M    M   3        22 160
19  96  80  88   1   0  23 0.00  0.0    0  8.5 16 120   M    M   4        22 110
20  98  81  90   3   0  25 0.00  0.0    0  8.4 17 140   M    M   3        25 150
21  99  83  91   4   0  26 0.00  0.0    0  8.9 17 120   M    M   2        21 120
22 100  81  91   4   0  26 0.00  0.0    0  7.5 15 160   M    M   1        20 160
23 100  83  92   5   0  27 0.00  0.0    0  8.9 16 140   M    M   2        20 170
24 100  82  91   4   0  26 0.00  0.0    0  8.1 16 140   M    M   3        20 150
25 100  82  91   4   0  26    T  0.0    0  7.7 25  90   M    M   7 3      30 140
================================================================================
SM 2421 1965         0 574  3.86     0.0 291.6          M      100
================================================================================
AV 96.8 78.6                              11.7 FASTST   M    M   4    MAX(MPH)
                                 MISC ---->  # 43 360               # 54  360
================================================================================
NOTES:
# LAST OF SEVERAL OCCURRENCES

COLUMN 17 PEAK WIND IN M.P.H.

PRELIMINARY LOCAL CLIMATOLOGICAL DATA (WS FORM: F-6) , PAGE 2

                                          STATION:  DALLAS LOVE FIELD
                                          MONTH:    JULY
                                          YEAR:     2016
                                          LATITUDE:   32 50 N
                                          LONGITUDE:  96 51 W

[TEMPERATURE DATA]      [PRECIPITATION DATA]       SYMBOLS USED IN COLUMN 16

AVERAGE MONTHLY: 87.7   TOTAL FOR MONTH:   3.86    1 = FOG OR MIST
DPTR FM NORMAL:   1.6   DPTR FM NORMAL:    1.96    2 = FOG REDUCING VISIBILITY
HIGHEST:   100 ON 25,24 GRTST 24HR  3.40 ON  4- 5      TO 1/4 MILE OR LESS
LOWEST:     70 ON 15, 4                            3 = THUNDER
                        SNOW, ICE PELLETS, HAIL    4 = ICE PELLETS
                        TOTAL MONTH:   0.0 INCH    5 = HAIL
                        GRTST 24HR     0.0         6 = FREEZING RAIN OR DRIZZLE
                        GRTST DEPTH:   0           7 = DUSTSTORM OR SANDSTORM:
                                                       VSBY 1/2 MILE OR LESS
                                                   8 = SMOKE OR HAZE
[NO. OF DAYS WITH]      [WEATHER - DAYS WITH]      9 = BLOWING SNOW
                                                   X = TORNADO
MAX 32 OR BELOW:   0    0.01 INCH OR MORE:   5
MAX 90 OR ABOVE:  25    0.10 INCH OR MORE:   3
MIN 32 OR BELOW:   0    0.50 INCH OR MORE:   2
MIN  0 OR BELOW:   0    1.00 INCH OR MORE:   2

[HDD (BASE 65) ]
TOTAL THIS MO.     0    CLEAR  (SCALE 0-3)  10
DPTR FM NORMAL     0    PTCLDY (SCALE 4-7)  14
TOTAL FM JUL 1     0    CLOUDY (SCALE 8-10)  1
DPTR FM NORMAL     0

[CDD (BASE 65) ]
TOTAL THIS MO.   574
DPTR FM NORMAL    46    [PRESSURE DATA]
TOTAL FM JAN 1  1611    HIGHEST SLP M ON M
DPTR FM NORMAL    90    LOWEST  SLP 29.72 ON  4

[REMARKS]
