000
CXUS51 KRNK 310914
CF6DAN
PRELIMINARY LOCAL CLIMATOLOGICAL DATA (WS FORM: F-6)

                                          STATION:   DANVILLE VA
                                          MONTH:     JULY
                                          YEAR:      2015
                                          LATITUDE:   36 34 N
                                          LONGITUDE:  79 20 W

  TEMPERATURE IN F:       :PCPN:    SNOW:  WIND      :SUNSHINE: SKY     :PK WND
================================================================================
1   2   3   4   5  6A  6B    7    8   9   10  11  12  13   14  15   16   17  18
                                     12Z  AVG MX 2MIN
DY MAX MIN AVG DEP HDD CDD  WTR  SNW DPTH SPD SPD DIR MIN PSBL S-S WX    SPD DR
================================================================================

 1  87  65  76  -2   0  11 0.06  0.0    0  4.8 24 230   M    M   1 13     29 220
 2  84  68  76  -2   0  11 0.03  0.0    0  4.8 17 270   M    M   5 1      22 270
 3  79  67  73  -5   0   8 0.37  0.0    0  3.0  8 130   M    M   8 1      13 200
 4  86  70  78   0   0  13 0.76  0.0    0  4.5 31 340   M    M   8 13     38 330
 5  84  70  77  -1   0  12 1.02  0.0    0  3.0 20 260   M    M   4 13     26 270
 6  86  70  78   0   0  13 0.04  0.0    0  5.2 15 260   M    M   6 1      20 240
 7  89  66  78   0   0  13 0.00  0.0    0  3.5 10 240   M    M   1 1      14 240
 8  85  72  79   1   0  14    T  0.0    0  5.2 13 240   M    M   1        16 240
 9  93  73  83   5   0  18 0.00  0.0    0  5.5 16 230   M    M   0        21 230
10  93  70  82   4   0  17 0.00  0.0    0  5.5 15 270   M    M   1        20 270
11  86  70  78   0   0  13 0.00  0.0    0  5.3 15  10   M    M   4        19  10
12  85  65  75  -3   0  10    T  0.0    0  1.6 10 240   M    M   4 1      12 250
13  89  68  79   1   0  14 2.08  0.0    0  3.1 24 290   M    M   6 138    42 100
14  87  69  78   0   0  13 0.31  0.0    0  6.9 15 270   M    M   2 1      25 260
15  88  70  79   1   0  14 0.00  0.0    0  6.7 15 310   M    M   3        23 300
16  83  69  76  -2   0  11 0.00  0.0    0  5.1 14  50   M    M   4        18  30
17  86  67  77  -1   0  12 0.00  0.0    0  2.0  8 210   M    M   4 1      13 220
18  93  71  82   4   0  17 0.00  0.0    0  4.1 12 260   M    M   1        16 190
19  93  72  83   5   0  18 0.00  0.0    0  5.3 18 230   M    M   1        27 230
20  93  72  83   5   0  18 0.00  0.0    0  5.3 13 260   M    M   2 1      18 290
21  91  75  83   5   0  18 0.12  0.0    0  6.6 16 240   M    M   2 3      23 240
22  88  70  79   1   0  14 0.00  0.0    0  3.8 13 360   M    M   1        17 360
23  83  69  76  -2   0  11 0.81  0.0    0  2.5  8  60   M    M   6 1      11  60
24  87  66  77  -1   0  12 0.00  0.0    0  2.7  9  50   M    M   2 1      11  80
25  88  66  77  -1   0  12 0.00  0.0    0  2.2  8 200   M    M   2 1      13 200
26  88  66  77  -1   0  12 0.00  0.0    0  2.8 10 230   M    M   1 1      13 230
27  88  69  79   1   0  14 0.82  0.0    0  2.4 12 250   M    M   2 13     22 230
28  89  73  81   3   0  16 0.48  0.0    0  3.0 14 190   M    M   4 13     22 200
29  89  72  81   3   0  16 0.00  0.0    0  2.1  8 200   M    M   6 12     14  80
30  90  74  82   4   0  17 0.34  0.0    0  3.6 15 270   M    M   3 13     18  10
================================================================================
SM 2630 2084         0 412  7.24     0.0 122.1          M       95
================================================================================
AV 87.7 69.5                               4.1 FASTST   M    M   3    MAX(MPH)
                                 MISC ---->  # 31 340               # 42  100
================================================================================
NOTES:
# LAST OF SEVERAL OCCURRENCES

COLUMN 17 PEAK WIND IN M.P.H.

PRELIMINARY LOCAL CLIMATOLOGICAL DATA (WS FORM: F-6) , PAGE 2

                                          STATION:  DANVILLE VA
                                          MONTH:    JULY
                                          YEAR:     2015
                                          LATITUDE:   36 34 N
                                          LONGITUDE:  79 20 W

[TEMPERATURE DATA]      [PRECIPITATION DATA]       SYMBOLS USED IN COLUMN 16

AVERAGE MONTHLY: 78.6   TOTAL FOR MONTH:   7.24    1 = FOG OR MIST
DPTR FM NORMAL:   0.6   DPTR FM NORMAL:    2.79    2 = FOG REDUCING VISIBILITY
HIGHEST:    93 ON 20,19 GRTST 24HR  2.19 ON 13-14      TO 1/4 MILE OR LESS
LOWEST:     65 ON 12, 1                            3 = THUNDER
                        SNOW, ICE PELLETS, HAIL    4 = ICE PELLETS
                        TOTAL MONTH:   0.0 INCH    5 = HAIL
                        GRTST 24HR     0.0         6 = FREEZING RAIN OR DRIZZLE
                        GRTST DEPTH:   0           7 = DUSTSTORM OR SANDSTORM:
                                                       VSBY 1/2 MILE OR LESS
                                                   8 = SMOKE OR HAZE
[NO. OF DAYS WITH]      [WEATHER - DAYS WITH]      9 = BLOWING SNOW
                                                   X = TORNADO
MAX 32 OR BELOW:   0    0.01 INCH OR MORE:  13
MAX 90 OR ABOVE:   7    0.10 INCH OR MORE:  10
MIN 32 OR BELOW:   0    0.50 INCH OR MORE:   5
MIN  0 OR BELOW:   0    1.00 INCH OR MORE:   2

[HDD (BASE 65) ]
TOTAL THIS MO.     0    CLEAR  (SCALE 0-3)  16
DPTR FM NORMAL     0    PTCLDY (SCALE 4-7)  14
TOTAL FM JUL 1     0    CLOUDY (SCALE 8-10)  0
DPTR FM NORMAL     0

[CDD (BASE 65) ]
TOTAL THIS MO.   412
DPTR FM NORMAL    22    [PRESSURE DATA]
TOTAL FM JAN 1  1017    HIGHEST SLP M ON M
DPTR FM NORMAL   186    LOWEST  SLP 29.58 ON 14

[REMARKS]
