000
CXUS54 KHUN 251015
CF6DCU
PRELIMINARY LOCAL CLIMATOLOGICAL DATA (WS FORM: F-6)

                                          STATION:   DECATUR
                                          MONTH:     MAY
                                          YEAR:      2015
                                          LATITUDE:   34 39 N
                                          LONGITUDE:  86 56 W

  TEMPERATURE IN F:       :PCPN:    SNOW:  WIND      :SUNSHINE: SKY     :PK WND
================================================================================
1   2   3   4   5  6A  6B    7    8   9   10  11  12  13   14  15   16   17  18
                                     12Z  AVG MX 2MIN
DY MAX MIN AVG DEP HDD CDD  WTR  SNW DPTH SPD SPD DIR MIN PSBL S-S WX    SPD DR
================================================================================

 1  71  42  57  -8   8   0 0.00  0.0    0  6.7 16  30   M    M   0        22  20
 2  76  43  60  -5   5   0 0.00  0.0    0  2.8 12 160   M    M   0 1      19 110
 3  79  47  63  -3   2   0 0.00  0.0    0  3.2 13 200   M    M   0 1      17 230
 4  81  49  65  -1   0   0 0.00  0.0    0  2.7 12 170   M    M   1 1      15 240
 5  82  52  67   1   0   2 0.00  0.0    0  3.1 13 150   M    M   0 1      15 140
 6  82  54  68   1   0   3 0.00  0.0    0  3.5 15 140   M    M   1 18     18 140
 7  84  53  69   2   0   4 0.00  0.0    0  2.6 13 190   M    M   0        16 190
 8  85  55  70   3   0   5 0.00  0.0    0  3.0 13 210   M    M   0        18 210
 9  86  58  72   5   0   7 0.00  0.0    0  2.9 12 190   M    M   1        17 240
10  87  63  75   7   0  10 0.00  0.0    0  3.3 16 200   M    M   1 1      21 180
11  85  65  75   7   0  10 0.00  0.0    0  8.7 18 210   M    M   1 1      24 220
12  80  62  71   3   0   6 0.00  0.0    0  7.4 14 320   M    M   2        18 310
13   M  54   M   M   M   M 0.00  0.0    0  6.2 12  60   M    M   0        17  20
14   M   M   M   M   M   M 0.00  0.0    0  2.3 12  30   M    M   0        14  20
15  81  65  73   4   0   8 0.24  0.0    0  8.8 24 150   M    M   4 13     30 140
16  80  66  73   4   0   8 0.92  0.0    M  7.7 23 150   M    M   5 13     28 160
17  83  67  75   5   0  10 0.22  0.0    0  6.2 17 290   M    M   4 13     21 330
18  82  67  75   5   0  10 0.56  0.0    0  3.7 21 220   M    M   3 123    29 260
19  85  65  75   5   0  10 0.00  0.0    0  4.1 10  20   M    M   3 1      14 300
20  84  63  74   4   0   9 0.04  0.0    0  6.7 26 190   M    M   M 3      32 200
21  67  48  58 -13   7   0 0.00  0.0    0 10.0 17 320   M    M   M        21 340
22  76  44  60 -11   5   0 0.00  0.0    M  5.5 14  40   M    M   0 18     19  30
23  82  48  65  -6   0   0 0.00  0.0    0  5.7 14 140   M    M   0        19 160
24  82  60  71  -1   0   6 0.14  0.0    0  9.5 22 190   M    M   3 1      26 150
================================================================================
SM 1780 1290        27 108  2.12     0.0 126.3          M       29
================================================================================
AV 80.9 56.1                               5.3 FASTST   M    M   1    MAX(MPH)
                                 MISC ---->  # 26 190               # 32  200
================================================================================
NOTES:
# LAST OF SEVERAL OCCURRENCES

COLUMN 17 PEAK WIND IN M.P.H.

PRELIMINARY LOCAL CLIMATOLOGICAL DATA (WS FORM: F-6) , PAGE 2

                                          STATION:  DECATUR
                                          MONTH:    MAY
                                          YEAR:     2015
                                          LATITUDE:   34 39 N
                                          LONGITUDE:  86 56 W

[TEMPERATURE DATA]      [PRECIPITATION DATA]       SYMBOLS USED IN COLUMN 16

AVERAGE MONTHLY: 68.5   TOTAL FOR MONTH:   2.12    1 = FOG OR MIST
DPTR FM NORMAL:   0.1   DPTR FM NORMAL:   -1.33    2 = FOG REDUCING VISIBILITY
HIGHEST:    87 ON 10    GRTST 24HR  1.03 ON 15-16      TO 1/4 MILE OR LESS
LOWEST:     42 ON  1                               3 = THUNDER
                        SNOW, ICE PELLETS, HAIL    4 = ICE PELLETS
                        TOTAL MONTH:   0.0 INCH    5 = HAIL
                        GRTST 24HR     0.0         6 = FREEZING RAIN OR DRIZZLE
                        GRTST DEPTH:   0           7 = DUSTSTORM OR SANDSTORM:
                                                       VSBY 1/2 MILE OR LESS
                                                   8 = SMOKE OR HAZE
[NO. OF DAYS WITH]      [WEATHER - DAYS WITH]      9 = BLOWING SNOW
                                                   X = TORNADO
MAX 32 OR BELOW:   0    0.01 INCH OR MORE:   6
MAX 90 OR ABOVE:   0    0.10 INCH OR MORE:   5
MIN 32 OR BELOW:   0    0.50 INCH OR MORE:   2
MIN  0 OR BELOW:   0    1.00 INCH OR MORE:   0

[HDD (BASE 65) ]
TOTAL THIS MO.    27    CLEAR  (SCALE 0-3)  18
DPTR FM NORMAL    -4    PTCLDY (SCALE 4-7)   4
TOTAL FM JUL 1  3452    CLOUDY (SCALE 8-10)  0
DPTR FM NORMAL   229

[CDD (BASE 65) ]
TOTAL THIS MO.   108
DPTR FM NORMAL    -4    [PRESSURE DATA]
TOTAL FM JAN 1   143    HIGHEST SLP M ON M
DPTR FM NORMAL   -25    LOWEST  SLP 29.86 ON 20

[REMARKS]
