000
CXUS53 KILX 012300
CF6DEC
PRELIMINARY LOCAL CLIMATOLOGICAL DATA (WS FORM: F-6)

                                          STATION:   DECATUR IL AIRPORT
                                          MONTH:     JUNE
                                          YEAR:      2015
                                          LATITUDE:   39 49 N
                                          LONGITUDE:  88 51 W

  TEMPERATURE IN F:       :PCPN:    SNOW:  WIND      :SUNSHINE: SKY     :PK WND
================================================================================
1   2   3   4   5  6A  6B    7    8   9   10  11  12  13   14  15   16   17  18
                                     12Z  AVG MX 2MIN
DY MAX MIN AVG DEP HDD CDD  WTR  SNW DPTH SPD SPD DIR MIN PSBL S-S WX    SPD DR
================================================================================

 1  68  53  61  -7   4   0 0.00    M    M  9.4 15  50   M    M   9        21  70
 2  74  50  62  -6   3   0 0.00    M    M  6.5 14  80   M    M   1 1      21  70
 3  76  53  65  -3   0   0 0.00    M    M  5.6 13 150   M    M   2 18     19  70
 4  82  60  71   2   0   6 0.00    M    M  6.4 14 230   M    M   3 18      M  M
 5  88  59  74   5   0   9 0.00    M    M  7.7 22  40   M    M   2 12     29  40
 6  81  55  68  -1   0   3 0.00    M    M  6.3 13  70   M    M   1 1      18  20
 7  90  62  76   6   0  11 0.83    M    M 14.9 32 310   M    M   3 13     43 310
 8  83  67  75   5   0  10 0.45    M    M 11.7 18 180   M    M   5 1      25 280
 9  88  63  76   6   0  11 0.00    M    M  5.6 13 240   M    M   0        19 210
10  91  68  80   9   0  15 0.00  0.0    0 12.1 21 200   M    M   0        29 220
11  89  69  79   8   0  14 0.00    M    M  9.6 18 200   M    M   1        26 220
12  88  69  79   8   0  14 0.42    M    M  9.7 23 210   M    M   5 138    34 230
13  87  71  79   7   0  14 0.04    M    M  9.7 22 220   M    M   3 3      28 240
14  83  72  78   6   0  13    T    M    M 10.9 20 170   M    M   5        24 220
15  88  72  80   8   0  15 0.30    M    M  9.7 21 230   M    M   4 1      27 220
16  81  67  74   2   0   9 0.02    M    M  7.0 15  30   M    M   8 1       M  M
17  78  66  72  -1   0   7 0.05    M    M  7.7 18 230   M    M   8 18     24 220
18  84  69  77   4   0  12 0.63    M    M  5.7 32 240   M    M   6 138    47 240
19  74  67  71  -2   0   6 0.03    M    M 10.5 20  50   M    M  10 1      23  50
20  83  66  75   1   0  10    M    M    0  8.1 29 310   M    M   7 18     41 310
21  83  69  76   2   0  11 0.00    M    M  8.9 23 320   M    M   4 8      27 180
22  88  72  80   6   0  15 0.00    M    M 13.5 26 230   M    M   3        35 230
23  82  63  73  -1   0   8 0.00    M    M  8.4 21 280   M    M   1        30 290
24  77  64  71  -4   0   6 0.47    M    M  6.4 17 220   M    M   6 13     23 220
25  82  68  75   0   0  10 0.99    M    M  6.8 25 330   M    M   7 13     34 320
26  72  65  69  -6   0   4 0.68    M    M  6.7 18  70   M    M   9 12     22  30
27  78  59  69  -6   0   4 0.00    M    M  9.1 18 350   M    M   2 18     26 350
28  78  57  68  -7   0   3 0.28    M    M  7.7 17 150   M    M   4 13     26 230
29  80  66  73  -3   0   8 0.00    M    M  8.1 18 170   M    M   5 1      24 170
30  84  65  75  -1   0  10 0.07    M    M  6.5 14 320   M    M   3 13     19 260
================================================================================
SM 2460 1926         7 258  5.26     0.0 256.9          M      127
================================================================================
AV 82.0 64.2                               8.6 FASTST   M    M   4    MAX(MPH)
                                 MISC ---->  # 32 310               # 47  240
================================================================================
NOTES:
# LAST OF SEVERAL OCCURRENCES

COLUMN 17 PEAK WIND IN M.P.H.

PRELIMINARY LOCAL CLIMATOLOGICAL DATA (WS FORM: F-6) , PAGE 2

                                          STATION:  DECATUR IL AIRPORT
                                          MONTH:    JUNE
                                          YEAR:     2015
                                          LATITUDE:   39 49 N
                                          LONGITUDE:  88 51 W

[TEMPERATURE DATA]      [PRECIPITATION DATA]       SYMBOLS USED IN COLUMN 16

AVERAGE MONTHLY: 73.1   TOTAL FOR MONTH:   5.26    1 = FOG OR MIST
DPTR FM NORMAL:   1.0   DPTR FM NORMAL:    0.91    2 = FOG REDUCING VISIBILITY
HIGHEST:    91 ON 10    GRTST 24HR  1.46 ON 24-25      TO 1/4 MILE OR LESS
LOWEST:     50 ON  2                               3 = THUNDER
                        SNOW, ICE PELLETS, HAIL    4 = ICE PELLETS
                        TOTAL MONTH:   0.0 INCH    5 = HAIL
                        GRTST 24HR     0.0         6 = FREEZING RAIN OR DRIZZLE
                        GRTST DEPTH:   0           7 = DUSTSTORM OR SANDSTORM:
                                                       VSBY 1/2 MILE OR LESS
                                                   8 = SMOKE OR HAZE
[NO. OF DAYS WITH]      [WEATHER - DAYS WITH]      9 = BLOWING SNOW
                                                   X = TORNADO
MAX 32 OR BELOW:   0    0.01 INCH OR MORE:  14
MAX 90 OR ABOVE:   2    0.10 INCH OR MORE:   9
MIN 32 OR BELOW:   0    0.50 INCH OR MORE:   4
MIN  0 OR BELOW:   0    1.00 INCH OR MORE:   0

[HDD (BASE 65) ]
TOTAL THIS MO.     7    CLEAR  (SCALE 0-3)  14
DPTR FM NORMAL   -10    PTCLDY (SCALE 4-7)  13
TOTAL FM JUL 1  5834    CLOUDY (SCALE 8-10)  3
DPTR FM NORMAL   313

[CDD (BASE 65) ]
TOTAL THIS MO.   258
DPTR FM NORMAL    29    [PRESSURE DATA]
TOTAL FM JAN 1   402    HIGHEST SLP 30.23 ON 24
DPTR FM NORMAL    86    LOWEST  SLP 29.70 ON  7

[REMARKS]
#FINAL-06-15#
