000
CXUS55 KBOU 280805
CF6DEN
PRELIMINARY LOCAL CLIMATOLOGICAL DATA (WS FORM: F-6)

                                          STATION:   DENVER CO
                                          MONTH:     MARCH
                                          YEAR:      2015
                                          LATITUDE:   39 52 N
                                          LONGITUDE: 104 40 W

  TEMPERATURE IN F:       :PCPN:    SNOW:  WIND      :SUNSHINE: SKY     :PK WND
================================================================================
1   2   3   4   5  6A  6B    7    8   9   10  11  12  13   14  15   16   17  18
                                     12Z  AVG MX 2MIN
DY MAX MIN AVG DEP HDD CDD  WTR  SNW DPTH SPD SPD DIR MIN PSBL S-S WX    SPD DR
================================================================================

 1  26   6  16 -20  49   0 0.00  0.0    2  5.2 17 140   M    M   8 128    20 140
 2  35  12  24 -12  41   0 0.00  0.0    2  6.4 21 290   M    M   7 18     25 290
 3  39  14  27 -10  38   0 0.08  1.9    2 11.4 28  10   M    M   8 128    34  20
 4  16   3  10 -27  55   0 0.04    T    3  9.1 18 200   M    M   7 128    23 200
 5  38   2  20 -17  45   0 0.00  0.0    2  9.5 21 200   M    M   4        21 200
 6  49  19  34  -4  31   0 0.00  0.0    2  8.6 14 210   M    M   3        27 310
 7  52  26  39   1  26   0 0.00  0.0    1 10.6 22 150   M    M   0        28 150
 8  52  32  42   4  23   0 0.00  0.0    T  8.0 14 170   M    M   5        17 110
 9  59  32  46   7  19   0 0.00  0.0    T  6.9 15 360   M    M   2        18 350
10  62  34  48   9  17   0 0.00  0.0    0  9.0 15  10   M    M   1        19  10
11  68  33  51  12  14   0 0.00  0.0    0  9.1 16 250   M    M   5        17 250
12  64  42  53  13  12   0 0.00  0.0    0 10.3 23  10   M    M   8        28  20
13  60  41  51  11  14   0    T  0.0    0  8.4 18 360   M    M   8        22  10
14  69  30  50  10  15   0 0.00  0.0    0 11.5 22 190   M    M   3        29 200
15  79  47  63  23   2   0 0.00  0.0    0 13.8 23 200   M    M   8        30 180
16  81  39  60  19   5   0 0.00  0.0    0 13.8 31  40   M    M   3        38  40
17  61  35  48   7  17   0 0.00  0.0    0 14.7 29 150   M    M   6        37 160
18  67  38  53  12  12   0 0.13  0.0    0  6.7 20 240   M    M   7 1      25 290
19  48  34  41   0  24   0 0.34    T    0  8.1 15 210   M    M   8 1      18 200
20  64  35  50   8  15   0 0.00  0.0    0  8.5 17 210   M    M   0        20 210
21  70  35  53  11  12   0 0.00  0.0    0 10.9 18 210   M    M   1        22 200
22  71  43  57  15   8   0 0.00  0.0    0 10.4 31  70   M    M   6        43  70
23  69  41  55  13  10   0    T  0.0    0 14.4 36 260   M    M   6        45 260
24  60  41  51   8  14   0 0.00  0.0    0 13.9 29 290   M    M   6        37 300
25  46  30  38  -5  27   0 0.20  1.0    0 10.8 29  20   M    M   9 12     34  20
26  60  31  46   3  19   0 0.00  0.0    0  8.6 17 110   M    M   6        22 110
27  69  39  54  11  11   0 0.00  0.0    0  7.6 18 350   M    M   6        25 350
================================================================================
SM 1534  814       575   0  0.79     2.9 266.2            M    141
================================================================================
AV 56.8 30.1                               9.9 FASTST            5    MAX(MPH)
                                 MISC ---->  # 36 260     M   M     # 45  260
================================================================================
NOTES: SUNSHINE DATA WILL NO LONGER BE AVAILABLE EFFECTIVE OCTOBER 1ST 2009.


# LAST OF SEVERAL OCCURRENCES

COLUMN 17 PEAK WIND IN M.P.H.

PRELIMINARY LOCAL CLIMATOLOGICAL DATA (WS FORM: F-6) , PAGE 2

                                          STATION:  DENVER CO
                                          MONTH:    MARCH
                                          YEAR:     2015
                                          LATITUDE:   39 52 N
                                          LONGITUDE: 104 40 W

[TEMPERATURE DATA]      [PRECIPITATION DATA]       SYMBOLS USED IN COLUMN 16

AVERAGE MONTHLY: 43.5   TOTAL FOR MONTH:   0.79    1 = FOG OR MIST
DPTR FM NORMAL:   3.6   DPTR FM NORMAL:    0.03    2 = FOG REDUCING VISIBILITY
HIGHEST:    81 ON 16    GRTST 24HR  0.34 ON 19-19      TO 1/4 MILE OR LESS
LOWEST:      2 ON  5                               3 = THUNDER
                        SNOW, ICE PELLETS, HAIL    4 = ICE PELLETS
                        TOTAL MONTH:   2.9 INCHES  5 = HAIL
                        GRTST 24HR   1.9 ON  3- 3  6 = FREEZING RAIN OR DRIZZLE
                        GRTST DEPTH:   3 ON  4     7 = DUSTSTORM OR SANDSTORM:
                                                       VSBY 1/2 MILE OR LESS
                                                   8 = SMOKE OR HAZE
[NO. OF DAYS WITH]      [WEATHER - DAYS WITH]      9 = BLOWING SNOW
                                                   X = TORNADO
MAX 32 OR BELOW:   2    0.01 INCH OR MORE:   5
MAX 90 OR ABOVE:   0    0.10 INCH OR MORE:   3
MIN 32 OR BELOW:  12    0.50 INCH OR MORE:   0
MIN  0 OR BELOW:   0    1.00 INCH OR MORE:   0

[HDD (BASE 65) ]
TOTAL THIS MO.   575    CLEAR  (SCALE 0-3)   7
DPTR FM NORMAL  -102    PTCLDY (SCALE 4-7)  17
TOTAL FM JUL 1  4688    CLOUDY (SCALE 8-10)  3
DPTR FM NORMAL  -428

[CDD (BASE 65) ]
TOTAL THIS MO.     0
DPTR FM NORMAL     0    [PRESSURE DATA]
TOTAL FM JAN 1     0    HIGHEST SLP M ON M
DPTR FM NORMAL     0    LOWEST  SLP 29.58 ON M

[REMARKS]
