000
CXUS56 KOTX 291500
CF6DEW
PRELIMINARY LOCAL CLIMATOLOGICAL DATA (WS FORM: F-6)

                                          STATION:   DEER_PARK WA AIRPORT
                                          MONTH:     APRIL
                                          YEAR:      2016
                                          LATITUDE:   47 58 N
                                          LONGITUDE: 117 25 W

  TEMPERATURE IN F:       :PCPN:    SNOW:  WIND      :SUNSHINE: SKY     :PK WND
================================================================================
1   2   3   4   5  6A  6B    7    8   9   10  11  12  13   14  15   16   17  18
                                     12Z  AVG MX 2MIN
DY MAX MIN AVG DEP HDD CDD  WTR  SNW DPTH SPD SPD DIR MIN PSBL S-S WX    SPD DR
================================================================================

 1  70  31  51   9  14   0 0.00    M    M  3.7 15 230   M    M   0        17 230
 2  69  31  50   8  15   0 0.00    M    M  7.4 22 210   M    M   1 1      27 210
 3  65  34  50   7  15   0 0.00    M    M  5.2 15 220   M    M   0        19 220
 4  54  30  42  -1  23   0 0.19    M    M  8.7 29 220   M    M   5 1      42 220
 5  56  31  44   1  21   0 0.00    M    M 10.7 22 210   M    M   2        26 210
 6  65  32  49   6  16   0 0.00    M    M  6.6 18 190   M    M   1        25 200
 7  75  32  54  11  11   0 0.00    M    M  4.8 16  30   M    M   0        19  30
 8  78  44  61  17   4   0 0.00    M    M  5.1 12 200   M    M   0        15  20
 9  73  36  55  11  10   0 0.00    M    M  4.6 18 280   M    M   0 12     22 320
10  69  35  52   8  13   0 0.00    M    M  6.0 17  30   M    M   0        23  30
11  68  30  49   5  16   0 0.00    M    M  6.4 21 210   M    M   0        25 210
12  63  35  49   5  16   0 0.01    M    M  9.2 23 200   M    M   5        30 210
13  57  40  49   5  16   0    T    M    M  8.9 23 190   M    M   7        28 220
14  50  38  44   0  21   0 0.21    M    M  7.8 17 200   M    M   8 1      21 200
15  56  28  42  -3  23   0 0.00    M    M  3.3 14 190   M    M   5 12     16 190
16  63  28  46   1  19   0 0.00    M    M  3.1  9 210   M    M   3 1      12 200
17  74  36  55  10  10   0 0.00    M    M  4.6 12  50   M    M   0        16  20
18  79  41  60  15   5   0 0.00    M    M  5.1 13  20   M    M   0 8      17  30
19  79  34  57  12   8   0 0.00    M    M  2.5  9 210   M    M   0        12 160
20  85  39  62  16   3   0 0.00    M    M  4.6 12  70   M    M   0        15  50
21  79  44  62  16   3   0 0.00    M    M  3.2 12 180   M    M   0        13 180
22  74  53  64  18   1   0 0.01    M    M  8.4 20  50   M    M   4 3      22  50
23  61  46  54   8  11   0 0.06    M    M  5.6 18 210   M    M   7 1      22 210
24  62  31  47   1  18   0 0.01    M    M  6.9 18 190   M    M   5 1      21 190
25  59  27  43  -4  22   0 0.08    M    M  2.3 12 180   M    M   7 128    15 180
26  63  32  48   1  17   0 0.00    M    M  4.5 13 200   M    M   1 1      18 140
27  65  34  50   3  15   0 0.04    M    M  4.7 20 360   M    M   7 3      26 350
28  66  40  53   6  12   0 0.00    M    M  8.3 15  60   M    M   4        26  40
================================================================================
SM 1877  992       378   0  0.61    M    162.2          M       72
================================================================================
AV 67.0 35.4                               5.8 FASTST   M    M   3    MAX(MPH)
                                 MISC ---->  # 29 220               # 42  220
================================================================================
NOTES:
# LAST OF SEVERAL OCCURRENCES

COLUMN 17 PEAK WIND IN M.P.H.

PRELIMINARY LOCAL CLIMATOLOGICAL DATA (WS FORM: F-6) , PAGE 2

                                          STATION:  DEER_PARK WA AIRPORT
                                          MONTH:    APRIL
                                          YEAR:     2016
                                          LATITUDE:   47 58 N
                                          LONGITUDE: 117 25 W

[TEMPERATURE DATA]      [PRECIPITATION DATA]       SYMBOLS USED IN COLUMN 16

AVERAGE MONTHLY: 51.2   TOTAL FOR MONTH:   0.61    1 = FOG OR MIST
DPTR FM NORMAL:   6.6   DPTR FM NORMAL:   -0.89    2 = FOG REDUCING VISIBILITY
HIGHEST:    85 ON 20    GRTST 24HR  0.21 ON 13-14      TO 1/4 MILE OR LESS
LOWEST:     27 ON 25                               3 = THUNDER
                        SNOW, ICE PELLETS, HAIL    4 = ICE PELLETS
                        TOTAL MONTH:    M          5 = HAIL
                        GRTST 24HR    M  ON   M    6 = FREEZING RAIN OR DRIZZLE
                        GRTST DEPTH:  M  ON   M    7 = DUSTSTORM OR SANDSTORM:
                                                       VSBY 1/2 MILE OR LESS
                                                   8 = SMOKE OR HAZE
[NO. OF DAYS WITH]      [WEATHER - DAYS WITH]      9 = BLOWING SNOW
                                                   X = TORNADO
MAX 32 OR BELOW:   0    0.01 INCH OR MORE:   8
MAX 90 OR ABOVE:   0    0.10 INCH OR MORE:   2
MIN 32 OR BELOW:  12    0.50 INCH OR MORE:   0
MIN  0 OR BELOW:   0    1.00 INCH OR MORE:   0

[HDD (BASE 65) ]
TOTAL THIS MO.   378    CLEAR  (SCALE 0-3)  17
DPTR FM NORMAL  -193    PTCLDY (SCALE 4-7)  11
TOTAL FM JUL 1  5742    CLOUDY (SCALE 8-10)  0
DPTR FM NORMAL -1036

[CDD (BASE 65) ]
TOTAL THIS MO.     0
DPTR FM NORMAL     0    [PRESSURE DATA]
TOTAL FM JAN 1     0    HIGHEST SLP  0.00 ON 19
DPTR FM NORMAL     0    LOWEST  SLP  0.00 ON M

[REMARKS]
