000
CXUS54 KFWD 180730
CF6DFW
PRELIMINARY LOCAL CLIMATOLOGICAL DATA (WS FORM: F-6)

                                          STATION:   DALLAS FORT WORTH
                                          MONTH:     NOVEMBER
                                          YEAR:      2017
                                          LATITUDE:   32 54 N
                                          LONGITUDE:  97  2 W

  TEMPERATURE IN F:       :PCPN:    SNOW:  WIND      :SUNSHINE: SKY     :PK WND
================================================================================
1   2   3   4   5  6A  6B    7    8   9   10  11  12  13   14  15   16   17  18
                                     12Z  AVG MX 2MIN
DY MAX MIN AVG DEP HDD CDD  WTR  SNW DPTH SPD SPD DIR MIN PSBL S-S WX    SPD DR
================================================================================

 1  81  53  67   5   0   2 0.00  0.0    0 11.3 21 170   M    M   5 18     26 180
 2  94  64  79  17   0  14 0.00  0.0    0 13.3 24 210   M    M   1 1      28 210
 3  72  54  63   1   2   0 0.00  0.0    0  6.9 15 330   M    M   6 18     17 330
 4  90  57  74  13   0   9 0.00  0.0    0 13.0 24 210   M    M   7 18     28 170
 5  94  70  82  21   0  17 0.00  0.0    0 14.9 24 210   M    M   5        29 210
 6  75  57  66   6   0   1 0.00  0.0    0  9.0 15 360   M    M   8        18  10
 7  64  51  58  -2   7   0 0.00  0.0    0 12.9 23  10   M    M   9        27  10
 8  51  46  49 -11  16   0 0.81  0.0    0 12.2 20 350   M    M  10 1      23 350
 9  57  46  52  -7  13   0 0.00  0.0    0  4.4 12 350   M    M   9        14 360
10  65  43  54  -5  11   0 0.00  0.0    0  5.6 15 160   M    M   5 18     18 170
11  71  57  64   6   1   0 0.00  0.0    0 12.1 21 160   M    M  10        25 150
12  72  61  67   9   0   2    T  0.0    0  6.7 16  20   M    M  10 1      20  20
13  69  54  62   4   3   0 0.00  0.0    0  8.2 16 140   M    M   9 18     20 130
14  80  62  71  14   0   6 0.00  0.0    0 13.3 22 190   M    M   8 1      26 180
15  75  65  70  13   0   5    T  0.0    0  9.8 21 180   M    M   9        26 180
16  74  62  68  12   0   3 0.00  0.0    0  6.7 15 160   M    M   8 18     20 140
17  85  69  77  21   0  12 0.00  0.0    0 18.8 30 190   M    M   7        36 190
================================================================================
SM 1269  971        53  71  0.81     0.0 179.1          M      126
================================================================================
AV 74.7 57.1                              10.5 FASTST   M    M   7    MAX(MPH)
                                 MISC ---->  # 30 190               # 36  190
================================================================================
NOTES:
# LAST OF SEVERAL OCCURRENCES

COLUMN 17 PEAK WIND IN M.P.H.

PRELIMINARY LOCAL CLIMATOLOGICAL DATA (WS FORM: F-6) , PAGE 2

                                          STATION:  DALLAS FORT WORTH
                                          MONTH:    NOVEMBER
                                          YEAR:     2017
                                          LATITUDE:   32 54 N
                                          LONGITUDE:  97  2 W

[TEMPERATURE DATA]      [PRECIPITATION DATA]       SYMBOLS USED IN COLUMN 16

AVERAGE MONTHLY: 65.9   TOTAL FOR MONTH:   0.81    1 = FOG OR MIST
DPTR FM NORMAL:   6.7   DPTR FM NORMAL:   -0.91    2 = FOG REDUCING VISIBILITY
HIGHEST:    94 ON  5, 2 GRTST 24HR  0.81 ON  8- 8      TO 1/4 MILE OR LESS
LOWEST:     43 ON 10                               3 = THUNDER
                        SNOW, ICE PELLETS, HAIL    4 = ICE PELLETS
                        TOTAL MONTH:   0.0 INCH    5 = HAIL
                        GRTST 24HR     0.0         6 = FREEZING RAIN OR DRIZZLE
                        GRTST DEPTH:   0           7 = DUSTSTORM OR SANDSTORM:
                                                       VSBY 1/2 MILE OR LESS
                                                   8 = SMOKE OR HAZE
[NO. OF DAYS WITH]      [WEATHER - DAYS WITH]      9 = BLOWING SNOW
                                                   X = TORNADO
MAX 32 OR BELOW:   0    0.01 INCH OR MORE:   1
MAX 90 OR ABOVE:   3    0.10 INCH OR MORE:   1
MIN 32 OR BELOW:   0    0.50 INCH OR MORE:   1
MIN  0 OR BELOW:   0    1.00 INCH OR MORE:   0

[HDD (BASE 65) ]
TOTAL THIS MO.    53    CLEAR  (SCALE 0-3)   1
DPTR FM NORMAL   -69    PTCLDY (SCALE 4-7)   8
TOTAL FM JUL 1   112    CLOUDY (SCALE 8-10)  8
DPTR FM NORMAL   -82

[CDD (BASE 65) ]
TOTAL THIS MO.    71
DPTR FM NORMAL    46    [PRESSURE DATA]
TOTAL FM JAN 1  3257    HIGHEST SLP M ON M
DPTR FM NORMAL   509    LOWEST  SLP 29.65 ON M

[REMARKS]
