000
CXUS54 KFWD 190730
CF6DFW
PRELIMINARY LOCAL CLIMATOLOGICAL DATA (WS FORM: F-6)

                                          STATION:   DALLAS FORT WORTH
                                          MONTH:     DECEMBER
                                          YEAR:      2014
                                          LATITUDE:   32 54 N
                                          LONGITUDE:  97  2 W

  TEMPERATURE IN F:       :PCPN:    SNOW:  WIND      :SUNSHINE: SKY     :PK WND
================================================================================
1   2   3   4   5  6A  6B    7    8   9   10  11  12  13   14  15   16   17  18
                                     12Z  AVG MX 2MIN
DY MAX MIN AVG DEP HDD CDD  WTR  SNW DPTH SPD SPD DIR MIN PSBL S-S WX    SPD DR
================================================================================

 1  66  31  49  -1  16   0 0.00  0.0    0 16.9 26 350   M    M   7        31 350
 2  48  31  40 -10  25   0 0.00  0.0    0  6.4 14 340   M    M   9        16 180
 3  57  48  53   3  12   0 0.00  0.0    0  7.9 15 140   M    M  10        18 140
 4  64  55  60  11   5   0 0.01  0.0    0  8.0 18 160   M    M  10 18     21 140
 5  77  55  66  17   0   1 0.02  0.0    0 12.6 24 220   M    M   8 1      28 200
 6  65  45  55   6  10   0 0.00  0.0    0 13.3 21 350   M    M   8        24 350
 7  52  42  47  -2  18   0    T  0.0    0  6.6 14 340   M    M   9 1      16 340
 8  56  40  48   0  17   0 0.00  0.0    0  5.8 13 330   M    M   6 1      15 320
 9  55  36  46  -2  19   0 0.00  0.0    0  2.4  9  40   M    M   8 12     11  10
10  56  40  48   0  17   0    T  0.0    0  5.2 13 130   M    M   9 1      15 130
11  66  50  58  10   7   0 0.00  0.0    0  7.4 14 190   M    M   9 18     16 190
12  71  58  65  18   0   0    T  0.0    0  8.6 16 170   M    M   8        21 160
13  71  57  64  17   1   0 0.00  0.0    0 13.4 24 190   M    M   7        26 190
14  67  61  64  17   1   0 0.09  0.0    0 13.4 23 170   M    M   8 1      29 170
15  65  49  57  10   8   0 0.02    M    0 14.4 24 310   M    M   2 1      30 280
16  53  39  46  -1  19   0 0.00  0.0    0 11.0 25 330   M    M   6        31 330
17  47  40  44  -2  21   0 0.37  0.0    0  7.1 18 120   M    M  10 13     21 120
18  49  41  45  -1  20   0 0.01  0.0    0  5.8 12  40   M    M  10 1      14  30
================================================================================
SM 1085  818       216   1  0.52     0.0 166.2          M      144
================================================================================
AV 60.3 45.4                               9.2 FASTST   M    M   8    MAX(MPH)
                                 MISC ---->  # 26 350               # 31  350
================================================================================
NOTES:
# LAST OF SEVERAL OCCURRENCES

COLUMN 17 PEAK WIND IN M.P.H.

PRELIMINARY LOCAL CLIMATOLOGICAL DATA (WS FORM: F-6) , PAGE 2

                                          STATION:  DALLAS FORT WORTH
                                          MONTH:    DECEMBER
                                          YEAR:     2014
                                          LATITUDE:   32 54 N
                                          LONGITUDE:  97  2 W

[TEMPERATURE DATA]      [PRECIPITATION DATA]       SYMBOLS USED IN COLUMN 16

AVERAGE MONTHLY: 52.9   TOTAL FOR MONTH:   0.52    1 = FOG OR MIST
DPTR FM NORMAL:   4.8   DPTR FM NORMAL:   -1.00    2 = FOG REDUCING VISIBILITY
HIGHEST:    77 ON  5    GRTST 24HR  0.38 ON 17-18      TO 1/4 MILE OR LESS
LOWEST:     31 ON  2, 1                            3 = THUNDER
                        SNOW, ICE PELLETS, HAIL    4 = ICE PELLETS
                        TOTAL MONTH:   0.0 INCH    5 = HAIL
                        GRTST 24HR     0.0         6 = FREEZING RAIN OR DRIZZLE
                        GRTST DEPTH:   0           7 = DUSTSTORM OR SANDSTORM:
                                                       VSBY 1/2 MILE OR LESS
                                                   8 = SMOKE OR HAZE
[NO. OF DAYS WITH]      [WEATHER - DAYS WITH]      9 = BLOWING SNOW
                                                   X = TORNADO
MAX 32 OR BELOW:   0    0.01 INCH OR MORE:   6
MAX 90 OR ABOVE:   0    0.10 INCH OR MORE:   1
MIN 32 OR BELOW:   2    0.50 INCH OR MORE:   0
MIN  0 OR BELOW:   0    1.00 INCH OR MORE:   0

[HDD (BASE 65) ]
TOTAL THIS MO.   216    CLEAR  (SCALE 0-3)   1
DPTR FM NORMAL   -90    PTCLDY (SCALE 4-7)   7
TOTAL FM JUL 1   634    CLOUDY (SCALE 8-10) 10
DPTR FM NORMAL   -26

[CDD (BASE 65) ]
TOTAL THIS MO.     1
DPTR FM NORMAL     1    [PRESSURE DATA]
TOTAL FM JAN 1  2952    HIGHEST SLP M ON M
DPTR FM NORMAL   200    LOWEST  SLP 29.76 ON 14

[REMARKS]
