000
CXUS54 KFWD 260730
CF6DFW
PRELIMINARY LOCAL CLIMATOLOGICAL DATA (WS FORM: F-6)

                                          STATION:   DALLAS FORT WORTH
                                          MONTH:     MAY
                                          YEAR:      2017
                                          LATITUDE:   32 54 N
                                          LONGITUDE:  97  2 W

  TEMPERATURE IN F:       :PCPN:    SNOW:  WIND      :SUNSHINE: SKY     :PK WND
================================================================================
1   2   3   4   5  6A  6B    7    8   9   10  11  12  13   14  15   16   17  18
                                     12Z  AVG MX 2MIN
DY MAX MIN AVG DEP HDD CDD  WTR  SNW DPTH SPD SPD DIR MIN PSBL S-S WX    SPD DR
================================================================================

 1  85  49  67  -3   0   2 0.00  0.0    0  7.8 17 240   M    M   0        23 250
 2  88  58  73   3   0   8 0.00  0.0    0 12.4 23 170   M    M   3        30 170
 3  82  59  71   1   0   6 0.02  0.0    0 17.4 35 350   M    M   7 138    44 350
 4  77  55  66  -4   0   1 0.00  0.0    0 16.8 30 350   M    M   3        37 310
 5  81  54  68  -3   0   3 0.00  0.0    0  8.6 21 320   M    M   1        26 320
 6  88  54  71   0   0   6 0.00  0.0    0  5.3 17 220   M    M   1        20 220
 7  88  59  74   3   0   9 0.00  0.0    0  8.4 18 140   M    M   1        23 120
 8  85  64  75   3   0  10 0.00  0.0    0 12.5 20 150   M    M   4        27 140
 9  82  67  75   3   0  10 0.00  0.0    0 11.4 17 150   M    M   7        23 150
10  82  72  77   5   0  12    T  0.0    0 15.8 24 150   M    M   7        32 150
11  89  69  79   7   0  14 0.02  0.0    0 12.4 22 310   M    M   7 3      26 310
12  82  62  72  -1   0   7 0.00  0.0    0 16.1 29 330   M    M   4        36 340
13  84  58  71  -2   0   6 0.00  0.0    0  5.5 13 140   M    M   1        15 130
14  91  60  76   3   0  11 0.00  0.0    0  9.7 18 160   M    M   2        24 170
15  90  69  80   6   0  15 0.00  0.0    0 14.2 21 160   M    M   5        27 150
16  85  70  78   4   0  13 0.00  0.0    0 20.3 31 170   M    M   7        42 180
17  91  69  80   6   0  15 0.12  0.0    0 16.4 32 180   M    M   5 13     41 180
18  94  77  86  12   0  21    T  0.0    0 18.5 32 170   M    M   8        40 160
19  89  72  81   6   0  16    T  0.0    0 18.8 40 220   M    M  10 3      51 220
20  82  67  75   0   0  10 0.06  0.0    0  9.9 29 250   M    M   8 3      41 250
21  82  63  73  -2   0   8 0.08  0.0    0  9.5 18 250   M    M   8 3      24 250
22  82  62  72  -4   0   7 0.18  0.0    0  7.1 14 140   M    M   8 1      18 110
23  78  62  70  -6   0   5 0.05  0.0    0 11.1 25 330   M    M   8 13     31 330
24  83  58  71  -5   0   6 0.00  0.0    0 11.1 23 310   M    M   1        28 320
25  93  60  77   1   0  12 0.00  0.0    0 17.0 32 180   M    M   4        41 190
================================================================================
SM 2133 1569         0 233  0.53     0.0 314.0          M      120
================================================================================
AV 85.3 62.8                              12.6 FASTST   M    M   5    MAX(MPH)
                                 MISC ---->  # 40 220               # 51  220
================================================================================
NOTES:
# LAST OF SEVERAL OCCURRENCES

COLUMN 17 PEAK WIND IN M.P.H.

PRELIMINARY LOCAL CLIMATOLOGICAL DATA (WS FORM: F-6) , PAGE 2

                                          STATION:  DALLAS FORT WORTH
                                          MONTH:    MAY
                                          YEAR:     2017
                                          LATITUDE:   32 54 N
                                          LONGITUDE:  97  2 W

[TEMPERATURE DATA]      [PRECIPITATION DATA]       SYMBOLS USED IN COLUMN 16

AVERAGE MONTHLY: 74.0   TOTAL FOR MONTH:   0.53    1 = FOG OR MIST
DPTR FM NORMAL:   1.0   DPTR FM NORMAL:   -3.43    2 = FOG REDUCING VISIBILITY
HIGHEST:    94 ON 18    GRTST 24HR  0.18 ON 22-22      TO 1/4 MILE OR LESS
LOWEST:     49 ON  1                               3 = THUNDER
                        SNOW, ICE PELLETS, HAIL    4 = ICE PELLETS
                        TOTAL MONTH:   0.0 INCH    5 = HAIL
                        GRTST 24HR     0.0         6 = FREEZING RAIN OR DRIZZLE
                        GRTST DEPTH:   0           7 = DUSTSTORM OR SANDSTORM:
                                                       VSBY 1/2 MILE OR LESS
                                                   8 = SMOKE OR HAZE
[NO. OF DAYS WITH]      [WEATHER - DAYS WITH]      9 = BLOWING SNOW
                                                   X = TORNADO
MAX 32 OR BELOW:   0    0.01 INCH OR MORE:   7
MAX 90 OR ABOVE:   5    0.10 INCH OR MORE:   2
MIN 32 OR BELOW:   0    0.50 INCH OR MORE:   0
MIN  0 OR BELOW:   0    1.00 INCH OR MORE:   0

[HDD (BASE 65) ]
TOTAL THIS MO.     0    CLEAR  (SCALE 0-3)   9
DPTR FM NORMAL    -6    PTCLDY (SCALE 4-7)  14
TOTAL FM JUL 1  1305    CLOUDY (SCALE 8-10)  2
DPTR FM NORMAL  -977

[CDD (BASE 65) ]
TOTAL THIS MO.   233
DPTR FM NORMAL    23    [PRESSURE DATA]
TOTAL FM JAN 1   584    HIGHEST SLP M ON M
DPTR FM NORMAL   236    LOWEST  SLP 29.55 ON 25

[REMARKS]
