388
CXUS55 KCYS 261000
CF6DGW
PRELIMINARY LOCAL CLIMATOLOGICAL DATA (WS FORM: F-6)

                                          STATION:   CONVERSE CO (DOUGLAS) WY ARPT
                                          MONTH:     MAY
                                          YEAR:      2016
                                          LATITUDE:   42 46 N
                                          LONGITUDE: 105 22 W

  TEMPERATURE IN F:       :PCPN:    SNOW:  WIND      :SUNSHINE: SKY     :PK WND
================================================================================
1   2   3   4   5  6A  6B    7    8   9   10  11  12  13   14  15   16   17  18
                                     12Z  AVG MX 2MIN
DY MAX MIN AVG DEP HDD CDD  WTR  SNW DPTH SPD SPD DIR MIN PSBL S-S WX    SPD DR
================================================================================

 1  51  27  39  -9  26   0 0.00    M    M  5.1 13 260   M    M   5        16  40
 2  64  26  45  -3  20   0 0.00    M    M 11.7 26 290   M    M   0        35 350
 3  71  36  54   5  11   0 0.00    M    M  8.3 18 280   M    M   1        24 280
 4  75  33  54   5  11   0 0.00    M    M  4.6 13 110   M    M   0        15 220
 5  81  40  61  12   4   0 0.00    M    M  4.1 13 310   M    M   0        17 320
 6  75  43  59   9   6   0 0.39    M    M 10.9 35  80   M    M   4 13     40  80
 7  59  44  52   2  13   0 0.27    M    M 14.3 24 110   M    M  10 18     31 110
 8  58  37  48  -2  17   0 0.01    M    M  9.9 23 150   M    M   6 1      29 140
 9  67  32  50  -1  15   0 0.01    M    M  5.3 16 300   M    M   3 12     21 340
10  53  32  43  -8  22   0 0.19    M    M 11.2 33 290   M    M   5 123    39 300
11  54  31  43  -8  22   0 0.00    M    M 13.8 31 300   M    M   5        38 290
12  70  26  48  -4  17   0 0.00    M    M  7.0 23 290   M    M   0        28 290
13  46  36  41 -11  24   0 0.00    M    M 11.3 25 340   M    M   8        32 330
14  49  32  41 -11  24   0 0.00    M    M  8.9 16 140   M    M   9        19 140
15  50  39  45  -8  20   0 0.14    M    M 15.0 22 140   M    M  10 1      28 150
16  42  36  39 -14  26   0 0.37    M    M  9.4 16  70   M    M  10 1      19  60
17  58  31  45  -9  20   0 0.00    M    M 14.1 28 150   M    M   3 1      33 140
18  68  32  50  -4  15   0 0.00    M    M  4.5 10 120   M    M   0        13 110
19  77  38  58   4   7   0 0.07    M    M  7.4 20 280   M    M   3 3      24 280
20  77  44  61   7   4   0    T    M    M 10.4 23 150   M    M   2        27 160
21  75  51  63   8   2   0 0.01    M    M 19.1 35 150   M    M   3 13     40 140
22  68  40  54  -1  11   0 0.16    M    M 12.0 32 290   M    M   6        39 280
23  69  36  53  -3  12   0 0.00    M    M 11.0 28 270   M    M   0        36 270
24  69  34  52  -4  13   0 0.07    M    M  8.7 26 260   M    M   1 3      34 260
25   M   M   M   M   M   M 0.01    M    M 13.2 21 210   M    M   0 3       M  M
================================================================================
SM 1526  856       362   0  1.70    M    251.2          M       94
================================================================================
AV 63.6 35.7                              10.0 FASTST   M    M   4    MAX(MPH)
                                 MISC ---->  # 35  80               # 40   80
================================================================================
NOTES:
# LAST OF SEVERAL OCCURRENCES

COLUMN 17 PEAK WIND IN M.P.H.

PRELIMINARY LOCAL CLIMATOLOGICAL DATA (WS FORM: F-6) , PAGE 2

                                          STATION:  CONVERSE CO (DOUGLAS) WY ARPT
                                          MONTH:    MAY
                                          YEAR:     2016
                                          LATITUDE:   42 46 N
                                          LONGITUDE: 105 22 W

[TEMPERATURE DATA]      [PRECIPITATION DATA]       SYMBOLS USED IN COLUMN 16

AVERAGE MONTHLY: 49.6   TOTAL FOR MONTH:   1.70    1 = FOG OR MIST
DPTR FM NORMAL:  -2.5   DPTR FM NORMAL:   -0.32    2 = FOG REDUCING VISIBILITY
HIGHEST:    81 ON  5    GRTST 24HR  0.53 ON  6- 7      TO 1/4 MILE OR LESS
LOWEST:     26 ON 12, 2                            3 = THUNDER
                        SNOW, ICE PELLETS, HAIL    4 = ICE PELLETS
                        TOTAL MONTH:    M          5 = HAIL
                        GRTST 24HR    M  ON   M    6 = FREEZING RAIN OR DRIZZLE
                        GRTST DEPTH:  M  ON   M    7 = DUSTSTORM OR SANDSTORM:
                                                       VSBY 1/2 MILE OR LESS
                                                   8 = SMOKE OR HAZE
[NO. OF DAYS WITH]      [WEATHER - DAYS WITH]      9 = BLOWING SNOW
                                                   X = TORNADO
MAX 32 OR BELOW:   0    0.01 INCH OR MORE:  12
MAX 90 OR ABOVE:   0    0.10 INCH OR MORE:   6
MIN 32 OR BELOW:   9    0.50 INCH OR MORE:   0
MIN  0 OR BELOW:   0    1.00 INCH OR MORE:   0

[HDD (BASE 65) ]
TOTAL THIS MO.   362    CLEAR  (SCALE 0-3)  14
DPTR FM NORMAL    37    PTCLDY (SCALE 4-7)   6
TOTAL FM JUL 1  6622    CLOUDY (SCALE 8-10)  5
DPTR FM NORMAL  -660

[CDD (BASE 65) ]
TOTAL THIS MO.     0
DPTR FM NORMAL     0    [PRESSURE DATA]
TOTAL FM JAN 1     0    HIGHEST SLP M ON M
DPTR FM NORMAL     0    LOWEST  SLP 29.46 ON  9

[REMARKS]
