000
CXUS54 KAMA 281015
CF6DHT
PRELIMINARY LOCAL CLIMATOLOGICAL DATA (WS FORM: F-6)

                                          STATION:   DALHART
                                          MONTH:     JULY
                                          YEAR:      2015
                                          LATITUDE:   36  1 N
                                          LONGITUDE: 102 33 W

  TEMPERATURE IN F:       :PCPN:    SNOW:  WIND      :SUNSHINE: SKY     :PK WND
================================================================================
1   2   3   4   5  6A  6B    7    8   9   10  11  12  13   14  15   16   17  18
                                     12Z  AVG MX 2MIN
DY MAX MIN AVG DEP HDD CDD  WTR  SNW DPTH SPD SPD DIR MIN PSBL S-S WX    SPD DR
================================================================================

 1 101  59  80   4   0  15 0.00  0.0    0  9.8 30 360   M    M   1        39 360
 2  93  69  81   5   0  16    T  0.0    0  9.1 37 360   M    M   3        44 360
 3  95  63  79   3   0  14    T  0.0    0  8.5 23 170   M    M   1 13     30 170
 4  96  62  79   3   0  14    T  0.0    0 13.6 25 170   M    M   0        31 160
 5  97  67  82   6   0  17 0.00  0.0    0 16.4 26 170   M    M   0        35 180
 6  89  67  78   1   0  13    T  0.0    0 17.7 35 360   M    M   4        43 360
 7  78  62  70  -7   0   5 0.00  0.0    0 12.3 23  40   M    M   7 8      28  10
 8  86  57  72  -5   0   7 2.19  0.0    0 11.9 53 290   M    M   6 1238   67 280
 9  87  62  75  -2   0  10 0.12  0.0    0  9.9 32 200   M    M   7 13     39 200
10  91  64  78   1   0  13 0.00  0.0    0 14.0 24 230   M    M   1        31 230
11  93  66  80   3   0  15 0.00  0.0    0 15.3 23 200   M    M   0        30 210
12 100  66  83   6   0  18 0.00  0.0    0  9.4 20 270   M    M   0 8      24 270
13 100  67  84   7   0  19 0.00  0.0    0  9.8 18 180   M    M   0 8      24 190
14  97  67  82   5   0  17 0.00  0.0    0  8.7 28 150   M    M   0 38     35 150
15  97  67  82   5   0  17    T  0.0    0 10.5 26 170   M    M   1 3      33 160
16  93  67  80   3   0  15    T  0.0    0  6.8 18 260   M    M   0 38     25 250
17  99  65  82   5   0  17    T  0.0    0 11.0 23 210   M    M   1 3      29 200
18 100  66  83   6   0  18 0.06  0.0    0 11.7 25 290   M    M   2 3      34 280
19  96  68  82   5   0  17    T  0.0    0  7.7 26 150   M    M   1 3      32 150
20  91  68  80   3   0  15 0.19  0.0    0 11.3 22 270   M    M   2 138    28 280
21  85  66  76  -1   0  11 0.02  0.0    0  7.9 17 180   M    M   4 1      22 150
22  92  69  81   4   0  16    T  0.0    0  7.7 18 170   M    M   2 18     24 160
23  98  67  83   6   0  18 0.00  0.0    0  9.3 21 170   M    M   0 18     25 160
24 100  67  84   7   0  19 0.00  0.0    0 11.5 24 150   M    M   1 138    31 160
25 101  70  86   9   0  21 0.00  0.0    0 10.1 23 210   M    M   1 3      28 210
26 101  69  85   8   0  20 0.00  0.0    0 13.0 29 150   M    M   0 3      33 150
27 101  69  85   8   0  20 0.00  0.0    0 14.0 30 160   M    M   1 3      37 140
================================================================================
SM 2557 1776         0 417  2.58     0.0 298.9          M       46
================================================================================
AV 94.7 65.8                              11.1 FASTST   M    M   2    MAX(MPH)
                                 MISC ---->  # 53 290               # 67  280
================================================================================
NOTES:
# LAST OF SEVERAL OCCURRENCES

COLUMN 17 PEAK WIND IN M.P.H.

PRELIMINARY LOCAL CLIMATOLOGICAL DATA (WS FORM: F-6) , PAGE 2

                                          STATION:  DALHART
                                          MONTH:    JULY
                                          YEAR:     2015
                                          LATITUDE:   36  1 N
                                          LONGITUDE: 102 33 W

[TEMPERATURE DATA]      [PRECIPITATION DATA]       SYMBOLS USED IN COLUMN 16

AVERAGE MONTHLY: 80.2   TOTAL FOR MONTH:   2.58    1 = FOG OR MIST
DPTR FM NORMAL:   3.4   DPTR FM NORMAL:    0.19    2 = FOG REDUCING VISIBILITY
HIGHEST:   101 ON 27,26 GRTST 24HR  2.19 ON  8- 8      TO 1/4 MILE OR LESS
LOWEST:     57 ON  8                               3 = THUNDER
                        SNOW, ICE PELLETS, HAIL    4 = ICE PELLETS
                        TOTAL MONTH:   0.0 INCH    5 = HAIL
                        GRTST 24HR     0.0         6 = FREEZING RAIN OR DRIZZLE
                        GRTST DEPTH:   0           7 = DUSTSTORM OR SANDSTORM:
                                                       VSBY 1/2 MILE OR LESS
                                                   8 = SMOKE OR HAZE
[NO. OF DAYS WITH]      [WEATHER - DAYS WITH]      9 = BLOWING SNOW
                                                   X = TORNADO
MAX 32 OR BELOW:   0    0.01 INCH OR MORE:   5
MAX 90 OR ABOVE:  22    0.10 INCH OR MORE:   3
MIN 32 OR BELOW:   0    0.50 INCH OR MORE:   1
MIN  0 OR BELOW:   0    1.00 INCH OR MORE:   1

[HDD (BASE 65) ]
TOTAL THIS MO.     0    CLEAR  (SCALE 0-3)  21
DPTR FM NORMAL     0    PTCLDY (SCALE 4-7)   6
TOTAL FM JUL 1     0    CLOUDY (SCALE 8-10)  0
DPTR FM NORMAL     0

[CDD (BASE 65) ]
TOTAL THIS MO.   417
DPTR FM NORMAL    97    [PRESSURE DATA]
TOTAL FM JAN 1   772    HIGHEST SLP M ON M
DPTR FM NORMAL   140    LOWEST  SLP 29.70 ON 14

[REMARKS]
