000
CXUS54 KAMA 281015
CF6DHT
PRELIMINARY LOCAL CLIMATOLOGICAL DATA (WS FORM: F-6)

                                          STATION:   DALHART
                                          MONTH:     DECEMBER
                                          YEAR:      2014
                                          LATITUDE:   36  1 N
                                          LONGITUDE: 102 33 W

  TEMPERATURE IN F:       :PCPN:    SNOW:  WIND      :SUNSHINE: SKY     :PK WND
================================================================================
1   2   3   4   5  6A  6B    7    8   9   10  11  12  13   14  15   16   17  18
                                     12Z  AVG MX 2MIN
DY MAX MIN AVG DEP HDD CDD  WTR  SNW DPTH SPD SPD DIR MIN PSBL S-S WX    SPD DR
================================================================================

 1  34  15  25 -12  40   0 0.00  0.0    0 11.6 28  20   M    M   0        33  20
 2  60  19  40   3  25   0 0.00  0.0    0  5.9 15 210   M    M   0 8      18 210
 3  47  28  38   2  27   0 0.00  0.0    0 11.3 26  10   M    M   0        31 360
 4  49  28  39   3  26   0    T  0.0    0  4.5 12  70   M    M   4 1      15  80
 5  64  36  50  14  15   0    T  0.0    0  9.1 18 360   M    M   2 1      22  20
 6  56  30  43   7  22   0 0.00  0.0    0  7.3 16 180   M    M   0        19 180
 7  66  32  49  14  16   0 0.00  0.0    0 10.0 23 190   M    M   3 8      28 200
 8  64  30  47  12  18   0 0.00  0.0    0  9.2 22 190   M    M   0        26 210
 9  60  31  46  11  19   0 0.00  0.0    0  8.3 20 200   M    M   0        23 190
10  60  32  46  11  19   0 0.00  0.0    0  4.6 10 300   M    M   3 12     12 300
11  62  23  43   9  22   0 0.00  0.0    0  7.9 14 170   M    M   0 128    18 150
12  64  25  45  11  20   0 0.00  0.0    0  6.7 13 150   M    M   3 12     16 200
13  70  33  52  18  13   0 0.00  0.0    0 14.1 29 210   M    M   1 128    36 200
14  53  36  45  11  20   0 0.17  0.0    0 19.8 36 230   M    M   6 13     45 240
15  52  30  41   7  24   0 0.00  0.0    0 10.4 24 330   M    M   0        29 330
16  48  20  34   0  31   0 0.00  0.0    0  8.9 21 200   M    M   0        25 200
17  53  27  40   6  25   0 0.00  0.0    0 10.7 22 200   M    M   4 1      27 200
18  43  26  35   1  30   0 0.00  0.0    0  5.1 14  10   M    M   6 18     16  10
19  46  24  35   1  30   0 0.00  0.0    0  6.5 15 180   M    M   5 128    19 180
20  46  22  34   0  31   0 0.00  0.0    0  7.4 15 220   M    M   6 12     19 210
21  61  20  41   7  24   0 0.00  0.0    0  6.4 17 220   M    M   0        23 220
22  49  31  40   6  25   0    T    T    0 14.1 29 350   M    M   7 1      37 340
23  39  27  33  -1  32   0    T    T    0 23.0 44 360   M    M   5 1      57 360
24  46  18  32  -2  33   0 0.00  0.0    0 11.7 22 230   M    M   0        27 230
25  57  28  43   9  22   0 0.00  0.0    0 14.1 32 210   M    M   0        40 210
26  33  16  25  -9  40   0 0.08  1.5    0 13.0 26  10   M    M   7 128    33  20
27  35  13  24 -10  41   0 0.00  0.0    1  7.0 14 210   M    M   0        17 210
================================================================================
SM 1417  700       690   0  0.25     1.5 268.6          M       62
================================================================================
AV 52.5 25.9                               9.9 FASTST   M    M   2    MAX(MPH)
                                 MISC ---->  # 44 360               # 57  360
================================================================================
NOTES:
# LAST OF SEVERAL OCCURRENCES

COLUMN 17 PEAK WIND IN M.P.H.

PRELIMINARY LOCAL CLIMATOLOGICAL DATA (WS FORM: F-6) , PAGE 2

                                          STATION:  DALHART
                                          MONTH:    DECEMBER
                                          YEAR:     2014
                                          LATITUDE:   36  1 N
                                          LONGITUDE: 102 33 W

[TEMPERATURE DATA]      [PRECIPITATION DATA]       SYMBOLS USED IN COLUMN 16

AVERAGE MONTHLY: 39.2   TOTAL FOR MONTH:   0.25    1 = FOG OR MIST
DPTR FM NORMAL:   4.5   DPTR FM NORMAL:   -0.22    2 = FOG REDUCING VISIBILITY
HIGHEST:    70 ON 13    GRTST 24HR  0.17 ON 14-14      TO 1/4 MILE OR LESS
LOWEST:     13 ON 27                               3 = THUNDER
                        SNOW, ICE PELLETS, HAIL    4 = ICE PELLETS
                        TOTAL MONTH:   1.5 INCHES  5 = HAIL
                        GRTST 24HR   1.5 ON 26-26  6 = FREEZING RAIN OR DRIZZLE
                        GRTST DEPTH:   1 ON 27     7 = DUSTSTORM OR SANDSTORM:
                                                       VSBY 1/2 MILE OR LESS
                                                   8 = SMOKE OR HAZE
[NO. OF DAYS WITH]      [WEATHER - DAYS WITH]      9 = BLOWING SNOW
                                                   X = TORNADO
MAX 32 OR BELOW:   0    0.01 INCH OR MORE:   2
MAX 90 OR ABOVE:   0    0.10 INCH OR MORE:   1
MIN 32 OR BELOW:  24    0.50 INCH OR MORE:   0
MIN  0 OR BELOW:   0    1.00 INCH OR MORE:   0

[HDD (BASE 65) ]
TOTAL THIS MO.   690    CLEAR  (SCALE 0-3)  17
DPTR FM NORMAL  -129    PTCLDY (SCALE 4-7)  10
TOTAL FM JUL 1  1543    CLOUDY (SCALE 8-10)  0
DPTR FM NORMAL  -271

[CDD (BASE 65) ]
TOTAL THIS MO.     0
DPTR FM NORMAL     0    [PRESSURE DATA]
TOTAL FM JAN 1  1411    HIGHEST SLP M ON M
DPTR FM NORMAL   273    LOWEST  SLP 29.47 ON 14

[REMARKS]
