000
CXUS53 KDLH 270634
CF6DLH
PRELIMINARY LOCAL CLIMATOLOGICAL DATA (WS FORM: F-6)

                                          STATION:   DULUTH
                                          MONTH:     APRIL
                                          YEAR:      2017
                                          LATITUDE:   46 49 N
                                          LONGITUDE:  92 11 W

  TEMPERATURE IN F:       :PCPN:    SNOW:  WIND      :SUNSHINE: SKY     :PK WND
================================================================================
1   2   3   4   5  6A  6B    7    8   9   10  11  12  13   14  15   16   17  18
                                     12Z  AVG MX 2MIN
DY MAX MIN AVG DEP HDD CDD  WTR  SNW DPTH SPD SPD DIR MIN PSBL S-S WX    SPD DR
================================================================================

 1  58  32  45  12  20   0    T  0.0    0  5.3 15 340   M    M   6        19 330
 2  57  33  45  12  20   0 0.11  0.0    0  9.0 21 190   M    M   7 1      28 170
 3  53  38  46  12  19   0 0.00  0.0    0  5.0 14 130   M    M   8 12     16 130
 4  56  36  46  12  19   0 0.00  0.0    0  7.6 18 340   M    M   2 1      22 340
 5  51  33  42   7  23   0 0.00  0.0    0  8.8 18 120   M    M   0        21 120
 6  50  28  39   4  26   0 0.00  0.0    0  8.3 18 350   M    M   0        24 340
 7  58  24  41   5  24   0 0.00  0.0    0  7.3 18 190   M    M   0        23 180
 8  62  36  49  13  16   0 0.00  0.0    0  7.9 16 170   M    M   2        22 180
 9  61  37  49  13  16   0 0.31  0.0    0  7.9 21  20   M    M   6 1      30  20
10  46  31  39   2  26   0 0.01  0.0    0 12.5 21  80   M    M   8        26 350
11  48  28  38   0  27   0 0.00  0.0    0  5.9 15  70   M    M   3        21  80
12  60  30  45   7  20   0 0.00  0.0    0  5.6 15 170   M    M   3        19 170
13  59  31  45   7  20   0 0.00  0.0    0  6.9 15 150   M    M   3 128    21 150
14  58  37  48   9  17   0    T  0.0    0 11.7 22 100   M    M   3        25 110
15  70  47  59  20   6   0 0.01  0.0    0  6.6 14 310   M    M   9 18     18 320
16  62  33  48   8  17   0 0.01  0.0    0 12.3 32 290   M    M   7 12     46 300
17  42  30  36  -4  29   0    T    T    0  9.2 18 110   M    M   8 12     24 100
18  43  30  37  -4  28   0 0.83  0.0    0 12.8 28  90   M    M  10 126    35 100
19  45  35  40  -1  25   0 0.01  0.0    0 13.1 23  80   M    M   8        33  70
20  41  34  38  -4  27   0 0.73  0.6    T 13.4 24  70   M    M   9 1      32  70
21  60  34  47   5  18   0 0.00  0.0    0  6.8 14 180   M    M   2 12     19 350
22  68  36  52   9  13   0    T  0.0    0 11.5 25 260   M    M   3        32 300
23  45  31  38  -5  27   0 0.16  0.6    T 12.7 23  80   M    M   9 1      30  70
24  41  31  36  -8  29   0    T  0.0    0 20.7 32 100   M    M   7        40  90
25  59  36  48   4  17   0 0.40  0.0    0 10.7 22  60   M    M   9 1      30  70
26  36  25  31 -14  34   0 0.44  0.7    T 12.3 25  70   M    M  10 146    32  70
================================================================================
SM 1389  856       563   0  3.02     1.9 251.8          M      142
================================================================================
AV 53.4 32.9                               9.7 FASTST   M    M   5    MAX(MPH)
                                 MISC ---->  # 32 290               # 46  300
================================================================================
NOTES:
# LAST OF SEVERAL OCCURRENCES

COLUMN 17 PEAK WIND IN M.P.H.

PRELIMINARY LOCAL CLIMATOLOGICAL DATA (WS FORM: F-6) , PAGE 2

                                          STATION:  DULUTH
                                          MONTH:    APRIL
                                          YEAR:     2017
                                          LATITUDE:   46 49 N
                                          LONGITUDE:  92 11 W

[TEMPERATURE DATA]      [PRECIPITATION DATA]       SYMBOLS USED IN COLUMN 16

AVERAGE MONTHLY: 43.2   TOTAL FOR MONTH:   3.02    1 = FOG OR MIST
DPTR FM NORMAL:   4.5   DPTR FM NORMAL:    0.99    2 = FOG REDUCING VISIBILITY
HIGHEST:    70 ON 15    GRTST 24HR  0.83 ON 18-18      TO 1/4 MILE OR LESS
LOWEST:     24 ON  7                               3 = THUNDER
                        SNOW, ICE PELLETS, HAIL    4 = ICE PELLETS
                        TOTAL MONTH:   1.9 INCHES  5 = HAIL
                        GRTST 24HR   0.7 ON   M    6 = FREEZING RAIN OR DRIZZLE
                        GRTST DEPTH:   0           7 = DUSTSTORM OR SANDSTORM:
                                                       VSBY 1/2 MILE OR LESS
                                                   8 = SMOKE OR HAZE
[NO. OF DAYS WITH]      [WEATHER - DAYS WITH]      9 = BLOWING SNOW
                                                   X = TORNADO
MAX 32 OR BELOW:   0    0.01 INCH OR MORE:  11
MAX 90 OR ABOVE:   0    0.10 INCH OR MORE:   7
MIN 32 OR BELOW:  12    0.50 INCH OR MORE:   2
MIN  0 OR BELOW:   0    1.00 INCH OR MORE:   0

[HDD (BASE 65) ]
TOTAL THIS MO.   563    CLEAR  (SCALE 0-3)  10
DPTR FM NORMAL  -121    PTCLDY (SCALE 4-7)  10
TOTAL FM JUL 1  7446    CLOUDY (SCALE 8-10)  6
DPTR FM NORMAL -1315

[CDD (BASE 65) ]
TOTAL THIS MO.     0
DPTR FM NORMAL     0    [PRESSURE DATA]
TOTAL FM JAN 1     0    HIGHEST SLP M ON M
DPTR FM NORMAL     0    LOWEST  SLP 29.52 ON M

[REMARKS]
