000
CXUS53 KDLH 230623
CF6DLH
PRELIMINARY LOCAL CLIMATOLOGICAL DATA (WS FORM: F-6)

                                          STATION:   DULUTH
                                          MONTH:     MARCH
                                          YEAR:      2017
                                          LATITUDE:   46 49 N
                                          LONGITUDE:  92 11 W

  TEMPERATURE IN F:       :PCPN:    SNOW:  WIND      :SUNSHINE: SKY     :PK WND
================================================================================
1   2   3   4   5  6A  6B    7    8   9   10  11  12  13   14  15   16   17  18
                                     12Z  AVG MX 2MIN
DY MAX MIN AVG DEP HDD CDD  WTR  SNW DPTH SPD SPD DIR MIN PSBL S-S WX    SPD DR
================================================================================

 1  31  15  23   3  42   0 0.00  0.0   10  7.7 17  60   M    M   7        21  60
 2  17   1   9 -11  56   0 0.00  0.0    9 11.6 22 310   M    M   0        30 300
 3  21  -9   6 -15  59   0 0.00  0.0    9  5.8  9 160   M    M   0        12 190
 4  36  12  24   3  41   0 0.00  0.0    9 12.8 23 140   M    M   5        30 150
 5  43  29  36  14  29   0 0.00  0.0    8 11.4 23 120   M    M   6        30 120
 6  51  37  44  22  21   0 0.24  0.0    6 13.9 21 120   M    M  10 123    34 180
 7  48  20  34  12  31   0    T    T    4 28.4 46 260   M    M   8 1289   60 260
 8  23  10  17  -6  48   0    T    T    3 25.0 43 280   M    M   6 9      54 270
 9  24   2  13 -10  52   0 0.00  0.0    3 15.0 22 330   M    M   0        34 330
10  12  -7   3 -21  62   0 0.00  0.0    3 12.4 21 330   M    M   0        27 340
11  18  -4   7 -17  58   0 0.00  0.0    3  8.2 17 330   M    M   1        22 330
12  18   5  12 -12  53   0 0.06  1.2    3  8.1 16 100   M    M   6 18     19 100
13  21   2  12 -13  53   0 0.01  0.1    4  6.9 15 130   M    M   3        20 110
14  29  -3  13 -12  52   0 0.00  0.0    4  5.0 14 330   M    M   0        19 360
15  36   3  20  -6  45   0 0.00  0.0    4  4.5 13 260   M    M   0        16 240
16  39  16  28   2  37   0 0.15  1.4    3  9.1 15 130   M    M   3 14     18 190
17  37  29  33   7  32   0 0.30  2.4    6 13.3 24 320   M    M  10 1      32 300
18  34  23  29   2  36   0 0.00  0.0    5 10.9 26 330   M    M   5        33 330
19  43  24  34   7  31   0 0.00  0.0    5 10.1 17 130   M    M   2        24 140
20  51  34  43  15  22   0 0.00  0.0    3 10.6 22 320   M    M   1        28 280
21  37  16  27  -1  38   0 0.00  0.0    3 12.5 26 330   M    M   1        35 320
22  33  11  22  -6  43   0    T    T    2  9.0 15 130   M    M   2        18 130
================================================================================
SM  702  266       941   0  0.76     5.1 252.2          M       76
================================================================================
AV 31.9 12.1                              11.5 FASTST   M    M   3    MAX(MPH)
                                 MISC ---->  # 46 260               # 60  260
================================================================================
NOTES:
# LAST OF SEVERAL OCCURRENCES

COLUMN 17 PEAK WIND IN M.P.H.

PRELIMINARY LOCAL CLIMATOLOGICAL DATA (WS FORM: F-6) , PAGE 2

                                          STATION:  DULUTH
                                          MONTH:    MARCH
                                          YEAR:     2017
                                          LATITUDE:   46 49 N
                                          LONGITUDE:  92 11 W

[TEMPERATURE DATA]      [PRECIPITATION DATA]       SYMBOLS USED IN COLUMN 16

AVERAGE MONTHLY: 22.0   TOTAL FOR MONTH:   0.76    1 = FOG OR MIST
DPTR FM NORMAL:  -2.2   DPTR FM NORMAL:   -0.25    2 = FOG REDUCING VISIBILITY
HIGHEST:    51 ON 20, 6 GRTST 24HR  0.30 ON 17-17      TO 1/4 MILE OR LESS
LOWEST:     -9 ON  3                               3 = THUNDER
                        SNOW, ICE PELLETS, HAIL    4 = ICE PELLETS
                        TOTAL MONTH:   5.1 INCHES  5 = HAIL
                        GRTST 24HR   2.4 ON   M    6 = FREEZING RAIN OR DRIZZLE
                        GRTST DEPTH:  10 ON  1     7 = DUSTSTORM OR SANDSTORM:
                                                       VSBY 1/2 MILE OR LESS
                                                   8 = SMOKE OR HAZE
[NO. OF DAYS WITH]      [WEATHER - DAYS WITH]      9 = BLOWING SNOW
                                                   X = TORNADO
MAX 32 OR BELOW:  10    0.01 INCH OR MORE:   5
MAX 90 OR ABOVE:   0    0.10 INCH OR MORE:   3
MIN 32 OR BELOW:  20    0.50 INCH OR MORE:   0
MIN  0 OR BELOW:   4    1.00 INCH OR MORE:   0

[HDD (BASE 65) ]
TOTAL THIS MO.   941    CLEAR  (SCALE 0-3)  12
DPTR FM NORMAL    40    PTCLDY (SCALE 4-7)   8
TOTAL FM JUL 1  6631    CLOUDY (SCALE 8-10)  2
DPTR FM NORMAL -1137

[CDD (BASE 65) ]
TOTAL THIS MO.     0
DPTR FM NORMAL     0    [PRESSURE DATA]
TOTAL FM JAN 1     0    HIGHEST SLP M ON M
DPTR FM NORMAL     0    LOWEST  SLP 29.03 ON  7

[REMARKS]
