000
CXUS56 KTFX 281205
CF6DLN
PRELIMINARY LOCAL CLIMATOLOGICAL DATA (WS FORM: F-6)

                                          STATION:   DILLON AIRPORT MT
                                          MONTH:     JANUARY
                                          YEAR:      2015
                                          LATITUDE:   45 15 N
                                          LONGITUDE: 112 33 W

  TEMPERATURE IN F:       :PCPN:    SNOW:  WIND      :SUNSHINE: SKY     :PK WND
================================================================================
1   2   3   4   5  6A  6B    7    8   9   10  11  12  13   14  15   16   17  18
                                     12Z  AVG MX 2MIN
DY MAX MIN AVG DEP HDD CDD  WTR  SNW DPTH SPD SPD DIR MIN PSBL S-S WX    SPD DR
================================================================================

 1  19  -1   9 -12  56   0 0.00    M    1  5.9 12 200   M    M   0        14 200
 2  32   2  17  -5  48   0 0.00    M    1 10.2 25 200   M    M   6        29 210
 3  27   8  18  -4  47   0    T    M    0  7.7 24 220   M    M   6 18     27 210
 4  29   7  18  -4  47   0 0.00    M    T  5.0 18 210   M    M  10        23 220
 5  47  28  38  16  27   0 0.00    M    T 20.3 36 250   M    M   6        47 230
 6  48  22  35  13  30   0 0.00    M    0 16.3 30 220   M    M   3        34 220
 7  39  17  28   6  37   0 0.00    M    0  6.2 17  50   M    M   4 1      21 210
 8  36  14  25   3  40   0 0.00    M    0 13.8 31  40   M    M   4        38  30
 9  26  14  20  -2  45   0 0.00    M    0  2.0  9  40   M    M   5        10  30
10  44  20  32  10  33   0 0.00    M    0  7.1 21 230   M    M   5        25 230
11  39  28  34  12  31   0    T    M    0  9.8 21 210   M    M   8 1      25 220
12  34  27  31   8  34   0    T    M    0  1.6  9  60   M    M  10 1      12  60
13  37  18  28   5  37   0 0.00    M    T  3.2  9 190   M    M   4        11 200
14  39  13  26   3  39   0 0.00    M    0  5.9 15 230   M    M   0        17 230
15  43  19  31   8  34   0 0.00    M    0 11.8 23 210   M    M   1        27 210
16  46  27  37  14  28   0 0.00    M    0 14.1 28 230   M    M   6        34 260
17  37  21  29   6  36   0 0.00    M    0 12.0 21 220   M    M   2 8      26 200
18  52  31  42  19  23   0 0.00    M    0 14.0 40 240   M    M   3        47 240
19  40  25  33  10  32   0 0.00    M    0 13.6 25 240   M    M   3        35 240
20  36  16  26   3  39   0 0.00    M    0  7.0 18 230   M    M   3        21 230
21  34   8  21  -2  44   0 0.00    M    0  6.1 14 220   M    M   0        16 210
22  37  12  25   2  40   0 0.00    M    0 10.0 21 220   M    M   4        24 220
23  46  21  34  11  31   0 0.00    M    0 11.4 24 220   M    M   2        30 210
24  50  30  40  17  25   0 0.00    M    0 19.2 30 230   M    M   8        37 230
25  57  36  47  24  18   0 0.00    M    0 16.0 28 240   M    M   1        35 240
26  55  34  45  22  20   0 0.00    M    0 14.3 22 210   M    M   0 8      28 210
27  55  34  45  22  20   0 0.00    M    0 10.5 16 210   M    M   2        19 190
================================================================================
SM 1084  531       941   0    T     M    275.0          M      106
================================================================================
AV 40.1 19.7                              10.2 FASTST   M    M   4    MAX(MPH)
                                 MISC ---->  # 40 240               # 47  230
================================================================================
NOTES:
# LAST OF SEVERAL OCCURRENCES

COLUMN 17 PEAK WIND IN M.P.H.

PRELIMINARY LOCAL CLIMATOLOGICAL DATA (WS FORM: F-6) , PAGE 2

                                          STATION:  DILLON AIRPORT MT
                                          MONTH:    JANUARY
                                          YEAR:     2015
                                          LATITUDE:   45 15 N
                                          LONGITUDE: 112 33 W

[TEMPERATURE DATA]      [PRECIPITATION DATA]       SYMBOLS USED IN COLUMN 16

AVERAGE MONTHLY: 29.9   TOTAL FOR MONTH:      T    1 = FOG OR MIST
DPTR FM NORMAL:   7.4   DPTR FM NORMAL:   -0.24    2 = FOG REDUCING VISIBILITY
HIGHEST:    57 ON 25    GRTST 24HR    T  ON 12-12      TO 1/4 MILE OR LESS
LOWEST:     -1 ON  1                               3 = THUNDER
                        SNOW, ICE PELLETS, HAIL    4 = ICE PELLETS
                        TOTAL MONTH:    M          5 = HAIL
                        GRTST 24HR    M  ON   M    6 = FREEZING RAIN OR DRIZZLE
                        GRTST DEPTH:   1 ON  2, 1  7 = DUSTSTORM OR SANDSTORM:
                                                       VSBY 1/2 MILE OR LESS
                                                   8 = SMOKE OR HAZE
[NO. OF DAYS WITH]      [WEATHER - DAYS WITH]      9 = BLOWING SNOW
                                                   X = TORNADO
MAX 32 OR BELOW:   5    0.01 INCH OR MORE:   0
MAX 90 OR ABOVE:   0    0.10 INCH OR MORE:   0
MIN 32 OR BELOW:  24    0.50 INCH OR MORE:   0
MIN  0 OR BELOW:   1    1.00 INCH OR MORE:   0

[HDD (BASE 65) ]
TOTAL THIS MO.   941    CLEAR  (SCALE 0-3)  11
DPTR FM NORMAL  -205    PTCLDY (SCALE 4-7)  13
TOTAL FM JUL 1  4106    CLOUDY (SCALE 8-10)  3
DPTR FM NORMAL  -561

[CDD (BASE 65) ]
TOTAL THIS MO.     0
DPTR FM NORMAL     0    [PRESSURE DATA]
TOTAL FM JAN 1     0    HIGHEST SLP M ON M
DPTR FM NORMAL     0    LOWEST  SLP 29.86 ON 18

[REMARKS]
