000
CXUS56 KTFX 261205
CF6DLN
PRELIMINARY LOCAL CLIMATOLOGICAL DATA (WS FORM: F-6)

                                          STATION:   DILLON AIRPORT MT
                                          MONTH:     APRIL
                                          YEAR:      2017
                                          LATITUDE:   45 15 N
                                          LONGITUDE: 112 33 W

  TEMPERATURE IN F:       :PCPN:    SNOW:  WIND      :SUNSHINE: SKY     :PK WND
================================================================================
1   2   3   4   5  6A  6B    7    8   9   10  11  12  13   14  15   16   17  18
                                     12Z  AVG MX 2MIN
DY MAX MIN AVG DEP HDD CDD  WTR  SNW DPTH SPD SPD DIR MIN PSBL S-S WX    SPD DR
================================================================================

 1  60  26  43   5  22   0 0.00    M    0 11.4 24 250   M    M   2        29 220
 2  55  26  41   3  24   0 0.00    M    0  9.4 30 290   M    M   5        46 320
 3  37  22  30  -8  35   0 0.02    M    0  6.7 20 260   M    M   2 1      22 260
 4  48  22  35  -4  30   0 0.00    M    M  6.6 20 260   M    M   2        24 260
 5  55  30  43   4  22   0 0.00    M    0 11.7 25 230   M    M   5        29 230
 6  66  36  51  12  14   0 0.00    M    0 11.8 30 160   M    M   4        39 150
 7  58  37  48   9  17   0 0.03    M    0 15.7 37 200   M    M   5 8      51 180
 8  51  33  42   2  23   0 0.25    M    0  7.7 24 210   M    M   6 1      29 220
 9  45  25  35  -5  30   0 0.02    M    M  8.2 20 270   M    M   6 1      24 270
10  47  23  35  -5  30   0    T    M    0 10.1 29 280   M    M   3        39 270
11  53  21  37  -3  28   0 0.00    M    0  6.8 23 160   M    M   3        29 160
12  64  31  48   8  17   0 0.00    M    0  6.9 25 170   M    M   5 1      31 190
13  67  33  50   9  15   0 0.49    M    0 12.0 40 190   M    M   4 18     54 190
14  45  31  38  -3  27   0 0.09    M    0 10.2 25 240   M    M   7 1      32 250
15  46  25  36  -5  29   0 0.00    M    0 12.6 25 240   M    M   3        36 250
16  58  24  41  -1  24   0 0.00    M    0  6.1 16  40   M    M   0        21  30
17  56  36  46   4  19   0 0.06    M    0 11.2 38 230   M    M   5 8      49 230
18  58  38  48   6  17   0 0.03    M    0  7.4 24 270   M    M   6        33 270
19  59  31  45   3  20   0 0.00    M    0  7.5 17 210   M    M   2 8      22 220
20  50  33  42  -1  23   0 0.36    M    0  7.4 17 270   M    M   6 1      24 240
21  50  32  41  -2  24   0    T    M    0  5.5 17  50   M    M   8        24  20
22  61  28  45   2  20   0 0.00    M    0  8.1 21 180   M    M   2        26 170
23  58  38  48   4  17   0 0.04    M    0 11.7 35 270   M    M   5        43 280
24  50  35  43  -1  22   0 0.17    M    0  5.9 18 280   M    M   7 1      21 280
25  53  34  44   0  21   0 0.27    M    0  7.2 21 260   M    M   9 1      25 260
================================================================================
SM 1350  750       570   0  1.83    M    225.8          M      112
================================================================================
AV 54.0 30.0                               9.0 FASTST   M    M   4    MAX(MPH)
                                 MISC ---->  # 40 190               # 54  190
================================================================================
NOTES:
# LAST OF SEVERAL OCCURRENCES

COLUMN 17 PEAK WIND IN M.P.H.

PRELIMINARY LOCAL CLIMATOLOGICAL DATA (WS FORM: F-6) , PAGE 2

                                          STATION:  DILLON AIRPORT MT
                                          MONTH:    APRIL
                                          YEAR:     2017
                                          LATITUDE:   45 15 N
                                          LONGITUDE: 112 33 W

[TEMPERATURE DATA]      [PRECIPITATION DATA]       SYMBOLS USED IN COLUMN 16

AVERAGE MONTHLY: 42.0   TOTAL FOR MONTH:   1.83    1 = FOG OR MIST
DPTR FM NORMAL:   1.1   DPTR FM NORMAL:    0.99    2 = FOG REDUCING VISIBILITY
HIGHEST:    67 ON 13    GRTST 24HR  0.49 ON 13-13      TO 1/4 MILE OR LESS
LOWEST:     21 ON 11                               3 = THUNDER
                        SNOW, ICE PELLETS, HAIL    4 = ICE PELLETS
                        TOTAL MONTH:    M          5 = HAIL
                        GRTST 24HR    M  ON   M    6 = FREEZING RAIN OR DRIZZLE
                        GRTST DEPTH:   0           7 = DUSTSTORM OR SANDSTORM:
                                                       VSBY 1/2 MILE OR LESS
                                                   8 = SMOKE OR HAZE
[NO. OF DAYS WITH]      [WEATHER - DAYS WITH]      9 = BLOWING SNOW
                                                   X = TORNADO
MAX 32 OR BELOW:   0    0.01 INCH OR MORE:  12
MAX 90 OR ABOVE:   0    0.10 INCH OR MORE:   5
MIN 32 OR BELOW:  15    0.50 INCH OR MORE:   0
MIN  0 OR BELOW:   0    1.00 INCH OR MORE:   0

[HDD (BASE 65) ]
TOTAL THIS MO.   570    CLEAR  (SCALE 0-3)   9
DPTR FM NORMAL   -34    PTCLDY (SCALE 4-7)  15
TOTAL FM JUL 1  7261    CLOUDY (SCALE 8-10)  1
DPTR FM NORMAL  -210

[CDD (BASE 65) ]
TOTAL THIS MO.     0
DPTR FM NORMAL     0    [PRESSURE DATA]
TOTAL FM JAN 1     0    HIGHEST SLP M ON M
DPTR FM NORMAL     0    LOWEST  SLP 29.45 ON 13

[REMARKS]
