672
CXUS54 KEPZ 211200
CF6DMN
PRELIMINARY LOCAL CLIMATOLOGICAL DATA (WS FORM: F-6)

                                          STATION:   DEMING
                                          MONTH:     NOVEMBER
                                          YEAR:      2017
                                          LATITUDE:   32 15 N
                                          LONGITUDE: 107 42 W

  TEMPERATURE IN F:       :PCPN:    SNOW:  WIND      :SUNSHINE: SKY     :PK WND
================================================================================
1   2   3   4   5  6A  6B    7    8   9   10  11  12  13   14  15   16   17  18
                                     12Z  AVG MX 2MIN
DY MAX MIN AVG DEP HDD CDD  WTR  SNW DPTH SPD SPD DIR MIN PSBL S-S WX    SPD DR
================================================================================

 1  75  42  59   4   6   0 0.00  0.0    0  9.9 24 280   M    M   0        31 290
 2  75  43  59   4   6   0 0.00  0.0    0  8.5 22 260   M    M   0        27 260
 3  76  40  58   3   7   0 0.00  0.0    0  7.4 18 280   M    M   0        24 260
 4  75  45  60   6   5   0 0.00  0.0    0  7.1 20 260   M    M   0        27 230
 5  77  46  62   8   3   0 0.00  0.0    0  9.0 22 280   M    M   0        28 270
 6  77  41  59   6   6   0 0.00  0.0    0  8.1 24 260   M    M   0        31 270
 7  75  46  61   8   4   0    T    M    0  6.5 20 310   M    M   1        25 310
 8  66  48  57   4   8   0 0.10  0.0    0  5.1 17 300   M    M   5 1      24 310
 9  70  43  57   5   8   0 0.00  0.0    0  5.8 14  80   M    M   0 1      16  70
10  75  41  58   6   7   0 0.00  0.0    0  4.0 12 210   M    M   0        14 200
11  79  44  62  10   3   0 0.00  0.0    0  7.7 20 270   M    M   0        26 260
12  77  40  59   8   6   0 0.00  0.0    0  7.0 16  60   M    M   0        20  70
13  77  43  60   9   5   0 0.00  0.0    0  5.0 14 100   M    M   0        16  90
14  83  45  64  14   1   0 0.00  0.0    0  8.7 23 270   M    M   0        31 270
15  79  37  58   8   7   0 0.00  0.0    0  5.5 16 130   M    M   0        21 110
16  82  38  60  10   5   0 0.00  0.0    0  5.7 16 260   M    M   0        22 250
17  79  39  59  10   6   0 0.00  0.0    0  9.8 26 280   M    M   0        32 280
18  68  39  54   5  11   0 0.00  0.0    0  8.1 18  70   M    M   0        22  70
19  61  33  47  -1  18   0 0.00  0.0    0  7.7 16  80   M    M   0        21  70
20  69  26  48   0  17   0 0.00  0.0    0  6.6 20 250   M    M   0        26 260
================================================================================
SM 1495  819       139   0  0.10     0.0 143.2          M        6
================================================================================
AV 74.8 41.0                               7.2 FASTST   M    M   0    MAX(MPH)
                                 MISC ---->  # 26 280               # 32  280
================================================================================
NOTES:
# LAST OF SEVERAL OCCURRENCES

COLUMN 17 PEAK WIND IN M.P.H.

PRELIMINARY LOCAL CLIMATOLOGICAL DATA (WS FORM: F-6) , PAGE 2

                                          STATION:  DEMING
                                          MONTH:    NOVEMBER
                                          YEAR:     2017
                                          LATITUDE:   32 15 N
                                          LONGITUDE: 107 42 W

[TEMPERATURE DATA]      [PRECIPITATION DATA]       SYMBOLS USED IN COLUMN 16

AVERAGE MONTHLY: 57.9   TOTAL FOR MONTH:   0.10    1 = FOG OR MIST
DPTR FM NORMAL:   6.1   DPTR FM NORMAL:   -0.32    2 = FOG REDUCING VISIBILITY
HIGHEST:    83 ON 14    GRTST 24HR  0.14 ON 31- 1      TO 1/4 MILE OR LESS
LOWEST:     26 ON 20                               3 = THUNDER
                        SNOW, ICE PELLETS, HAIL    4 = ICE PELLETS
                        TOTAL MONTH:   0.0 INCH    5 = HAIL
                        GRTST 24HR     0.0         6 = FREEZING RAIN OR DRIZZLE
                        GRTST DEPTH:   0           7 = DUSTSTORM OR SANDSTORM:
                                                       VSBY 1/2 MILE OR LESS
                                                   8 = SMOKE OR HAZE
[NO. OF DAYS WITH]      [WEATHER - DAYS WITH]      9 = BLOWING SNOW
                                                   X = TORNADO
MAX 32 OR BELOW:   0    0.01 INCH OR MORE:   1
MAX 90 OR ABOVE:   0    0.10 INCH OR MORE:   1
MIN 32 OR BELOW:   1    0.50 INCH OR MORE:   0
MIN  0 OR BELOW:   0    1.00 INCH OR MORE:   0

[HDD (BASE 65) ]
TOTAL THIS MO.   139    CLEAR  (SCALE 0-3)  19
DPTR FM NORMAL  -126    PTCLDY (SCALE 4-7)   1
TOTAL FM JUL 1   225    CLOUDY (SCALE 8-10)  0
DPTR FM NORMAL  -184

[CDD (BASE 65) ]
TOTAL THIS MO.     0
DPTR FM NORMAL     0    [PRESSURE DATA]
TOTAL FM JAN 1  1854    HIGHEST SLP M ON M
DPTR FM NORMAL   154    LOWEST  SLP 29.73 ON  1

[REMARKS]
