000
CXUS55 KVEF 280940
CF6DRA
PRELIMINARY LOCAL CLIMATOLOGICAL DATA (WS FORM: F-6)

                                          STATION:   DESERT ROCK-MERCURY NV
                                          MONTH:     FEBRUARY
                                          YEAR:      2015
                                          LATITUDE:   36 37 N
                                          LONGITUDE: 116  1 W

  TEMPERATURE IN F:       :PCPN:    SNOW:  WIND      :SUNSHINE: SKY     :PK WND
================================================================================
1   2   3   4   5  6A  6B    7    8   9   10  11  12  13   14  15   16   17  18
                                     12Z  AVG MX 2MIN
DY MAX MIN AVG DEP HDD CDD  WTR  SNW DPTH SPD SPD DIR MIN PSBL S-S WX    SPD DR
================================================================================

 1  63  39  51   6  14   0 0.00  0.0    0  6.2 20  50   M    M   0        23  30
 2  65  36  51   6  14   0 0.00  0.0    0  3.1 13 230   M    M   0        15 230
 3  66  37  52   6  13   0 0.00  0.0    0  3.9 12 210   M    M   0        14 220
 4  70  38  54   8  11   0 0.00  0.0    0  3.9 13  70   M    M   0        16 220
 5  70  40  55   9  10   0 0.00  0.0    0  6.5 17 130   M    M   0        21 130
 6  76  42  59  13   6   0 0.00  0.0    0 10.8 28 190   M    M   0        36 190
 7  72  52  62  16   3   0 0.00  0.0    0 11.1 30 200   M    M   2        43 200
 8  72  45  59  13   6   0 0.00  0.0    0  8.7 23 190   M    M   0        29 190
 9  71  47  59  13   6   0 0.00  0.0    0 16.9 29 200   M    M   0        39 210
10  70  45  58  12   7   0 0.00  0.0    0 12.1 22  20   M    M   0        30  30
11  69  47  58  11   7   0 0.00  0.0    0 11.8 22  30   M    M   0        26  40
12  70  43  57  10   8   0 0.00  0.0    0  7.1 17 110   M    M   0        21 110
13  77  43  60  13   5   0 0.00  0.0    0  7.0 17  40   M    M   0        20  40
14  75  39  57  10   8   0 0.00  0.0    0  4.7 13 240   M    M   0        17 240
15  77  40  59  12   6   0 0.00  0.0    0  8.8 22  30   M    M   0        26  40
16  73  37  55   7  10   0 0.00  0.0    0  6.4 17  40   M    M   0        20  40
17  67  43  55   7  10   0 0.00  0.0    0  9.3 16 120   M    M   0        21 120
18  73  36  55   7  10   0 0.00  0.0    0  3.6 12 220   M    M   0        14 220
19  73  39  56   8   9   0 0.00  0.0    0  4.2 17 230   M    M   0        21 230
20  75  40  58  10   7   0 0.00  0.0    0  3.5 13 300   M    M   0        16 220
21  69  43  56   8   9   0 0.00  0.0    0  8.6 22  20   M    M   0        29  20
22  56  37  47  -2  18   0 0.27  0.0    0 15.1 28  20   M    M   9 1      34  10
23  49  33  41  -8  24   0 0.05  0.5    T 11.1 24  40   M    M   7 1      30  40
24  64  33  49   0  16   0 0.00  0.0    0  6.5 16  50   M    M   1        23  70
25  69  32  51   2  14   0 0.00  0.0    0  3.0  9 230   M    M   0        13 220
26  69  36  53   3  12   0 0.00  0.0    0  7.1 21 310   M    M   2        28 300
27  63  46  55   5  10   0 0.00  0.0    0  9.7 29  30   M    M   3        36  30
================================================================================
SM 1863 1088       273   0  0.32     0.5 210.7          M       24
================================================================================
AV 69.0 40.3                               7.8 FASTST   M    M   1    MAX(MPH)
                                 MISC ---->  # 30 200               # 43  200
================================================================================
NOTES:
# LAST OF SEVERAL OCCURRENCES

COLUMN 17 PEAK WIND IN M.P.H.

PRELIMINARY LOCAL CLIMATOLOGICAL DATA (WS FORM: F-6) , PAGE 2

                                          STATION:  DESERT ROCK-MERCURY NV
                                          MONTH:    FEBRUARY
                                          YEAR:     2015
                                          LATITUDE:   36 37 N
                                          LONGITUDE: 116  1 W

[TEMPERATURE DATA]      [PRECIPITATION DATA]       SYMBOLS USED IN COLUMN 16

AVERAGE MONTHLY: 54.6   TOTAL FOR MONTH:   0.32    1 = FOG OR MIST
DPTR FM NORMAL:   7.4   DPTR FM NORMAL:   -0.54    2 = FOG REDUCING VISIBILITY
HIGHEST:    77 ON 15,13 GRTST 24HR  0.33 ON 22-23      TO 1/4 MILE OR LESS
LOWEST:     32 ON 25                               3 = THUNDER
                        SNOW, ICE PELLETS, HAIL    4 = ICE PELLETS
                        TOTAL MONTH:   0.5 INCH    5 = HAIL
                        GRTST 24HR   0.5 ON 23-23  6 = FREEZING RAIN OR DRIZZLE
                        GRTST DEPTH:   T           7 = DUSTSTORM OR SANDSTORM:
                                                       VSBY 1/2 MILE OR LESS
                                                   8 = SMOKE OR HAZE
[NO. OF DAYS WITH]      [WEATHER - DAYS WITH]      9 = BLOWING SNOW
                                                   X = TORNADO
MAX 32 OR BELOW:   0    0.01 INCH OR MORE:   2
MAX 90 OR ABOVE:   0    0.10 INCH OR MORE:   1
MIN 32 OR BELOW:   1    0.50 INCH OR MORE:   0
MIN  0 OR BELOW:   0    1.00 INCH OR MORE:   0

[HDD (BASE 65) ]
TOTAL THIS MO.   273    CLEAR  (SCALE 0-3)  24
DPTR FM NORMAL  -207    PTCLDY (SCALE 4-7)   2
TOTAL FM JUL 1  1726    CLOUDY (SCALE 8-10)  1
DPTR FM NORMAL  -642

[CDD (BASE 65) ]
TOTAL THIS MO.     0
DPTR FM NORMAL     0    [PRESSURE DATA]
TOTAL FM JAN 1     0    HIGHEST SLP M ON M
DPTR FM NORMAL     0    LOWEST  SLP 29.46 ON 27

[REMARKS]
