000
CXUS55 KVEF 270940
CF6DRA
PRELIMINARY LOCAL CLIMATOLOGICAL DATA (WS FORM: F-6)

                                          STATION:   DESERT ROCK-MERCURY NV
                                          MONTH:     MARCH
                                          YEAR:      2017
                                          LATITUDE:   36 37 N
                                          LONGITUDE: 116  1 W

  TEMPERATURE IN F:       :PCPN:    SNOW:  WIND      :SUNSHINE: SKY     :PK WND
================================================================================
1   2   3   4   5  6A  6B    7    8   9   10  11  12  13   14  15   16   17  18
                                     12Z  AVG MX 2MIN
DY MAX MIN AVG DEP HDD CDD  WTR  SNW DPTH SPD SPD DIR MIN PSBL S-S WX    SPD DR
================================================================================

 1  60  34  47  -3  18   0 0.00  0.0    0 10.6 20  30   M    M   0        23  30
 2  66  38  52   2  13   0 0.00  0.0    0  9.2 20  30   M    M   0        23  40
 3  69  37  53   2  12   0 0.00  0.0    0  5.0 16 130   M    M   0        20 140
 4  71  44  58   7   7   0 0.00  0.0    0 17.5 32 220   M    M   0        42 200
 5  60  33  47  -4  18   0 0.00  0.0    0 26.3 49 210   M    M   2        64 220
 6  52  27  40 -11  25   0 0.00  0.0    0  5.0 16 230   M    M   0        21 230
 7  63  29  46  -5  19   0 0.00  0.0    0  3.9 14 250   M    M   0        19 260
 8  73  38  56   4   9   0 0.00  0.0    0  5.0 15  20   M    M   0        17  30
 9  78  41  60   8   5   0 0.00  0.0    0  4.9 16  30   M    M   0        18  40
10  75  41  58   6   7   0 0.00  0.0    0  4.6 13 250   M    M   0        16 250
11  80  49  65  13   0   0 0.00  0.0    0  6.6 18  20   M    M   0        21  40
12  82  42  62  10   3   0 0.00  0.0    0  5.2 14  40   M    M   0        19  30
13  82  49  66  13   0   1 0.00  0.0    0  6.8 18  30   M    M   0        23  30
14  84  44  64  11   1   0 0.00  0.0    0  4.1 17 220   M    M   0        24 230
15  72  48  60   7   5   0 0.00  0.0    0  1.9  5 230   M    M   0         M  M
16  79  50  65  12   0   0 0.00  0.0    M  4.4 16 200   M    M   1        22 210
17  83  47  65  12   0   0 0.00  0.0    0  6.4 18 230   M    M   0        25 230
18  84  53  69  15   0   4 0.00  0.0    0  9.1 28 190   M    M   0        35 210
19  83  49  66  12   0   1 0.00  0.0    0  9.4 26 210   M    M   0        36 220
20  82  59  71  17   0   6 0.00  0.0    0 11.2 25 190   M    M   0        33 200
21  74  58  66  12   0   1    T  0.0    0 17.8 35 210   M    M   1        44 210
22  67  47  57   3   8   0 0.00  0.0    0 17.0 36 220   M    M   0        44 220
23  68  44  56   2   9   0 0.06    M    0  7.1 21 300   M    M   5 8      26 300
24  74  38  56   1   9   0 0.00  0.0    0 10.2 26 190   M    M   0        35 190
25  65  48  57   2   8   0 0.07    M    0  7.4 32 350   M    M   5        38 350
26  71  40  56   1   9   0 0.00  0.0    0  6.9 23 200   M    M   0        27 210
================================================================================
SM 1897 1127       185  13  0.13     0.0 223.5          M       14
================================================================================
AV 73.0 43.4                               8.6 FASTST   M    M   1    MAX(MPH)
                                 MISC ---->  # 49 210               # 64  220
================================================================================
NOTES:
# LAST OF SEVERAL OCCURRENCES

COLUMN 17 PEAK WIND IN M.P.H.

PRELIMINARY LOCAL CLIMATOLOGICAL DATA (WS FORM: F-6) , PAGE 2

                                          STATION:  DESERT ROCK-MERCURY NV
                                          MONTH:    MARCH
                                          YEAR:     2017
                                          LATITUDE:   36 37 N
                                          LONGITUDE: 116  1 W

[TEMPERATURE DATA]      [PRECIPITATION DATA]       SYMBOLS USED IN COLUMN 16

AVERAGE MONTHLY: 58.2   TOTAL FOR MONTH:   0.13    1 = FOG OR MIST
DPTR FM NORMAL:   5.5   DPTR FM NORMAL:   -0.45    2 = FOG REDUCING VISIBILITY
HIGHEST:    84 ON 18,14 GRTST 24HR  0.07 ON 25-25      TO 1/4 MILE OR LESS
LOWEST:     27 ON  6                               3 = THUNDER
                        SNOW, ICE PELLETS, HAIL    4 = ICE PELLETS
                        TOTAL MONTH:   0.0 INCH    5 = HAIL
                        GRTST 24HR     0.0         6 = FREEZING RAIN OR DRIZZLE
                        GRTST DEPTH:   0           7 = DUSTSTORM OR SANDSTORM:
                                                       VSBY 1/2 MILE OR LESS
                                                   8 = SMOKE OR HAZE
[NO. OF DAYS WITH]      [WEATHER - DAYS WITH]      9 = BLOWING SNOW
                                                   X = TORNADO
MAX 32 OR BELOW:   0    0.01 INCH OR MORE:   2
MAX 90 OR ABOVE:   0    0.10 INCH OR MORE:   0
MIN 32 OR BELOW:   2    0.50 INCH OR MORE:   0
MIN  0 OR BELOW:   0    1.00 INCH OR MORE:   0

[HDD (BASE 65) ]
TOTAL THIS MO.   185    CLEAR  (SCALE 0-3)  24
DPTR FM NORMAL  -138    PTCLDY (SCALE 4-7)   2
TOTAL FM JUL 1  2246    CLOUDY (SCALE 8-10)  0
DPTR FM NORMAL  -459

[CDD (BASE 65) ]
TOTAL THIS MO.    13
DPTR FM NORMAL    13    [PRESSURE DATA]
TOTAL FM JAN 1    13    HIGHEST SLP M ON M
DPTR FM NORMAL    13    LOWEST  SLP 29.61 ON  5

[REMARKS]
