000
CXUS53 KDMX 290920
CF6DSM
PRELIMINARY LOCAL CLIMATOLOGICAL DATA (WS FORM: F-6)

                                          STATION:   DES MOINES IA
                                          MONTH:     JULY
                                          YEAR:      2015
                                          LATITUDE:   41 31 N
                                          LONGITUDE:  93 39 W

  TEMPERATURE IN F:       :PCPN:    SNOW:  WIND      :SUNSHINE: SKY     :PK WND
================================================================================
1   2   3   4   5  6A  6B    7    8   9   10  11  12  13   14  15   16   17  18
                                     12Z  AVG MX 2MIN
DY MAX MIN AVG DEP HDD CDD  WTR  SNW DPTH SPD SPD DIR MIN PSBL S-S WX    SPD DR
================================================================================

 1  76  63  70  -6   0   5    T  0.0    0  8.5 16  90   M    M   9 8      22  80
 2  71  59  65 -11   0   0    T  0.0    0  6.4 13 100   M    M   8        18 100
 3  80  59  70  -6   0   5 0.00  0.0    0  3.2  9  70   M    M   3 1      17  10
 4  82  61  72  -4   0   7 0.00  0.0    0  4.4 12 180   M    M   4 8      15 180
 5  89  65  77   1   0  12 0.00  0.0    0 11.3 20 150   M    M   5 8      25 150
 6  79  66  73  -3   0   8 0.24  0.0    0  9.5 20  10   M    M  10 138    25 360
 7  74  58  66 -10   0   1 0.00  0.0    0  9.8 18  10   M    M   5 8      25  10
 8  70  60  65 -11   0   0    T  0.0    0  7.0 16 140   M    M   8 18     20 120
 9  82  58  70  -6   0   5 0.00  0.0    0  4.9 10 230   M    M   6 1      14 240
10  82  63  73  -3   0   8 0.03  0.0    0  8.2 17 140   M    M   5 18     20 140
11  86  70  78   2   0  13 0.84  0.0    0  9.1 18 160   M    M   7 13     22 160
12  93  74  84   8   0  19 0.00  0.0    0  8.9 15 190   M    M   3 1      19 170
13  97  77  87  11   0  22 0.00  0.0    0  8.2 17 290   M    M   3        22 300
14  91  73  82   6   0  17 0.00  0.0    0  7.1 16  40   M    M   3        20  10
15  80  72  76   0   0  11 0.10  0.0    0  7.8 14 120   M    M   8 13     18 130
16  88  71  80   4   0  15 0.93  0.0    0 10.1 18 190   M    M   7 13     23 100
17  95  74  85   9   0  20 0.00  0.0    0  6.9 17 210   M    M   2        22 220
18  90  76  83   7   0  18 0.00  0.0    0  7.4 23 140   M    M   6        28 150
19  85  72  79   3   0  14 0.00  0.0    0  6.8 17  40   M    M   6        22  30
20  87  68  78   2   0  13 0.02  0.0    0  8.2 21 330   M    M   6 1      27 320
21  82  62  72  -4   0   7 0.00  0.0    0  5.0 12 120   M    M   4        22 120
22  80  63  72  -4   0   7    T  0.0    0  5.6 13 160   M    M   7        16 160
23  86  67  77   1   0  12 0.00  0.0    0  7.6 16 160   M    M   2        19 170
24  88  70  79   3   0  14    T  0.0    0 10.6 40  50   M    M   5 3      55  30
25  89  74  82   6   0  17 0.12  0.0    0  5.8 16 240   M    M   7 13     22  90
26  90  70  80   4   0  15 1.19  0.0    0  6.2 24 350   M    M   5 13     30 340
27  86  71  79   3   0  14 1.26  0.0    0  9.2 30 320   M    M   8 138    35 310
28  89  71  80   4   0  15 2.44  0.0    0  9.9 28 360   M    M   8 13     36 350
================================================================================
SM 2367 1887         0 314  7.17     0.0 213.6          M      160
================================================================================
AV 84.5 67.4                               7.6 FASTST   M    M   6    MAX(MPH)
                                 MISC ---->  # 40  50               # 55   30
================================================================================
NOTES:
# LAST OF SEVERAL OCCURRENCES

COLUMN 17 PEAK WIND IN M.P.H.

PRELIMINARY LOCAL CLIMATOLOGICAL DATA (WS FORM: F-6) , PAGE 2

                                          STATION:  DES MOINES IA
                                          MONTH:    JULY
                                          YEAR:     2015
                                          LATITUDE:   41 31 N
                                          LONGITUDE:  93 39 W

[TEMPERATURE DATA]      [PRECIPITATION DATA]       SYMBOLS USED IN COLUMN 16

AVERAGE MONTHLY: 76.0   TOTAL FOR MONTH:   7.17    1 = FOG OR MIST
DPTR FM NORMAL:  -0.0   DPTR FM NORMAL:    3.10    2 = FOG REDUCING VISIBILITY
HIGHEST:    97 ON 13    GRTST 24HR  2.44 ON 28-28      TO 1/4 MILE OR LESS
LOWEST:     58 ON  9, 7                            3 = THUNDER
                        SNOW, ICE PELLETS, HAIL    4 = ICE PELLETS
                        TOTAL MONTH:   0.0 INCH    5 = HAIL
                        GRTST 24HR     0.0         6 = FREEZING RAIN OR DRIZZLE
                        GRTST DEPTH:   0           7 = DUSTSTORM OR SANDSTORM:
                                                       VSBY 1/2 MILE OR LESS
                                                   8 = SMOKE OR HAZE
[NO. OF DAYS WITH]      [WEATHER - DAYS WITH]      9 = BLOWING SNOW
                                                   X = TORNADO
MAX 32 OR BELOW:   0    0.01 INCH OR MORE:  10
MAX 90 OR ABOVE:   6    0.10 INCH OR MORE:   8
MIN 32 OR BELOW:   0    0.50 INCH OR MORE:   5
MIN  0 OR BELOW:   0    1.00 INCH OR MORE:   3

[HDD (BASE 65) ]
TOTAL THIS MO.     0    CLEAR  (SCALE 0-3)   5
DPTR FM NORMAL     0    PTCLDY (SCALE 4-7)  20
TOTAL FM JUL 1     0    CLOUDY (SCALE 8-10)  3
DPTR FM NORMAL     0

[CDD (BASE 65) ]
TOTAL THIS MO.   314
DPTR FM NORMAL    -1    [PRESSURE DATA]
TOTAL FM JAN 1   651    HIGHEST SLP M ON M
DPTR FM NORMAL    39    LOWEST  SLP 29.65 ON 13

[REMARKS]
