000
CXUS54 KFWD 280730
CF6DTO
PRELIMINARY LOCAL CLIMATOLOGICAL DATA (WS FORM: F-6)

                                          STATION:   DENTON
                                          MONTH:     MAY
                                          YEAR:      2016
                                          LATITUDE:   33 12 N
                                          LONGITUDE:  97 12 W

  TEMPERATURE IN F:       :PCPN:    SNOW:  WIND      :SUNSHINE: SKY     :PK WND
================================================================================
1   2   3   4   5  6A  6B    7    8   9   10  11  12  13   14  15   16   17  18
                                     12Z  AVG MX 2MIN
DY MAX MIN AVG DEP HDD CDD  WTR  SNW DPTH SPD SPD DIR MIN PSBL S-S WX    SPD DR
================================================================================

 1  72  53  63  -5   2   0 0.00  0.0    0 11.5 21  10   M    M   1        29 360
 2  66  47  57 -11   8   0 0.22  0.0    0 10.4 20 360   M    M   6 13     27  10
 3  73  43  58 -10   7   0    T  0.0    0  4.0 14  30   M    M   1        24 350
 4  80  49  65  -3   0   0 0.00  0.0    0  7.9 18 320   M    M   0 1      25 340
 5  81  50  66  -3   0   1 0.00  0.0    0  4.1 14  10   M    M   0        17  20
 6  83  49  66  -3   0   1 0.00  0.0    0  4.8 14 100   M    M   0        19 130
 7  83  53  68  -1   0   3 0.00  0.0    0 12.1 23 160   M    M   0        28 160
 8  74  62  68  -2   0   3 0.78  0.0    0 15.0 29 160   M    M   7 13     36 160
 9  86  63  75   5   0  10 0.07  0.0    0 13.5 32 170   M    M   5 3      42 170
10  92  67  80  10   0  15 0.00  0.0    0 14.5 28 180   M    M   0 13     36 170
11  88  61  75   4   0  10 0.02  0.0    0 11.6 35 130   M    M   1 3      46 130
12  81  61  71   0   0   6 0.00  0.0    0  9.8 22 180   M    M   0        29 170
13  83  56  70  -1   0   5 0.00  0.0    0  6.9 15 140   M    M   1        19 140
14  74  55  65  -7   0   0 0.40  0.0    0 11.6 24  30   M    M   1 13     33 350
15  73  56  65  -7   0   0 0.00  0.0    0  8.7 17 110   M    M   9        23 110
16  78  63  71  -1   0   6    T  0.0    0 11.8 21 140   M    M  10        27 180
17  75  60  68  -4   0   3 0.21  0.0    0 11.4 26  30   M    M   7 1      35  20
18  62  55  59 -14   6   0 0.11  0.0    0 10.5 20  20   M    M  10 1      24  20
19  63  56  60 -13   5   0 0.38  0.0    0  6.2 20 110   M    M   9 13     23 110
20  80  55  68  -5   0   3 0.00  0.0    0  4.1 10 130   M    M   5 1      13 140
21  82  57  70  -4   0   5 0.00  0.0    0  6.7 14 110   M    M   4 1      17 100
22  84  69  77   3   0  12 0.02  0.0    0  9.7 22 130   M    M   6        26 130
23  81  64  73  -1   0   8 0.62  0.0    0 13.3 28  10   M    M   8 13     33 160
24  85  72  79   4   0  14 0.01  0.0    0 12.0 23 170   M    M   8 1      28 170
25  87  76  82   7   0  17    T  0.0    0 14.6 23 180   M    M   9        31 170
26  82  68  75   0   0  10 0.04  0.0    0 14.9 30 150   M    M   4 3      38 150
27  81  65  73  -3   0   8 1.15  0.0    0 15.4 39 130   M    M   2 13     50 130
================================================================================
SM 2129 1585        28 140  4.03     0.0 277.0          M      114
================================================================================
AV 78.9 58.7                              10.3 FASTST   M    M   4    MAX(MPH)
                                 MISC ---->  # 39 130               # 50  130
================================================================================
NOTES:
# LAST OF SEVERAL OCCURRENCES

COLUMN 17 PEAK WIND IN M.P.H.

PRELIMINARY LOCAL CLIMATOLOGICAL DATA (WS FORM: F-6) , PAGE 2

                                          STATION:  DENTON
                                          MONTH:    MAY
                                          YEAR:     2016
                                          LATITUDE:   33 12 N
                                          LONGITUDE:  97 12 W

[TEMPERATURE DATA]      [PRECIPITATION DATA]       SYMBOLS USED IN COLUMN 16

AVERAGE MONTHLY: 68.8   TOTAL FOR MONTH:   4.03    1 = FOG OR MIST
DPTR FM NORMAL:  -2.8   DPTR FM NORMAL:   -0.27    2 = FOG REDUCING VISIBILITY
HIGHEST:    92 ON 10    GRTST 24HR  1.19 ON 26-27      TO 1/4 MILE OR LESS
LOWEST:     43 ON  3                               3 = THUNDER
                        SNOW, ICE PELLETS, HAIL    4 = ICE PELLETS
                        TOTAL MONTH:   0.0 INCH    5 = HAIL
                        GRTST 24HR     0.0         6 = FREEZING RAIN OR DRIZZLE
                        GRTST DEPTH:   0           7 = DUSTSTORM OR SANDSTORM:
                                                       VSBY 1/2 MILE OR LESS
                                                   8 = SMOKE OR HAZE
[NO. OF DAYS WITH]      [WEATHER - DAYS WITH]      9 = BLOWING SNOW
                                                   X = TORNADO
MAX 32 OR BELOW:   0    0.01 INCH OR MORE:  13
MAX 90 OR ABOVE:   1    0.10 INCH OR MORE:   8
MIN 32 OR BELOW:   0    0.50 INCH OR MORE:   3
MIN  0 OR BELOW:   0    1.00 INCH OR MORE:   1

[HDD (BASE 65) ]
TOTAL THIS MO.    28    CLEAR  (SCALE 0-3)  12
DPTR FM NORMAL    16    PTCLDY (SCALE 4-7)   9
TOTAL FM JUL 1  2077    CLOUDY (SCALE 8-10)  6
DPTR FM NORMAL  -627

[CDD (BASE 65) ]
TOTAL THIS MO.   140
DPTR FM NORMAL   -52    [PRESSURE DATA]
TOTAL FM JAN 1   229    HIGHEST SLP M ON M
DPTR FM NORMAL   -63    LOWEST  SLP 29.57 ON  9

[REMARKS]
