000
CXUS55 KTWC 250855
CF6DUG
PRELIMINARY LOCAL CLIMATOLOGICAL DATA (WS FORM: F-6)

                                          STATION:   DOUGLAS AZ
                                          MONTH:     FEBRUARY
                                          YEAR:      2017
                                          LATITUDE:   31 28 N
                                          LONGITUDE: 109 36 W

  TEMPERATURE IN F:       :PCPN:    SNOW:  WIND      :SUNSHINE: SKY     :PK WND
================================================================================
1   2   3   4   5  6A  6B    7    8   9   10  11  12  13   14  15   16   17  18
                                     12Z  AVG MX 2MIN
DY MAX MIN AVG DEP HDD CDD  WTR  SNW DPTH SPD SPD DIR MIN PSBL S-S WX    SPD DR
================================================================================

 1  71  28  50   2  15   0 0.00  0.0    0  2.6 12  10   M    M   0        13 350
 2  71  27  49   1  16   0 0.00  0.0    0  2.2 10 100   M    M   0        12 250
 3  74  25  50   2  15   0 0.00  0.0    0  5.2 15 220   M    M   0        18 220
 4  75  27  51   3  14   0 0.00  0.0    0  4.3 16 210   M    M   0        20 220
 5  74  29  52   4  13   0 0.00  0.0    0  6.2 17 210   M    M   0        26 220
 6  69  38  54   6  11   0 0.00  0.0    0  7.7 22 250   M    M   0        27 250
 7  69  32  51   3  14   0 0.00  0.0    0  7.5 24 320   M    M   0        29 320
 8  75  34  55   7  10   0 0.00  0.0    0  5.8 14 320   M    M   0        23 340
 9  81  34  58   9   7   0 0.00  0.0    0  6.0 13 100   M    M   0        17 120
10  86  36  61  12   4   0 0.00  0.0    0  5.8 16 260   M    M   0        21 250
11  81  49  65  16   0   0 0.00  0.0    0 10.4 28 240   M    M   0        38 230
12  68  42  55   6  10   0 0.04    M    0 12.5 36  90   M    M   5 3      47  90
13  55  41  48  -1  17   0 0.19  0.0    0  9.3 33  80   M    M   M 1      47  90
14  58  35  47  -3  18   0 0.00  0.0    0  8.5 21  80   M    M   M        27  90
15  60  42  51   1  14   0 0.00  0.0    0 14.0 27 100   M    M   M        37 120
16  66  26  46  -4  19   0 0.00  0.0    0  5.6 17 270   M    M   M        21 280
17  65  41  53   3  12   0 0.00  0.0    0 11.2 24 240   M    M   M        32 240
18  62  39  51   1  14   0 0.05  0.0    0 16.9 33 170   M    M   M        44 180
19  54  35  45  -5  20   0 0.10  0.0    0  8.3 22 250   M    M   M        25 250
20  64  39  52   2  13   0 0.00  0.0    0  5.4 13 350   M    M   4        17  20
21  76  33  55   4  10   0 0.00  0.0    0  4.7 13 330   M    M   0 1      14 340
22  82  35  59   8   6   0 0.00  0.0    0  6.3 25 250   M    M   0        31 250
23  70  37  54   3  11   0 0.00  0.0    0 13.3 31 260   M    M   0        40 270
24  64  26  45  -6  20   0 0.00  0.0    0  8.7 21 320   M    M   0        27 300
================================================================================
SM 1670  830       303   0  0.38     0.0 188.4          M        9
================================================================================
AV 69.6 34.6                               7.8 FASTST   M    M   1    MAX(MPH)
                                 MISC ---->  # 36  90               # 47   90
================================================================================
NOTES:
# LAST OF SEVERAL OCCURRENCES

COLUMN 17 PEAK WIND IN M.P.H.

PRELIMINARY LOCAL CLIMATOLOGICAL DATA (WS FORM: F-6) , PAGE 2

                                          STATION:  DOUGLAS AZ
                                          MONTH:    FEBRUARY
                                          YEAR:     2017
                                          LATITUDE:   31 28 N
                                          LONGITUDE: 109 36 W

[TEMPERATURE DATA]      [PRECIPITATION DATA]       SYMBOLS USED IN COLUMN 16

AVERAGE MONTHLY: 52.1   TOTAL FOR MONTH:   0.38    1 = FOG OR MIST
DPTR FM NORMAL:   2.8   DPTR FM NORMAL:   -0.19    2 = FOG REDUCING VISIBILITY
HIGHEST:    86 ON 10    GRTST 24HR  0.23 ON 12-13      TO 1/4 MILE OR LESS
LOWEST:     25 ON  3                               3 = THUNDER
                        SNOW, ICE PELLETS, HAIL    4 = ICE PELLETS
                        TOTAL MONTH:   0.0 INCH    5 = HAIL
                        GRTST 24HR     0.0         6 = FREEZING RAIN OR DRIZZLE
                        GRTST DEPTH:   0           7 = DUSTSTORM OR SANDSTORM:
                                                       VSBY 1/2 MILE OR LESS
                                                   8 = SMOKE OR HAZE
[NO. OF DAYS WITH]      [WEATHER - DAYS WITH]      9 = BLOWING SNOW
                                                   X = TORNADO
MAX 32 OR BELOW:   0    0.01 INCH OR MORE:   4
MAX 90 OR ABOVE:   0    0.10 INCH OR MORE:   2
MIN 32 OR BELOW:   8    0.50 INCH OR MORE:   0
MIN  0 OR BELOW:   0    1.00 INCH OR MORE:   0

[HDD (BASE 65) ]
TOTAL THIS MO.   303    CLEAR  (SCALE 0-3)  15
DPTR FM NORMAL   -75    PTCLDY (SCALE 4-7)   2
TOTAL FM JUL 1  1736    CLOUDY (SCALE 8-10)  0
DPTR FM NORMAL  -247

[CDD (BASE 65) ]
TOTAL THIS MO.     0
DPTR FM NORMAL     0    [PRESSURE DATA]
TOTAL FM JAN 1     0    HIGHEST SLP M ON M
DPTR FM NORMAL     0    LOWEST  SLP 29.47 ON 18

[REMARKS]
