440
CXUS53 KFGF 290915
CF6DVL
PRELIMINARY LOCAL CLIMATOLOGICAL DATA (WS FORM: F-6)

                                          STATION:   DEVIL`S LAKE
                                          MONTH:     AUGUST
                                          YEAR:      2016
                                          LATITUDE:   48  7 N
                                          LONGITUDE:  98 54 W

  TEMPERATURE IN F:       :PCPN:    SNOW:  WIND      :SUNSHINE: SKY     :PK WND
================================================================================
1   2   3   4   5  6A  6B    7    8   9   10  11  12  13   14  15   16   17  18
                                     12Z  AVG MX 2MIN
DY MAX MIN AVG DEP HDD CDD  WTR  SNW DPTH SPD SPD DIR MIN PSBL S-S WX    SPD DR
================================================================================

 1  80  63  72   M   0   7 1.19  0.0    0  8.4 16 160   M    M   4 13      M  M
 2  82  58  70   M   0   5 0.01  0.0    0  5.4 12 250   M    M   2 12      M  M
 3  87  62  75   M   0  10 0.02  0.0    0 13.5 25 160   M    M   2 3      35 170
 4  73  57  65   M   0   0    T  0.0    0 18.3 31 300   M    M   3        41 280
 5  76  52  64   M   1   0 0.00  0.0    0  7.3 14 300   M    M   1         M  M
 6  78  57  68   M   0   3 0.00  0.0    0  5.4 10 160   M    M   2         M  M
 7  82  62  72   M   0   7 0.00  0.0    M  9.1 12 160   M    M   4         M  M
 8  82  66  74   M   0   9 0.09  0.0    0 15.2 23 170   M    M   3 3      32 180
 9  75  61  68   M   0   3 0.01  0.0    0  8.5 15  90   M    M   2         M  M
10  75  57  66   M   0   1 2.21  0.0    0 13.0 28 130   M    M   7 13     45 120
11  80  60  70   M   0   5 0.00  0.0    0  6.3 14 130   M    M   3        33  90
12  74  60  67   M   0   2 0.00  0.0    0  9.5 16 310   M    M   3        21 300
13  74  57  66   M   0   1    T  0.0    0  7.1 13 280   M    M   2         M  M
14  80  56  68   M   0   3 0.00  0.0    0  7.5 14 180   M    M   0         M  M
15  81  62  72   M   0   7    T  0.0    0  8.8 16 150   M    M   0 3      21  10
16  82  63  73   M   0   8    T  0.0    0  4.9 10 330   M    M   2        17 330
17  88  59  74   M   0   9 0.00  0.0    0  7.3 17 190   M    M   0 1       M  M
18  77  58  68   M   0   3 0.86  0.0    0 11.1 20 310   M    M   2 3      30 310
19  69  53  61   M   4   0 0.00  0.0    0  8.8 16 300   M    M   1        20 300
20  68  52  60   M   5   0    T  0.0    0  9.8 15 350   M    M   5         M  M
21  80  48  64   M   1   0 0.00  0.0    0  9.5 21 190   M    M   0        29 190
22  84  61  73   M   0   8 0.00  0.0    0 11.6 20 200   M    M   0        32 190
23  80  61  71   M   0   6    T  0.0    0 11.8 18 150   M    M   2        24 150
24  70  57  64   M   1   0 0.00  0.0    0 17.3 23 260   M    M   3 8      30 290
25  70  53  62   M   3   0    T  0.0    0 11.6 22 290   M    M   6 1      25 290
26  74  53  64   M   1   0 0.00  0.0    0 11.6 21 200   M    M   1         M  M
27  76  55  66   M   0   1 0.00  0.0    0  9.4 15 210   M    M   2         M  M
28  81  61  71   M   0   6 0.00  0.0    0 10.9 20 360   M    M   0 1      24 150
================================================================================
SM 2178 1624        16 104  4.39     0.0 278.9          M       62
================================================================================
AV 77.8 58.0                              10.0 FASTST   M    M   2    MAX(MPH)
                                 MISC ---->    31   M                 45    M
================================================================================
NOTES:
# LAST OF SEVERAL OCCURRENCES

COLUMN 17 PEAK WIND IN M.P.H.

PRELIMINARY LOCAL CLIMATOLOGICAL DATA (WS FORM: F-6) , PAGE 2

                                          STATION:  DEVIL`S LAKE
                                          MONTH:    AUGUST
                                          YEAR:     2016
                                          LATITUDE:   48  7 N
                                          LONGITUDE:  98 54 W

[TEMPERATURE DATA]      [PRECIPITATION DATA]       SYMBOLS USED IN COLUMN 16

AVERAGE MONTHLY: 67.9   TOTAL FOR MONTH:   4.39    1 = FOG OR MIST
DPTR FM NORMAL:     M   DPTR FM NORMAL:       M    2 = FOG REDUCING VISIBILITY
HIGHEST:    88 ON 17    GRTST 24HR  2.21 ON 10-10      TO 1/4 MILE OR LESS
LOWEST:     48 ON 21                               3 = THUNDER
                        SNOW, ICE PELLETS, HAIL    4 = ICE PELLETS
                        TOTAL MONTH:   0.0 INCH    5 = HAIL
                        GRTST 24HR     0.0         6 = FREEZING RAIN OR DRIZZLE
                        GRTST DEPTH:   0           7 = DUSTSTORM OR SANDSTORM:
                                                       VSBY 1/2 MILE OR LESS
                                                   8 = SMOKE OR HAZE
[NO. OF DAYS WITH]      [WEATHER - DAYS WITH]      9 = BLOWING SNOW
                                                   X = TORNADO
MAX 32 OR BELOW:   0    0.01 INCH OR MORE:   7
MAX 90 OR ABOVE:   0    0.10 INCH OR MORE:   3
MIN 32 OR BELOW:   0    0.50 INCH OR MORE:   3
MIN  0 OR BELOW:   0    1.00 INCH OR MORE:   2

[HDD (BASE 65) ]
TOTAL THIS MO.    16    CLEAR  (SCALE 0-3)  22
DPTR FM NORMAL     M    PTCLDY (SCALE 4-7)   6
TOTAL FM JUL 1    33    CLOUDY (SCALE 8-10)  0
DPTR FM NORMAL     M

[CDD (BASE 65) ]
TOTAL THIS MO.   104
DPTR FM NORMAL     M    [PRESSURE DATA]
TOTAL FM JAN 1   309    HIGHEST SLP M ON M
DPTR FM NORMAL     M    LOWEST  SLP M ON M

[REMARKS]
