000
CXUS54 KHGX 011415
CF6DWH
PRELIMINARY LOCAL CLIMATOLOGICAL DATA (WS FORM: F-6)

                                          STATION:   HOUSTON/D.W._HOOKS
                                          MONTH:     APRIL
                                          YEAR:      2016
                                          LATITUDE:   30  4 N
                                          LONGITUDE:  95 33 W

  TEMPERATURE IN F:       :PCPN:    SNOW:  WIND      :SUNSHINE: SKY     :PK WND
================================================================================
1   2   3   4   5  6A  6B    7    8   9   10  11  12  13   14  15   16   17  18
                                     12Z  AVG MX 2MIN
DY MAX MIN AVG DEP HDD CDD  WTR  SNW DPTH SPD SPD DIR MIN PSBL S-S WX    SPD DR
================================================================================

 1  71  50  61  -3   4   0 0.05  0.0    0 10.4 22  10   M    M   5 3      36  20
 2  73  47  60  -4   5   0 0.00  0.0    0  7.4 17 320   M    M   0        24 320
 3  77  41  59  -6   6   0 0.00  0.0    0  2.7  9 290   M    M   0        13 320
 4  82  49  66   1   0   1 0.00  0.0    0  3.9 13 200   M    M   0 1      18 250
 5  83  49  66   1   0   1 0.00  0.0    0  5.2 16 200   M    M   0 1      20 130
 6  81  51  66   1   0   1    T  0.0    0  6.4 16 240   M    M   3        22 240
 7  85  47  66   0   0   1 0.00  0.0    0  2.8 12 240   M    M   0        15 230
 8  81  51  66   0   0   1 0.00  0.0    0  4.5 16  80   M    M   0        25  80
 9  78  53  66   0   0   1 0.01  0.0    0  5.6 20 120   M    M   1        26 120
10  82  62  72   6   0   7 0.04  0.0    0  8.7 21 140   M    M   5 1      27 130
11  80  70  75   8   0  10 0.04  0.0    0  8.4 24 180   M    M  10 13     35 190
12  77  67  72   5   0   7    T  0.0    0  6.5 18  80   M    M   9 138    23  80
13  73  63  68   1   0   3 0.82  0.0    0  5.1 20 250   M    M  10 13     25 250
14  77  62  70   2   0   5 0.00  0.0    0  6.8 15 320   M    M   6 1      19 350
15  82  58  70   2   0   5 0.00  0.0    0  4.3 13 100   M    M   4        17 110
16  81  63  72   4   0   7 0.03  0.0    0 11.8 22 110   M    M   8 1      31 110
17  80  67  74   6   0   9 5.06  0.0    0 14.2 30 110   M    M   8 13     42 250
18  73  66  70   2   0   5 6.70  0.0    M  4.9 28  10   M    M   M 3      40  40
19  83  66  75   6   0  10 0.00  0.0    M  4.2 15 120   M    M   M        21 110
20  79  63  71   2   0   6 0.65  0.0    M  2.6 20 330   M    M   M 3      29 330
21  79  63  71   2   0   6 1.24  0.0    M  1.7 23 320   M    M   2 1      36 310
22  83  60  72   2   0   7 0.00  0.0    0  4.2 14 340   M    M   0 1      22 320
23  84  56  70   0   0   5 0.00  0.0    0  3.0 10 100   M    M   0 1      14 110
24  78  58  68  -2   0   3 0.75  0.0    0  5.1 15 140   M    M   5 1      21 130
25  89  68  79   9   0  14 0.00  0.0    0  6.7 15 150   M    M   7        21 210
26  86  74  80   9   0  15 0.00  0.0    0  8.3 21 140   M    M   8        28 130
27  87  63  75   4   0  10 0.71  0.0    0  6.0 37 280   M    M   3 13     52 290
28  88  66  77   6   0  12 0.00  0.0    0  8.6 18 120   M    M   7 1      24 120
29  88  76  82  10   0  17 0.00  0.0    0 10.7 20 190   M    M   8 1      28 190
30  89  67  78   6   0  13 0.74  0.0    0  5.8 23  10   M    M   5 13     31 360
================================================================================
SM 2429 1796        15 182 16.84     0.0 186.5          M      114
================================================================================
AV 81.0 59.9                               6.2 FASTST   M    M   4    MAX(MPH)
                                 MISC ---->  # 37 280               # 52  290
================================================================================
NOTES:
# LAST OF SEVERAL OCCURRENCES

COLUMN 17 PEAK WIND IN M.P.H.

PRELIMINARY LOCAL CLIMATOLOGICAL DATA (WS FORM: F-6) , PAGE 2

                                          STATION:  HOUSTON/D.W._HOOKS
                                          MONTH:    APRIL
                                          YEAR:     2016
                                          LATITUDE:   30  4 N
                                          LONGITUDE:  95 33 W

[TEMPERATURE DATA]      [PRECIPITATION DATA]       SYMBOLS USED IN COLUMN 16

AVERAGE MONTHLY: 70.4   TOTAL FOR MONTH:  16.84    1 = FOG OR MIST
DPTR FM NORMAL:   2.5   DPTR FM NORMAL:   13.45    2 = FOG REDUCING VISIBILITY
HIGHEST:    89 ON 30,25 GRTST 24HR  6.70 ON 18-18      TO 1/4 MILE OR LESS
LOWEST:     41 ON  3                               3 = THUNDER
                        SNOW, ICE PELLETS, HAIL    4 = ICE PELLETS
                        TOTAL MONTH:   0.0 INCH    5 = HAIL
                        GRTST 24HR     0.0         6 = FREEZING RAIN OR DRIZZLE
                        GRTST DEPTH:   0           7 = DUSTSTORM OR SANDSTORM:
                                                       VSBY 1/2 MILE OR LESS
                                                   8 = SMOKE OR HAZE
[NO. OF DAYS WITH]      [WEATHER - DAYS WITH]      9 = BLOWING SNOW
                                                   X = TORNADO
MAX 32 OR BELOW:   0    0.01 INCH OR MORE:  13
MAX 90 OR ABOVE:   0    0.10 INCH OR MORE:   8
MIN 32 OR BELOW:   0    0.50 INCH OR MORE:   8
MIN  0 OR BELOW:   0    1.00 INCH OR MORE:   3

[HDD (BASE 65) ]
TOTAL THIS MO.    15    CLEAR  (SCALE 0-3)  12
DPTR FM NORMAL   -36    PTCLDY (SCALE 4-7)  11
TOTAL FM JUL 1  1019    CLOUDY (SCALE 8-10)  4
DPTR FM NORMAL  -558

[CDD (BASE 65) ]
TOTAL THIS MO.   182
DPTR FM NORMAL    44    [PRESSURE DATA]
TOTAL FM JAN 1   350    HIGHEST SLP 30.27 ON  3
DPTR FM NORMAL   135    LOWEST  SLP 29.57 ON 27

[REMARKS]
#FINAL-04-16#
