000
CXUS56 KOTX 280900
CF6EAT
PRELIMINARY LOCAL CLIMATOLOGICAL DATA (WS FORM: F-6)

                                          STATION:   WENATCHEE WA PANGBORN FIELD
                                          MONTH:     MAY
                                          YEAR:      2017
                                          LATITUDE:   47 23 N
                                          LONGITUDE: 120 12 W

  TEMPERATURE IN F:       :PCPN:    SNOW:  WIND      :SUNSHINE: SKY     :PK WND
================================================================================
1   2   3   4   5  6A  6B    7    8   9   10  11  12  13   14  15   16   17  18
                                     12Z  AVG MX 2MIN
DY MAX MIN AVG DEP HDD CDD  WTR  SNW DPTH SPD SPD DIR MIN PSBL S-S WX    SPD DR
================================================================================

 1  54  40  47  -8  18   0    T    M    M  6.0 14 130   M    M   5        18 270
 2  63  38  51  -5  14   0 0.00    M    M  6.5 15 140   M    M   2        18 130
 3  76  52  64   8   1   0 0.00    M    M  4.3 13 120   M    M   3        31 100
 4  82  53  68  12   0   3 0.12    M    M  5.3 24  40   M    M   3 3      28  40
 5  71  49  60   4   5   0 0.15    M    M 13.4 31 310   M    M   6 13     36 310
 6  63  45  54  -3  11   0 0.00    M    M 17.0 29 310   M    M   0        35 290
 7  67  40  54  -3  11   0 0.00    M    M  8.8 18 300   M    M   0        22 300
 8  69  41  55  -2  10   0 0.00    M    M  5.5 13 340   M    M   1        34 350
 9  73  44  59   1   6   0 0.00    M    M  7.2 15 150   M    M   1        18 150
10  79  50  65   7   0   0 0.00    M    M  8.5 16  80   M    M   0        22 140
11  64  46  55  -3  10   0 0.15    M    M  8.2 32 310   M    M   7 13     43 310
12  57  40  49 -10  16   0 0.01    M    M  6.9 21 310   M    M   1        26 320
13  56  38  47 -12  18   0 0.03    M    M  6.8 17 250   M    M   4 3      21 280
14  59  37  48 -11  17   0 0.02    M    M  6.7 16 150   M    M   3        20 150
15  62  39  51  -9  14   0 0.01    M    M  6.5 20 320   M    M   4        24  80
16  56  43  50 -10  15   0 0.08    M    M 10.6 24 280   M    M   8 1      29 280
17  69  41  55  -5  10   0 0.00    M    M 16.9 28 300   M    M   3        33 310
18  71  45  58  -2   7   0    T    M    M  6.9 15 140   M    M   3        21 130
19  77  51  64   3   1   0 0.00    M    M  8.2 17 290   M    M   4        22 290
20  73  58  66   5   0   1 0.02    M    M  5.6 15 290   M    M   5        18 300
21  82  52  67   6   0   2 0.00    M    M  5.9 14 270   M    M   0        16 160
22  86  54  70   8   0   5 0.00    M    M  6.8 16 300   M    M   0        19 310
23  91  57  74  12   0   9 0.00    M    M 13.1 32 270   M    M   0        38 260
24  66  48  57  -5   8   0 0.00    M    M 21.3 33 310   M    M   1        43 310
25  71  49  60  -2   5   0    T    M    M  7.4 20 330   M    M   3        26 320
26  81  47  64   1   1   0 0.00    M    M  5.7 15 290   M    M   0        16 290
27  85  56  71   8   0   6 0.00    M    M  8.0 14 120   M    M   0        19 100
================================================================================
SM 1903 1253       198  26  0.59    M    234.0          M       67
================================================================================
AV 70.5 46.4                               8.7 FASTST   M    M   2    MAX(MPH)
                                 MISC ---->  # 33 310               # 43  310
================================================================================
NOTES:
# LAST OF SEVERAL OCCURRENCES

COLUMN 17 PEAK WIND IN M.P.H.

PRELIMINARY LOCAL CLIMATOLOGICAL DATA (WS FORM: F-6) , PAGE 2

                                          STATION:  WENATCHEE WA PANGBORN FIELD
                                          MONTH:    MAY
                                          YEAR:     2017
                                          LATITUDE:   47 23 N
                                          LONGITUDE: 120 12 W

[TEMPERATURE DATA]      [PRECIPITATION DATA]       SYMBOLS USED IN COLUMN 16

AVERAGE MONTHLY: 58.4   TOTAL FOR MONTH:   0.59    1 = FOG OR MIST
DPTR FM NORMAL:  -0.7   DPTR FM NORMAL:    0.02    2 = FOG REDUCING VISIBILITY
HIGHEST:    91 ON 23    GRTST 24HR  0.15 ON 11-11      TO 1/4 MILE OR LESS
LOWEST:     37 ON 14                               3 = THUNDER
                        SNOW, ICE PELLETS, HAIL    4 = ICE PELLETS
                        TOTAL MONTH:    M          5 = HAIL
                        GRTST 24HR    M  ON   M    6 = FREEZING RAIN OR DRIZZLE
                        GRTST DEPTH:  M  ON   M    7 = DUSTSTORM OR SANDSTORM:
                                                       VSBY 1/2 MILE OR LESS
                                                   8 = SMOKE OR HAZE
[NO. OF DAYS WITH]      [WEATHER - DAYS WITH]      9 = BLOWING SNOW
                                                   X = TORNADO
MAX 32 OR BELOW:   0    0.01 INCH OR MORE:   9
MAX 90 OR ABOVE:   1    0.10 INCH OR MORE:   3
MIN 32 OR BELOW:   0    0.50 INCH OR MORE:   0
MIN  0 OR BELOW:   0    1.00 INCH OR MORE:   0

[HDD (BASE 65) ]
TOTAL THIS MO.   198    CLEAR  (SCALE 0-3)  19
DPTR FM NORMAL    13    PTCLDY (SCALE 4-7)   7
TOTAL FM JUL 1  6201    CLOUDY (SCALE 8-10)  1
DPTR FM NORMAL   500

[CDD (BASE 65) ]
TOTAL THIS MO.    26
DPTR FM NORMAL    -2    [PRESSURE DATA]
TOTAL FM JAN 1    26    HIGHEST SLP M ON M
DPTR FM NORMAL   -40    LOWEST  SLP 29.52 ON 16

[REMARKS]
