000
CXUS53 KMPX 281000
CF6EAU
PRELIMINARY LOCAL CLIMATOLOGICAL DATA (WS FORM: F-6)

                                          STATION:   EAU CLAIRE WI
                                          MONTH:     FEBRUARY
                                          YEAR:      2017
                                          LATITUDE:   44 52 N
                                          LONGITUDE:  91 29 W

  TEMPERATURE IN F:       :PCPN:    SNOW:  WIND      :SUNSHINE: SKY     :PK WND
================================================================================
1   2   3   4   5  6A  6B    7    8   9   10  11  12  13   14  15   16   17  18
                                     12Z  AVG MX 2MIN
DY MAX MIN AVG DEP HDD CDD  WTR  SNW DPTH SPD SPD DIR MIN PSBL S-S WX    SPD DR
================================================================================

 1  25   4  15   0  50   0    T    T    6  8.7 17 320   M    M   4 8      23 340
 2  15   0   8  -8  57   0 0.00  0.0    6 10.2 18 290   M    M   1        24 260
 3  18  -3   8  -8  57   0 0.00  0.0    5  7.1 16 250   M    M   0        20 250
 4  31   2  17   1  48   0    T    T    5  8.2 22 210   M    M   6        28 180
 5  29  10  20   4  45   0 0.00  0.0    5  6.9 18 330   M    M   3        27 330
 6  34   7  21   4  44   0 0.00  0.0    5  6.3 15 110   M    M   2        19 110
 7  32  16  24   7  41   0 0.01    T    4 10.2 22 300   M    M  10 168    28 300
 8  16   4  10  -7  55   0 0.00  0.0    4  9.7 16 290   M    M   3        23 310
 9  16  -1   8  -9  57   0 0.00  0.0    4  8.9 15 280   M    M   1        21 300
10  37  16  27   9  38   0 0.00  0.0    4  9.6 20 200   M    M   2        24 160
11  43  29  36  18  29   0    T    T    4  1.8  7 190   M    M   3        10 280
12  38  23  31  13  34   0    T  0.0    3 13.6 31 300   M    M   2        38 300
13  42  19  31  12  34   0 0.00  0.0    3  9.4 23 240   M    M   0        29 240
14  40  25  33  14  32   0 0.00  0.0    2 12.8 26 320   M    M   1        37 340
15  29  18  24   5  41   0 0.00  0.0    1  6.4 15 320   M    M   5        20 320
16  38  20  29   9  36   0 0.00  0.0    1  6.8 17 150   M    M   0        22 140
17  53  24  39  19  26   0 0.00  0.0    1  5.7 12 240   M    M   0        14 180
18  52  33  43  23  22   0 0.00  0.0    0  5.4 13 250   M    M   0        14 240
19  60  25  43  22  22   0 0.00  0.0    T  5.2 16 160   M    M   0 1      19 180
20  54  45  50  29  15   0 0.86  0.0    0 10.3 23 240   M    M   5 18     33 240
21  59  36  48  26  17   0 0.00  0.0    0  8.7 20 270   M    M   5 1      26 280
22  57  33  45  23  20   0 0.00  0.0    0  5.2 21 340   M    M   3        29 340
23  41  31  36  14  29   0 0.02  0.3    0  9.6 17 340   M    M   9        24 340
24  31  17  24   1  41   0 0.84 10.4    8 11.7 20  20   M    M  10 1268   27 360
25  27  10  19  -4  46   0    T    T    8 11.0 21 310   M    M   2        27 310
26  35  18  27   3  38   0    T    T    8  7.6 18 240   M    M   6 8      24 230
27  41  21  31   7  34   0 0.00  0.0    7  7.4 15 200   M    M   5        19 210
================================================================================
SM  993  482      1008   0  1.73    10.7 224.4          M       88
================================================================================
AV 36.8 17.9                               8.3 FASTST   M    M   3    MAX(MPH)
                                 MISC ---->  # 31 300               # 38  300
================================================================================
NOTES:
# LAST OF SEVERAL OCCURRENCES

COLUMN 17 PEAK WIND IN M.P.H.

PRELIMINARY LOCAL CLIMATOLOGICAL DATA (WS FORM: F-6) , PAGE 2

                                          STATION:  EAU CLAIRE WI
                                          MONTH:    FEBRUARY
                                          YEAR:     2017
                                          LATITUDE:   44 52 N
                                          LONGITUDE:  91 29 W

[TEMPERATURE DATA]      [PRECIPITATION DATA]       SYMBOLS USED IN COLUMN 16

AVERAGE MONTHLY: 27.3   TOTAL FOR MONTH:   1.73    1 = FOG OR MIST
DPTR FM NORMAL:   8.1   DPTR FM NORMAL:    0.96    2 = FOG REDUCING VISIBILITY
HIGHEST:    60 ON 19    GRTST 24HR  0.86 ON 20-20      TO 1/4 MILE OR LESS
LOWEST:     -3 ON  3                               3 = THUNDER
                        SNOW, ICE PELLETS, HAIL    4 = ICE PELLETS
                        TOTAL MONTH:  10.7 INCHES  5 = HAIL
                        GRTST 24HR  10.4 ON   M    6 = FREEZING RAIN OR DRIZZLE
                        GRTST DEPTH:   8 ON 26,25  7 = DUSTSTORM OR SANDSTORM:
                                                       VSBY 1/2 MILE OR LESS
                                                   8 = SMOKE OR HAZE
[NO. OF DAYS WITH]      [WEATHER - DAYS WITH]      9 = BLOWING SNOW
                                                   X = TORNADO
MAX 32 OR BELOW:  11    0.01 INCH OR MORE:   4
MAX 90 OR ABOVE:   0    0.10 INCH OR MORE:   2
MIN 32 OR BELOW:  23    0.50 INCH OR MORE:   2
MIN  0 OR BELOW:   3    1.00 INCH OR MORE:   0

[HDD (BASE 65) ]
TOTAL THIS MO.  1008    CLEAR  (SCALE 0-3)  16
DPTR FM NORMAL  -227    PTCLDY (SCALE 4-7)   8
TOTAL FM JUL 1  5082    CLOUDY (SCALE 8-10)  3
DPTR FM NORMAL  -897

[CDD (BASE 65) ]
TOTAL THIS MO.     0
DPTR FM NORMAL     0    [PRESSURE DATA]
TOTAL FM JAN 1     0    HIGHEST SLP M ON M
DPTR FM NORMAL     0    LOWEST  SLP 29.40 ON 17

[REMARKS]
