000
CXUS55 KEAX 220736
CF6EAX
PRELIMINARY LOCAL CLIMATOLOGICAL DATA (WS FORM: F-6)

                                          STATION:   Pleasant Hill NWS MO
                                          MONTH:     OCTOBER
                                          YEAR:      2014
                                          LATITUDE:   38 48 N
                                          LONGITUDE:  94 16 W

  TEMPERATURE IN F:       :PCPN:    SNOW:  WIND      :SUNSHINE: SKY     :PK WND
================================================================================
1   2   3   4   5  6A  6B    7    8   9   10  11  12  13   14  15   16   17  18
                                     12Z  AVG MX 2MIN
DY MAX MIN AVG DEP HDD CDD  WTR  SNW DPTH SPD SPD DIR MIN PSBL S-S WX    SPD DR
================================================================================

 1  74  62  68   6   0   3 1.18  0.0    0   M   M   M   0    0   0         0   0
 2  71  56  64   3   1   0 1.18  0.0    0   M   M   M   0    0   0         0   0
 3  55  41  48 -13  17   0    T    M    M   M   M   M   0    0   0         0   0
 4  58  36  47 -13  18   0 0.00  0.0    0   M   M   M   0    0   0         0   0
 5  73  54  64   4   1   0 0.02  0.0    0   M   M   M   0    0   0         0   0
 6  71  49  60   0   5   0 0.09  0.0    0   M   M   M   0    0   0         0   0
 7  76  54  65   6   0   0 0.00  0.0    0   M   M   M   0    0   0         0   0
 8  75  51  63   4   2   0 0.00  0.0    M   M   M   M   0    0   0         0   0
 9  65  53  59   0   6   0 1.55  0.0    0   M   M   M   0    0   0         0   0
10  53  48  51  -7  14   0 0.25  0.0    0   M   M   M   0    0   0         0   0
11  62  42  52  -6  13   0 0.00  0.0    0   M   M   M   0    0   0         0   0
12  58  49  54  -4  11   0    T  0.0    M   M   M   M   0    0   0         0   0
13  58  51  55  -2  10   0 1.29  0.0    0   M   M   M   0    0   0         0   0
14  65  51  58   1   7   0 0.02  0.0    M   M   M   M   0    0   0         0   0
15  67  43  55  -1  10   0 0.00  0.0    0   M   M   M   0    0   0         0   0
16  77  42  60   4   5   0 0.00  0.0    0   M   M   M   0    0   0         0   0
17  65  49  57   1   8   0 0.00  0.0    0   M   M   M   0    0   0         0   0
18  62  42  52  -4  13   0 0.00  0.0    0   M   M   M   0    0   0         0   0
19  68  39  54  -1  11   0 0.00  0.0    0   M   M   M   0    0   0         0   0
20  72  49  61   6   4   0 0.00  0.0    0   M   M   M   0    0   0         0   0
21  73  45  59   5   6   0 0.00  0.0    0   M   M   M   0    0   0         0   0
================================================================================
SM 1398 1006       162   3  5.58     0.0     M            0      0
================================================================================
AV 66.6 47.9                                 M FASTST    0   0   0    MAX(MPH)
                                 MISC ---->     M   M               #  0    0
================================================================================
NOTES:
# LAST OF SEVERAL OCCURRENCES

COLUMN 17 PEAK WIND IN M.P.H.

PRELIMINARY LOCAL CLIMATOLOGICAL DATA (WS FORM: F-6) , PAGE 2

                                          STATION:  Pleasant Hill NWS MO
                                          MONTH:    OCTOBER
                                          YEAR:     2014
                                          LATITUDE:   38 48 N
                                          LONGITUDE:  94 16 W

[TEMPERATURE DATA]      [PRECIPITATION DATA]       SYMBOLS USED IN COLUMN 16

AVERAGE MONTHLY: 57.2   TOTAL FOR MONTH:   5.58    1 = FOG OR MIST
DPTR FM NORMAL:  -0.7   DPTR FM NORMAL:    2.77    2 = FOG REDUCING VISIBILITY
HIGHEST:    77 ON 16    GRTST 24HR  1.55 ON  9- 9      TO 1/4 MILE OR LESS
LOWEST:     36 ON  4                               3 = THUNDER
                        SNOW, ICE PELLETS, HAIL    4 = ICE PELLETS
                        TOTAL MONTH:   0.0 INCH    5 = HAIL
                        GRTST 24HR     0.0         6 = FREEZING RAIN OR DRIZZLE
                        GRTST DEPTH:   0           7 = DUSTSTORM OR SANDSTORM:
                                                       VSBY 1/2 MILE OR LESS
                                                   8 = SMOKE OR HAZE
[NO. OF DAYS WITH]      [WEATHER - DAYS WITH]      9 = BLOWING SNOW
                                                   X = TORNADO
MAX 32 OR BELOW:   0    0.01 INCH OR MORE:   8
MAX 90 OR ABOVE:   0    0.10 INCH OR MORE:   5
MIN 32 OR BELOW:   0    0.50 INCH OR MORE:   4
MIN  0 OR BELOW:   0    1.00 INCH OR MORE:   4

[HDD (BASE 65) ]
TOTAL THIS MO.   162    CLEAR  (SCALE 0-3)  21
DPTR FM NORMAL    -7    PTCLDY (SCALE 4-7)   0
TOTAL FM JUL 1   227    CLOUDY (SCALE 8-10)  0
DPTR FM NORMAL     0

[CDD (BASE 65) ]
TOTAL THIS MO.     3
DPTR FM NORMAL   -19    [PRESSURE DATA]
TOTAL FM JAN 1  1120    HIGHEST SLP  0.00 ON M
DPTR FM NORMAL  -175    LOWEST  SLP  0.00 ON M

[REMARKS]
