000
CXUS55 KEAX 210736
CF6EAX
PRELIMINARY LOCAL CLIMATOLOGICAL DATA (WS FORM: F-6)

                                          STATION:   Pleasant Hill NWS MO
                                          MONTH:     JULY
                                          YEAR:      2017
                                          LATITUDE:   38 48 N
                                          LONGITUDE:  94 16 W

  TEMPERATURE IN F:       :PCPN:    SNOW:  WIND      :SUNSHINE: SKY     :PK WND
================================================================================
1   2   3   4   5  6A  6B    7    8   9   10  11  12  13   14  15   16   17  18
                                     12Z  AVG MX 2MIN
DY MAX MIN AVG DEP HDD CDD  WTR  SNW DPTH SPD SPD DIR MIN PSBL S-S WX    SPD DR
================================================================================

 1  85  61  73  -4   0   8 0.00  0.0    0   M   M   M   0    0   0         0   0
 2  87  65  76  -1   0  11 0.00  0.0    0   M   M   M   0    0   0         0   0
 3  88  68  78   1   0  13 0.00  0.0    0   M   M   M   0    0   0         0   0
 4  77  66  72  -5   0   7 1.27  0.0    0   M   M   M   0    0   0 13      0   0
 5  83  68  76  -1   0  11 0.23  0.0    0   M   M   M   0    0   0 3       0   0
 6  89  66  78   1   0  13 0.00  0.0    0   M   M   M   0    0   0         0   0
 7  90  71  81   3   0  16 0.00  0.0    0   M   M   M   0    0   0         0   0
 8  88  66  77  -1   0  12 0.00  0.0    0   M   M   M   0    0   0         0   0
 9  89  68  79   1   0  14 0.00  0.0    0   M   M   M   0    0   0         0   0
10  91  74  83   5   0  18 0.00  0.0    0   M   M   M   0    0   0         0   0
11  92  74  83   5   0  18 0.00  0.0    0   M   M   M   0    0   0         0   0
12  93  77  85   7   0  20 0.00  0.0    0   M   M   M   0    0   0         0   0
13  92  71  82   4   0  17 0.31  0.0    0   M   M   M   0    0   0         0   0
14  88  71  80   2   0  15 0.03  0.0    0   M   M   M   0    0   0         0   0
15  89  71  80   2   0  15 0.00  0.0    0   M   M   M   0    0   0         0   0
16  90  68  79   1   0  14 0.00  0.0    0   M   M   M   0    0   0         0   0
17  92  71  82   4   0  17 0.00  0.0    0   M   M   M   0    0   0         0   0
18  91  72  82   4   0  17 0.00  0.0    0   M   M   M   0    0   0         0   0
19  91  73  82   4   0  17 0.11  0.0    0   M   M   M   0    0   0         0   0
20  96  76  86   8   0  21 0.00  0.0    0   M   M   M   0    0   0         0   0
================================================================================
SM 1781 1397         0 294  1.95     0.0     M            0      0
================================================================================
AV 89.1 69.9                                 M FASTST    0   0   0    MAX(MPH)
                                 MISC ---->     M   M               #  0    0
================================================================================
NOTES:
# LAST OF SEVERAL OCCURRENCES

COLUMN 17 PEAK WIND IN M.P.H.

PRELIMINARY LOCAL CLIMATOLOGICAL DATA (WS FORM: F-6) , PAGE 2

                                          STATION:  Pleasant Hill NWS MO
                                          MONTH:    JULY
                                          YEAR:     2017
                                          LATITUDE:   38 48 N
                                          LONGITUDE:  94 16 W

[TEMPERATURE DATA]      [PRECIPITATION DATA]       SYMBOLS USED IN COLUMN 16

AVERAGE MONTHLY: 79.5   TOTAL FOR MONTH:   1.95    1 = FOG OR MIST
DPTR FM NORMAL:   1.8   DPTR FM NORMAL:   -0.93    2 = FOG REDUCING VISIBILITY
HIGHEST:    96 ON 20    GRTST 24HR  1.27 ON  4- 4      TO 1/4 MILE OR LESS
LOWEST:     61 ON  1                               3 = THUNDER
                        SNOW, ICE PELLETS, HAIL    4 = ICE PELLETS
                        TOTAL MONTH:   0.0 INCH    5 = HAIL
                        GRTST 24HR     0.0         6 = FREEZING RAIN OR DRIZZLE
                        GRTST DEPTH:   0           7 = DUSTSTORM OR SANDSTORM:
                                                       VSBY 1/2 MILE OR LESS
                                                   8 = SMOKE OR HAZE
[NO. OF DAYS WITH]      [WEATHER - DAYS WITH]      9 = BLOWING SNOW
                                                   X = TORNADO
MAX 32 OR BELOW:   0    0.01 INCH OR MORE:   5
MAX 90 OR ABOVE:  10    0.10 INCH OR MORE:   4
MIN 32 OR BELOW:   0    0.50 INCH OR MORE:   1
MIN  0 OR BELOW:   0    1.00 INCH OR MORE:   1

[HDD (BASE 65) ]
TOTAL THIS MO.     0    CLEAR  (SCALE 0-3)  20
DPTR FM NORMAL     0    PTCLDY (SCALE 4-7)   0
TOTAL FM JUL 1     0    CLOUDY (SCALE 8-10)  0
DPTR FM NORMAL     0

[CDD (BASE 65) ]
TOTAL THIS MO.   294
DPTR FM NORMAL    40    [PRESSURE DATA]
TOTAL FM JAN 1   707    HIGHEST SLP  0.00 ON M
DPTR FM NORMAL   104    LOWEST  SLP  0.00 ON M

[REMARKS]
