000
CXUS54 KEWX 290910
CF6ECU
PRELIMINARY LOCAL CLIMATOLOGICAL DATA (WS FORM: F-6)

                                          STATION:   Edwards County Airport
                                          MONTH:     MARCH
                                          YEAR:      2017
                                          LATITUDE:   29 57 N
                                          LONGITUDE: 100 10 W

  TEMPERATURE IN F:       :PCPN:    SNOW:  WIND      :SUNSHINE: SKY     :PK WND
================================================================================
1   2   3   4   5  6A  6B    7    8   9   10  11  12  13   14  15   16   17  18
                                     12Z  AVG MX 2MIN
DY MAX MIN AVG DEP HDD CDD  WTR  SNW DPTH SPD SPD DIR MIN PSBL S-S WX    SPD DR
================================================================================

 1  66  46  56   M   9   0 0.00    M    M  8.2 16  30   M    M   0 1      27  30
 2  64  43  54   M  11   0 0.00    M    M  5.5 12 100   M    M   0        17 100
 3  63  39  51   M  14   0 0.00    M    M  6.9 16 160   M    M   4        21 160
 4  55  50  53   M  12   0 0.23    M    M  9.4 16 170   M    M  10 1      17 180
 5  63  55  59   M   6   0 0.01    M    M  7.9 13 170   M    M   9 1      16 170
 6  73  61  67   M   0   2 0.00    M    M 11.8 20 180   M    M   7 1      27 180
 7  72  55  64   M   1   0 0.01    M    M  8.3 13  60   M    M   5 128    20 180
 8  66  55  61   M   4   0 0.00    M    M  7.9 14 160   M    M  10 1      18 160
 9  72  61  67   M   0   2 0.00    M    M  9.1 13 190   M    M   8 18     18 160
10  75  59  67   M   0   2 0.00    M    M  7.0 13 160   M    M   6 1      18 160
11  72  59  66   M   0   1 0.00    M    M  4.8 12 160   M    M   7 1       M  M
12  61  46  54   M  11   0 0.08    M    M  6.8 15  50   M    M   9 1      23  50
13  66  52  59   M   6   0 0.01    M    M  7.1 18  50   M    M   6 12     24  50
14  70  45  58   M   7   0 0.00    M    M  9.3 17 190   M    M   2 1      22 190
15  64  50  57   M   8   0 0.00    M    M 10.5 16 180   M    M   7 1      17 160
16  73  59  66   M   0   1 0.00    M    M 13.3 17 170   M    M   6 12     23 170
17  81  61  71   M   0   6 0.00    M    M 12.6 20 170   M    M   5 1      24 170
18  75  61  68   M   0   3 0.00    M    M  8.4 15 170   M    M   5 1      20 180
19  79  61  70   M   0   5 0.00    M    M 10.7 14 180   M    M   4 1      22 180
20  79  57  68   M   0   3 0.00    M    M 10.4 14 180   M    M   3 1      20 180
21  82  55  69   M   0   4 0.00    M    M 10.0 13 170   M    M   0        20 170
22  73  61  67   M   0   2 0.00    M    M 11.3 16 170   M    M   3 12     23 170
23  75  61  68   M   0   3 0.00    M    M 20.2 27 170   M    M   5 1      36 170
24  79  59  69   M   0   4 0.01    M    M 10.3 23 170   M    M   3 18     40 170
25  81  50  66   M   0   1 0.00    M    M  5.6 13 350   M    M   0        17 360
26  84  59  72   M   0   7 0.00    M    M 10.0 16 180   M    M   1 1      22 180
27  86  63  75   M   0  10 0.00    M    M  3.5 12 170   M    M   3 12     18 170
28  75  52  64   M   1   0 0.60  0.0    0 13.0 18 170   M    M   8 138    27 150
================================================================================
SM 2024 1535        90  56  0.95     0.0 259.8          M      136
================================================================================
AV 72.3 54.8                               9.3 FASTST   M    M   5    MAX(MPH)
                                 MISC ---->  # 27 170               # 40  170
================================================================================
NOTES:
# LAST OF SEVERAL OCCURRENCES

COLUMN 17 PEAK WIND IN M.P.H.

PRELIMINARY LOCAL CLIMATOLOGICAL DATA (WS FORM: F-6) , PAGE 2

                                          STATION:  Edwards County Airport
                                          MONTH:    MARCH
                                          YEAR:     2017
                                          LATITUDE:   29 57 N
                                          LONGITUDE: 100 10 W

[TEMPERATURE DATA]      [PRECIPITATION DATA]       SYMBOLS USED IN COLUMN 16

AVERAGE MONTHLY: 63.6   TOTAL FOR MONTH:   0.95    1 = FOG OR MIST
DPTR FM NORMAL:     M   DPTR FM NORMAL:       M    2 = FOG REDUCING VISIBILITY
HIGHEST:    86 ON 27    GRTST 24HR  0.60 ON 28-28      TO 1/4 MILE OR LESS
LOWEST:     39 ON  3                               3 = THUNDER
                        SNOW, ICE PELLETS, HAIL    4 = ICE PELLETS
                        TOTAL MONTH:   0.0 INCH    5 = HAIL
                        GRTST 24HR     0.0         6 = FREEZING RAIN OR DRIZZLE
                        GRTST DEPTH:   0           7 = DUSTSTORM OR SANDSTORM:
                                                       VSBY 1/2 MILE OR LESS
                                                   8 = SMOKE OR HAZE
[NO. OF DAYS WITH]      [WEATHER - DAYS WITH]      9 = BLOWING SNOW
                                                   X = TORNADO
MAX 32 OR BELOW:   0    0.01 INCH OR MORE:   7
MAX 90 OR ABOVE:   0    0.10 INCH OR MORE:   2
MIN 32 OR BELOW:   0    0.50 INCH OR MORE:   1
MIN  0 OR BELOW:   0    1.00 INCH OR MORE:   0

[HDD (BASE 65) ]
TOTAL THIS MO.    90    CLEAR  (SCALE 0-3)   8
DPTR FM NORMAL     M    PTCLDY (SCALE 4-7)  16
TOTAL FM JUL 1  1137    CLOUDY (SCALE 8-10)  4
DPTR FM NORMAL     M

[CDD (BASE 65) ]
TOTAL THIS MO.    56
DPTR FM NORMAL     M    [PRESSURE DATA]
TOTAL FM JAN 1   107    HIGHEST SLP M ON M
DPTR FM NORMAL     M    LOWEST  SLP M ON M

[REMARKS]
