000
CXUS55 KGJT 181000
CF6EEO
PRELIMINARY LOCAL CLIMATOLOGICAL DATA (WS FORM: F-6)

                                          STATION:   MEEKER CO
                                          MONTH:     AUGUST
                                          YEAR:      2017
                                          LATITUDE:   40  2 N
                                          LONGITUDE: 107 53 W

  TEMPERATURE IN F:       :PCPN:    SNOW:  WIND      :SUNSHINE: SKY     :PK WND
================================================================================
1   2   3   4   5  6A  6B    7    8   9   10  11  12  13   14  15   16   17  18
                                     12Z  AVG MX 2MIN
DY MAX MIN AVG DEP HDD CDD  WTR  SNW DPTH SPD SPD DIR MIN PSBL S-S WX    SPD DR
================================================================================

 1  91  48  70   2   0   5 0.00    M    M  5.6 18  40   M    M   0        26  20
 2  91  49  70   2   0   5 0.00    M    M  6.3 30 340   M    M   1        39 330
 3  89  54  72   4   0   7    T    M    M  7.1 32 320   M    M   1 3      48 320
 4  88  50  69   1   0   4 0.26    M    M  3.2 21 170   M    M   1 38     30 170
 5  82  51  67  -1   0   2 0.24    M    M  6.9 31 180   M    M   1 3      39 180
 6  84  48  66  -2   0   1 0.00    M    M  3.7 24 180   M    M   0 3      30 190
 7  74  54  64  -4   1   0 0.01    M    M  4.5 16  30   M    M   6        22  20
 8  80  48  64  -4   1   0    T    M    M  4.7 26 200   M    M   2 3      34 200
 9  82  45  64  -4   1   0 0.03    M    M  6.0 29  40   M    M   1 13     34  40
10  83  51  67   0   0   2    T    M    M  6.1 22 260   M    M   1 3      31 260
11  88  50  69   2   0   4    T    M    M  7.5 22 240   M    M   1        31 290
12  83  50  67   0   0   2    T    M    M  6.7 22 210   M    M   1 3      39 250
13  82  49  66  -1   0   1 0.39    M    M  5.3 33 280   M    M   0 3      42 280
14  78  47  63  -4   2   0 0.15    M    M  4.5 23 150   M    M   2 3      32 160
15  76  51  64  -3   1   0 0.13    M    M  5.0 31 300   M    M   5 3      43 300
16  78  45  62  -4   3   0 0.00    M    M  4.8 17 220   M    M   0        25 200
17  84  47  66   0   0   1    T    M    M  5.4 17 230   M    M   1        24 330
================================================================================
SM 1413  837         9  34  1.21    M     93.3          M       24
================================================================================
AV 83.1 49.2                               5.5 FASTST   M    M   1    MAX(MPH)
                                 MISC ---->  # 33 280               # 48  320
================================================================================
NOTES:
# LAST OF SEVERAL OCCURRENCES

COLUMN 17 PEAK WIND IN M.P.H.

PRELIMINARY LOCAL CLIMATOLOGICAL DATA (WS FORM: F-6) , PAGE 2

                                          STATION:  MEEKER CO
                                          MONTH:    AUGUST
                                          YEAR:     2017
                                          LATITUDE:   40  2 N
                                          LONGITUDE: 107 53 W

[TEMPERATURE DATA]      [PRECIPITATION DATA]       SYMBOLS USED IN COLUMN 16

AVERAGE MONTHLY: 66.2   TOTAL FOR MONTH:   1.21    1 = FOG OR MIST
DPTR FM NORMAL:  -1.2   DPTR FM NORMAL:    0.53    2 = FOG REDUCING VISIBILITY
HIGHEST:    91 ON  2, 1 GRTST 24HR  0.39 ON 13-13      TO 1/4 MILE OR LESS
LOWEST:     45 ON 16, 9                            3 = THUNDER
                        SNOW, ICE PELLETS, HAIL    4 = ICE PELLETS
                        TOTAL MONTH:    M          5 = HAIL
                        GRTST 24HR    M  ON   M    6 = FREEZING RAIN OR DRIZZLE
                        GRTST DEPTH:  M  ON   M    7 = DUSTSTORM OR SANDSTORM:
                                                       VSBY 1/2 MILE OR LESS
                                                   8 = SMOKE OR HAZE
[NO. OF DAYS WITH]      [WEATHER - DAYS WITH]      9 = BLOWING SNOW
                                                   X = TORNADO
MAX 32 OR BELOW:   0    0.01 INCH OR MORE:   7
MAX 90 OR ABOVE:   2    0.10 INCH OR MORE:   5
MIN 32 OR BELOW:   0    0.50 INCH OR MORE:   0
MIN  0 OR BELOW:   0    1.00 INCH OR MORE:   0

[HDD (BASE 65) ]
TOTAL THIS MO.     9    CLEAR  (SCALE 0-3)  15
DPTR FM NORMAL    -1    PTCLDY (SCALE 4-7)   2
TOTAL FM JUL 1     9    CLOUDY (SCALE 8-10)  0
DPTR FM NORMAL   -21

[CDD (BASE 65) ]
TOTAL THIS MO.    34
DPTR FM NORMAL   -13    [PRESSURE DATA]
TOTAL FM JAN 1   262    HIGHEST SLP M ON M
DPTR FM NORMAL   112    LOWEST  SLP 29.69 ON M

[REMARKS]
