000
CXUS55 KGJT 261000
CF6EEO
PRELIMINARY LOCAL CLIMATOLOGICAL DATA (WS FORM: F-6)

                                          STATION:   MEEKER CO
                                          MONTH:     FEBRUARY
                                          YEAR:      2015
                                          LATITUDE:   40  2 N
                                          LONGITUDE: 107 53 W

  TEMPERATURE IN F:       :PCPN:    SNOW:  WIND      :SUNSHINE: SKY     :PK WND
================================================================================
1   2   3   4   5  6A  6B    7    8   9   10  11  12  13   14  15   16   17  18
                                     12Z  AVG MX 2MIN
DY MAX MIN AVG DEP HDD CDD  WTR  SNW DPTH SPD SPD DIR MIN PSBL S-S WX    SPD DR
================================================================================

 1  38  12  25   3  40   0 0.00    M    M  2.0  8  50   M    M   5        11  50
 2  45  30  38  16  27   0 0.00    M    M  3.8 14  80   M    M  10        18  80
 3  49  37  43  21  22   0 0.00    M    M  4.6 16 250   M    M   8        22 250
 4  43  32  38  16  27   0 0.09    M    M  2.6 15 250   M    M   8 1      20 240
 5  49  29  39  17  26   0 0.00    M    M  1.8 10 220   M    M   0        14 220
 6  55  21  38  16  27   0 0.00    M    M  5.0 18 210   M    M   0        24 200
 7  54  27  41  19  24   0 0.00    M    M  4.9 20 210   M    M   0        27 200
 8  54  24  39  16  26   0 0.00    M    M  3.6 10 110   M    M   2        13 100
 9  58  24  41  18  24   0 0.00    M    M  7.1 24 250   M    M   2        33 240
10  48  29  39  16  26   0 0.04    M    M  3.4 15  20   M    M   6 1      17  20
11  50  23  37  13  28   0 0.00    M    M  2.4 12 270   M    M   0        14 270
12  53  23  38  14  27   0 0.00    M    M  4.3 13 280   M    M   3        17 290
13  57  24  41  17  24   0 0.00    M    M  2.8 12 100   M    M   0        14 100
14  61  25  43  19  22   0 0.00    M    M  3.5 14 200   M    M   0        19 190
15  46  27  37  12  28   0 0.01    M    M  4.7 23  20   M    M   5 8      28  20
16  35  21  28   3  37   0 0.01    M    M  4.7 21  10   M    M   5 18     27  80
17  39  14  27   2  38   0 0.00    M    M  4.3 18 260   M    M   2        24 270
18  51  16  34   8  31   0 0.00    M    M  3.6 15 230   M    M   0        19 280
19  59  20  40  14  25   0 0.00    M    M  4.3 14 290   M    M   0        18 270
20  38  24  31   5  34   0 0.14    M    M  2.7 15 310   M    M   6 12     19 310
21  35  22  29   2  36   0 0.01    M    M  2.8 16 320   M    M   9 1      20 330
22  26  15  21  -6  44   0 0.02    M    M  6.2 16  20   M    M  10 1      19  20
23  24   9  17 -11  48   0    T    M    M  3.6 13  20   M    M   5 1      14  30
24  41   6  24  -4  41   0 0.00    M    M  2.9 12 100   M    M   1        15 100
25  42  21  32   4  33   0 0.02    M    M  5.9 25 320   M    M   8 138    35 330
================================================================================
SM 1150  555       765   0  0.34    M     97.5          M       95
================================================================================
AV 46.0 22.2                               3.9 FASTST   M    M   4    MAX(MPH)
                                 MISC ---->  # 25 320               # 35  330
================================================================================
NOTES:
# LAST OF SEVERAL OCCURRENCES

COLUMN 17 PEAK WIND IN M.P.H.

PRELIMINARY LOCAL CLIMATOLOGICAL DATA (WS FORM: F-6) , PAGE 2

                                          STATION:  MEEKER CO
                                          MONTH:    FEBRUARY
                                          YEAR:     2015
                                          LATITUDE:   40  2 N
                                          LONGITUDE: 107 53 W

[TEMPERATURE DATA]      [PRECIPITATION DATA]       SYMBOLS USED IN COLUMN 16

AVERAGE MONTHLY: 34.1   TOTAL FOR MONTH:   0.34    1 = FOG OR MIST
DPTR FM NORMAL:   9.7   DPTR FM NORMAL:   -0.56    2 = FOG REDUCING VISIBILITY
HIGHEST:    61 ON 14    GRTST 24HR  0.14 ON 20-20      TO 1/4 MILE OR LESS
LOWEST:      6 ON 24                               3 = THUNDER
                        SNOW, ICE PELLETS, HAIL    4 = ICE PELLETS
                        TOTAL MONTH:    M          5 = HAIL
                        GRTST 24HR    M  ON   M    6 = FREEZING RAIN OR DRIZZLE
                        GRTST DEPTH:  M  ON   M    7 = DUSTSTORM OR SANDSTORM:
                                                       VSBY 1/2 MILE OR LESS
                                                   8 = SMOKE OR HAZE
[NO. OF DAYS WITH]      [WEATHER - DAYS WITH]      9 = BLOWING SNOW
                                                   X = TORNADO
MAX 32 OR BELOW:   2    0.01 INCH OR MORE:   8
MAX 90 OR ABOVE:   0    0.10 INCH OR MORE:   1
MIN 32 OR BELOW:  24    0.50 INCH OR MORE:   0
MIN  0 OR BELOW:   0    1.00 INCH OR MORE:   0

[HDD (BASE 65) ]
TOTAL THIS MO.   765    CLEAR  (SCALE 0-3)  13
DPTR FM NORMAL  -251    PTCLDY (SCALE 4-7)   6
TOTAL FM JUL 1  4956    CLOUDY (SCALE 8-10)  6
DPTR FM NORMAL  -741

[CDD (BASE 65) ]
TOTAL THIS MO.     0
DPTR FM NORMAL     0    [PRESSURE DATA]
TOTAL FM JAN 1     0    HIGHEST SLP M ON M
DPTR FM NORMAL     0    LOWEST  SLP 29.66 ON 20

[REMARKS]
