000
CXUS55 KGJT 301000
CF6EEO
PRELIMINARY LOCAL CLIMATOLOGICAL DATA (WS FORM: F-6)

                                          STATION:   MEEKER CO
                                          MONTH:     AUGUST
                                          YEAR:      2015
                                          LATITUDE:   40  2 N
                                          LONGITUDE: 107 53 W

  TEMPERATURE IN F:       :PCPN:    SNOW:  WIND      :SUNSHINE: SKY     :PK WND
================================================================================
1   2   3   4   5  6A  6B    7    8   9   10  11  12  13   14  15   16   17  18
                                     12Z  AVG MX 2MIN
DY MAX MIN AVG DEP HDD CDD  WTR  SNW DPTH SPD SPD DIR MIN PSBL S-S WX    SPD DR
================================================================================

 1  89  47  68   0   0   3 0.00    M    M  3.6 20 240   M    M   0        24 250
 2  83  51  67  -1   0   2    T    M    M  4.6 23 190   M    M   2 3      33 190
 3  80  51  66  -2   0   1 0.04    M    M  6.1 31 250   M    M   7 3      40 240
 4  87  46  67  -1   0   2 0.00    M    M  6.4 25 250   M    M   0        32 240
 5  91  47  69   1   0   4 0.00    M    M  9.2 29 220   M    M   0        38 210
 6  87  49  68   0   0   3 0.00    M    M  6.2 24 250   M    M   0        35 260
 7  74  52  63  -5   2   0    T    M    M  4.6 15 290   M    M   4        25 100
 8  81  50  66  -2   0   1    T    M    M  6.7 30 290   M    M   4        36 290
 9  84  46  65  -3   0   0 0.00    M    M  5.8 18 250   M    M   2        23 250
10  88  44  66  -1   0   1 0.00    M    M  2.8 12 150   M    M   0        15 170
11  81  56  69   2   0   4 0.01    M    M  5.2 20 210   M    M   6 38     27 230
12  79  56  68   1   0   3    T    M    M  4.6 21 160   M    M   5 3      28 160
13  88  51  70   3   0   5 0.00    M    M  3.8 12 190   M    M   1        16  90
14  91  55  73   6   0   8    T    M    M  5.0 20 340   M    M   1 3      26 360
15  91  52  72   5   0   7 0.10    M    M  5.4 22  20   M    M   1 38     28 360
16  86  59  73   7   0   8 0.01    M    M  7.0 28  30   M    M   2 3      34 110
17  89  49  69   3   0   4    T    M    M  7.7 25 240   M    M   1 3      40 240
18  81  44  63  -3   2   0 0.00    M    M  6.8 25  10   M    M   1        33  10
19  76  40  58  -8   7   0 0.00    M    M  5.2 18 240   M    M   0        23 240
20  85  41  63  -3   2   0 0.00    M    M  4.8 21 230   M    M   0        31 280
21  91  43  67   2   0   2    T    M    M  7.4 24 250   M    M   0 8      31 230
22  88  52  70   5   0   5 0.00    M    M  6.7 26 250   M    M   0        35 250
23  88  41  65   0   0   0 0.00    M    M  5.0 20 260   M    M   0        27 280
24  91  46  69   5   0   4    T    M    M  5.0 17  20   M    M   0        31  90
25  92  47  70   6   0   5    T    M    M  4.9 25  30   M    M   1        32  40
26  82  59  71   7   0   6 0.34    M    M  3.3 24 280   M    M   4 1      31 270
27  76  54  65   1   0   0 0.06    M    M  4.6 28 340   M    M   7 13     35 330
28  82  47  65   2   0   0 0.00    M    M  5.2 12 110   M    M   1        16 100
29  88  44  66   3   0   1 0.00    M    M  4.4 15 190   M    M   0        18 200
================================================================================
SM 2469 1419        13  79  0.56    M    158.0          M       50
================================================================================
AV 85.1 48.9                               5.4 FASTST   M    M   2    MAX(MPH)
                                 MISC ---->  # 31 250               # 40  240
================================================================================
NOTES:
# LAST OF SEVERAL OCCURRENCES

COLUMN 17 PEAK WIND IN M.P.H.

PRELIMINARY LOCAL CLIMATOLOGICAL DATA (WS FORM: F-6) , PAGE 2

                                          STATION:  MEEKER CO
                                          MONTH:    AUGUST
                                          YEAR:     2015
                                          LATITUDE:   40  2 N
                                          LONGITUDE: 107 53 W

[TEMPERATURE DATA]      [PRECIPITATION DATA]       SYMBOLS USED IN COLUMN 16

AVERAGE MONTHLY: 67.0   TOTAL FOR MONTH:   0.56    1 = FOG OR MIST
DPTR FM NORMAL:   0.8   DPTR FM NORMAL:   -0.66    2 = FOG REDUCING VISIBILITY
HIGHEST:    92 ON 25    GRTST 24HR  0.34 ON 26-26      TO 1/4 MILE OR LESS
LOWEST:     40 ON 19                               3 = THUNDER
                        SNOW, ICE PELLETS, HAIL    4 = ICE PELLETS
                        TOTAL MONTH:    M          5 = HAIL
                        GRTST 24HR    M  ON   M    6 = FREEZING RAIN OR DRIZZLE
                        GRTST DEPTH:  M  ON   M    7 = DUSTSTORM OR SANDSTORM:
                                                       VSBY 1/2 MILE OR LESS
                                                   8 = SMOKE OR HAZE
[NO. OF DAYS WITH]      [WEATHER - DAYS WITH]      9 = BLOWING SNOW
                                                   X = TORNADO
MAX 32 OR BELOW:   0    0.01 INCH OR MORE:   6
MAX 90 OR ABOVE:   6    0.10 INCH OR MORE:   2
MIN 32 OR BELOW:   0    0.50 INCH OR MORE:   0
MIN  0 OR BELOW:   0    1.00 INCH OR MORE:   0

[HDD (BASE 65) ]
TOTAL THIS MO.    13    CLEAR  (SCALE 0-3)  22
DPTR FM NORMAL   -14    PTCLDY (SCALE 4-7)   7
TOTAL FM JUL 1    37    CLOUDY (SCALE 8-10)  0
DPTR FM NORMAL   -10

[CDD (BASE 65) ]
TOTAL THIS MO.    79
DPTR FM NORMAL    17    [PRESSURE DATA]
TOTAL FM JAN 1   220    HIGHEST SLP M ON M
DPTR FM NORMAL    55    LOWEST  SLP 29.71 ON 18

[REMARKS]
