000
CXUS54 KBMX 171216
CF6EET
PRELIMINARY LOCAL CLIMATOLOGICAL DATA (WS FORM: F-6)

                                          STATION:   SHELBY COUNTY AIRPORT
                                          MONTH:     SEPTEMBER
                                          YEAR:      2014
                                          LATITUDE:   33 10 N
                                          LONGITUDE:  86 47 W

  TEMPERATURE IN F:       :PCPN:    SNOW:  WIND      :SUNSHINE: SKY     :PK WND
================================================================================
1   2   3   4   5  6A  6B    7    8   9   10  11  12  13   14  15   16   17  18
                                     12Z  AVG MX 2MIN
DY MAX MIN AVG DEP HDD CDD  WTR  SNW DPTH SPD SPD DIR MIN PSBL S-S WX    SPD DR
================================================================================

 1  96  72  84   6   0  19 0.00  0.0    0  1.5 12 200   M    M   1        17 210
 2  95  73  84   6   0  19 0.00  0.0    0  2.6 12 220   M    M   2        16 220
 3  92  74  83   5   0  18 0.39  0.0    0  2.9 16 310   M    M   6 13     22 290
 4  88  72  80   2   0  15    T  0.0    0  2.4  9  80   M    M   4 13     12 160
 5  91  72  82   4   0  17 0.00  0.0    0  1.2  9 120   M    M   2 3      16 110
 6  91  72  82   5   0  17    T  0.0    0  1.4 10 150   M    M   1 13     13 150
 7  92  73  83   6   0  18 0.33  0.0    0  1.8 10 310   M    M   2 13     14 310
 8  90  70  80   3   0  15    T  0.0    0  2.0 12 180   M    M   1 1      16 180
 9  90  72  81   5   0  16 0.00  0.0    0  3.2 10 150   M    M   3 1      15 140
10  92  73  83   7   0  18 0.00  0.0    0  5.0 15 170   M    M   5        22 160
11  93  73  83   7   0  18 0.00  0.0    0  3.1 13 180   M    M   1        16 170
12  92  74  83   7   0  18 1.38  0.0    0  1.6 18 310   M    M   4 13     25 310
13  81  68  75   0   0  10    T  0.0    0  5.1 10 350   M    M   7 18     17 360
14  88  66  77   2   0  12 0.00  0.0    0  1.7  8 250   M    M   0 18     10  80
15  86  71  79   4   0  14 0.45  0.0    0  2.5 14 350   M    M   8 138    21 330
16  87  71  79   5   0  14    T  0.0    0  1.4  8 320   M    M   2        12 340
================================================================================
SM 1444 1146         0 258  2.55     0.0  39.4          M       49
================================================================================
AV 90.2 71.6                               2.5 FASTST   M    M   3    MAX(MPH)
                                 MISC ---->  # 18 310               # 25  310
================================================================================
NOTES:
# LAST OF SEVERAL OCCURRENCES

COLUMN 17 PEAK WIND IN M.P.H.

PRELIMINARY LOCAL CLIMATOLOGICAL DATA (WS FORM: F-6) , PAGE 2

                                          STATION:  SHELBY COUNTY AIRPORT
                                          MONTH:    SEPTEMBER
                                          YEAR:     2014
                                          LATITUDE:   33 10 N
                                          LONGITUDE:  86 47 W

[TEMPERATURE DATA]      [PRECIPITATION DATA]       SYMBOLS USED IN COLUMN 16

AVERAGE MONTHLY: 80.9   TOTAL FOR MONTH:   2.55    1 = FOG OR MIST
DPTR FM NORMAL:   4.4   DPTR FM NORMAL:    0.42    2 = FOG REDUCING VISIBILITY
HIGHEST:    96 ON  1    GRTST 24HR  1.38 ON 12-12      TO 1/4 MILE OR LESS
LOWEST:     66 ON 14                               3 = THUNDER
                        SNOW, ICE PELLETS, HAIL    4 = ICE PELLETS
                        TOTAL MONTH:   0.0 INCH    5 = HAIL
                        GRTST 24HR     0.0         6 = FREEZING RAIN OR DRIZZLE
                        GRTST DEPTH:   0           7 = DUSTSTORM OR SANDSTORM:
                                                       VSBY 1/2 MILE OR LESS
                                                   8 = SMOKE OR HAZE
[NO. OF DAYS WITH]      [WEATHER - DAYS WITH]      9 = BLOWING SNOW
                                                   X = TORNADO
MAX 32 OR BELOW:   0    0.01 INCH OR MORE:   4
MAX 90 OR ABOVE:  11    0.10 INCH OR MORE:   4
MIN 32 OR BELOW:   0    0.50 INCH OR MORE:   1
MIN  0 OR BELOW:   0    1.00 INCH OR MORE:   1

[HDD (BASE 65) ]
TOTAL THIS MO.     0    CLEAR  (SCALE 0-3)  10
DPTR FM NORMAL     0    PTCLDY (SCALE 4-7)   6
TOTAL FM JUL 1     0    CLOUDY (SCALE 8-10)  0
DPTR FM NORMAL     0

[CDD (BASE 65) ]
TOTAL THIS MO.   258
DPTR FM NORMAL    72    [PRESSURE DATA]
TOTAL FM JAN 1  1926    HIGHEST SLP M ON M
DPTR FM NORMAL   142    LOWEST  SLP 29.92 ON  7

[REMARKS]
