000
CXUS56 KLKN 291009
CF6EKO
PRELIMINARY LOCAL CLIMATOLOGICAL DATA (WS FORM: F-6)

                                          STATION:   ELKO AIRPORT NV
                                          MONTH:     JULY
                                          YEAR:      2015
                                          LATITUDE:   40 49 N
                                          LONGITUDE: 115 47 W

  TEMPERATURE IN F:       :PCPN:    SNOW:  WIND      :SUNSHINE: SKY     :PK WND
================================================================================
1   2   3   4   5  6A  6B    7    8   9   10  11  12  13   14  15   16   17  18
                                     12Z  AVG MX 2MIN
DY MAX MIN AVG DEP HDD CDD  WTR  SNW DPTH SPD SPD DIR MIN PSBL S-S WX    SPD DR
================================================================================

 1  98  61  80  13   0  15 0.00  0.0    0  6.2 24 350   M    M   0 3      30 360
 2  99  63  81  13   0  16 0.00  0.0    0  6.8 26 150   M    M   1 38     36 150
 3  95  61  78  10   0  13 0.03  0.0    0  5.5 17  50   M    M   1        24  50
 4  97  57  77   9   0  12 0.01  0.0    0  8.3 31 210   M    M   2 3      43 200
 5  87  59  73   5   0   8    T  0.0    0 12.3 26 270   M    M   5        33 240
 6  91  55  73   4   0   8 0.00  0.0    0  4.2 22 120   M    M   1 3      28 120
 7  88  59  74   5   0   9    T  0.0    0  7.1 26 240   M    M   6 3      39  50
 8  84  55  70   1   0   5 0.21  0.0    0  5.1 26 360   M    M   5 13     33 360
 9  81  47  64  -6   1   0 0.02  0.0    0  6.3 23  60   M    M   1 123    28  40
10  74  49  62  -8   3   0 0.06  0.0    0  4.2 35 210   M    M   4 3      44 230
11  82  52  67  -3   0   2    T  0.0    0  5.5 32 250   M    M   3 3      37 250
12  87  50  69  -1   0   4 0.00  0.0    0  4.4 26 260   M    M   2        33 260
13  85  50  68  -2   0   3 0.00  0.0    0  4.9 16 220   M    M   1        21 220
14  93  58  76   6   0  11    T  0.0    0  9.2 22 210   M    M   1 3      29 210
15  90  52  71   0   0   6 0.00  0.0    0  5.1 20 290   M    M   1        23 280
16  92  55  74   3   0   9 0.01  0.0    0  5.5 41 240   M    M   1 8      57 240
17  89  52  71   0   0   6 0.01  0.0    0 10.3 28 330   M    M   1        37 320
18  81  53  67  -4   0   2 0.01  0.0    0  9.3 25 250   M    M   3        32 250
19  87  47  67  -4   0   2 0.00  0.0    0  5.0 17 170   M    M   0        25 170
20  90  58  74   3   0   9 0.00  0.0    0  3.6 12  20   M    M   0        16 260
21  86  63  75   4   0  10    T  0.0    0  5.8 25 140   M    M   1        33 140
22  82  57  70  -1   0   5 0.10  0.0    0  5.2 31 200   M    M   3 138    41 200
23  81  54  68  -3   0   3 0.20  0.0    0  5.2 29 240   M    M   2 3      40 250
24  81  54  68  -3   0   3 0.12  0.0    0  4.6 17 160   M    M   3 3      22 170
25  89  49  69  -2   0   4 0.00  0.0    0  3.7 15 270   M    M   1        20 270
26  90  50  70  -1   0   5 0.00  0.0    0  7.4 25 260   M    M   0        30 260
27  76  53  65  -6   0   0 0.01  0.0    0  9.0 23 260   M    M   2        32 270
28  81  39  60 -11   5   0 0.00  0.0    0  4.7 14  40   M    M   0        17  50
================================================================================
SM 2436 1512         9 170  0.79     0.0 174.4          M       51
================================================================================
AV 87.0 54.0                               6.2 FASTST   M    M   2    MAX(MPH)
                                 MISC ---->  # 41 240               # 57  240
================================================================================
NOTES:
# LAST OF SEVERAL OCCURRENCES

COLUMN 17 PEAK WIND IN M.P.H.

PRELIMINARY LOCAL CLIMATOLOGICAL DATA (WS FORM: F-6) , PAGE 2

                                          STATION:  ELKO AIRPORT NV
                                          MONTH:    JULY
                                          YEAR:     2015
                                          LATITUDE:   40 49 N
                                          LONGITUDE: 115 47 W

[TEMPERATURE DATA]      [PRECIPITATION DATA]       SYMBOLS USED IN COLUMN 16

AVERAGE MONTHLY: 70.5   TOTAL FOR MONTH:   0.79    1 = FOG OR MIST
DPTR FM NORMAL:   0.5   DPTR FM NORMAL:    0.46    2 = FOG REDUCING VISIBILITY
HIGHEST:    99 ON  2    GRTST 24HR  0.30 ON 23-24      TO 1/4 MILE OR LESS
LOWEST:     39 ON 28                               3 = THUNDER
                        SNOW, ICE PELLETS, HAIL    4 = ICE PELLETS
                        TOTAL MONTH:   0.0 INCH    5 = HAIL
                        GRTST 24HR     0.0         6 = FREEZING RAIN OR DRIZZLE
                        GRTST DEPTH:   0           7 = DUSTSTORM OR SANDSTORM:
                                                       VSBY 1/2 MILE OR LESS
                                                   8 = SMOKE OR HAZE
[NO. OF DAYS WITH]      [WEATHER - DAYS WITH]      9 = BLOWING SNOW
                                                   X = TORNADO
MAX 32 OR BELOW:   0    0.01 INCH OR MORE:  12
MAX 90 OR ABOVE:  10    0.10 INCH OR MORE:   4
MIN 32 OR BELOW:   0    0.50 INCH OR MORE:   0
MIN  0 OR BELOW:   0    1.00 INCH OR MORE:   0

[HDD (BASE 65) ]
TOTAL THIS MO.     9    CLEAR  (SCALE 0-3)  24
DPTR FM NORMAL    -8    PTCLDY (SCALE 4-7)   4
TOTAL FM JUL 1     9    CLOUDY (SCALE 8-10)  0
DPTR FM NORMAL    -8

[CDD (BASE 65) ]
TOTAL THIS MO.   170
DPTR FM NORMAL     7    [PRESSURE DATA]
TOTAL FM JAN 1   355    HIGHEST SLP M ON M
DPTR FM NORMAL   141    LOWEST  SLP 29.66 ON 14

[REMARKS]
