000
CXUS54 KSHV 301300
CF6ELD
PRELIMINARY LOCAL CLIMATOLOGICAL DATA (WS FORM: F-6)

                                          STATION:   EL DORADO
                                          MONTH:     AUGUST
                                          YEAR:      2015
                                          LATITUDE:   33 13 N
                                          LONGITUDE:  92 49 W

  TEMPERATURE IN F:       :PCPN:    SNOW:  WIND      :SUNSHINE: SKY     :PK WND
================================================================================
1   2   3   4   5  6A  6B    7    8   9   10  11  12  13   14  15   16   17  18
                                     12Z  AVG MX 2MIN
DY MAX MIN AVG DEP HDD CDD  WTR  SNW DPTH SPD SPD DIR MIN PSBL S-S WX    SPD DR
================================================================================

 1  96  65  81  -1   0  16 0.00  0.0    0  4.4 15  50   M    M   0        22  70
 2  98  64  81  -1   0  16 0.00  0.0    0  2.3 13  30   M    M   0        16  50
 3 100  67  84   2   0  19 0.00  0.0    0  1.9 13  70   M    M   1 8      17  20
 4  98  70  84   2   0  19 0.00  0.0    0  2.6 10 220   M    M   1 18     14 210
 5  98  77  88   6   0  23 0.00  0.0    0  6.2 15 180   M    M   0        24 240
 6  99  78  89   7   0  24 0.00  0.0    0  8.0 17 200   M    M   0        24 200
 7 100  78  89   7   0  24 0.00  0.0    0  6.8 14 260   M    M   0        18 250
 8 102  77  90   8   0  25 0.00  0.0    0  4.7 12 250   M    M   1        17 280
 9 103  76  90   8   0  25 0.00  0.0    0  3.0 10 200   M    M   0 1      13 330
10 105  76  91   9   0  26 0.00  0.0    0  4.3 14 320   M    M   0 8      19 320
11 101  79  90   8   0  25    T  0.0    0  6.3 14  40   M    M   2 18     17  70
12  95  72  84   2   0  19 0.00  0.0    0  7.0 15 360   M    M   3 8      19  40
13  93  66  80  -2   0  15 0.00  0.0    0  5.0 14  60   M    M   1 8      17  70
14  93  62  78  -4   0  13 0.00  0.0    0  5.1 15  40   M    M   0        26  60
15  96  65  81  -1   0  16 0.00  0.0    0  4.2 16  50   M    M   1        20  50
16  96  69  83   1   0  18 0.00  0.0    0  6.4 16  80   M    M   1 18     20  80
17  94  70  82   0   0  17    T  0.0    0  4.1 10 100   M    M   2        13  50
18  97  73  85   4   0  20 0.00  0.0    0  6.9 16 160   M    M   2        21 150
19  90  71  81   0   0  16 0.12  0.0    0  7.2 18 200   M    M   5 13     24 200
20  71  66  69 -12   0   4 0.30  0.0    0  6.1 15  60   M    M  10 1      17  40
21  87  68  78  -3   0  13    T  0.0    0  2.4  9  50   M    M   7 18     11  50
22  90  72  81   0   0  16 0.15  0.0    0  3.6 20 150   M    M   5 138    25 130
23  93  72  83   2   0  18    T  0.0    0  5.1 21 350   M    M   1 1      28 340
24  87  71  79  -2   0  14    T  0.0    0  2.9 12  50   M    M   2 8      15  30
25  88  59  74  -7   0   9 0.00  0.0    0  4.1 16  50   M    M   3        19  40
26  90  57  74  -6   0   9 0.00  0.0    0  2.4 14  20   M    M   0        18 340
27  86  59  73  -7   0   8 0.00  0.0    0  3.1 14 350   M    M   0        19 340
28  90  57  74  -6   0   9 0.00  0.0    0  3.3 13  50   M    M   0        16  50
29  93  63  78  -2   0  13 0.00  0.0    0  2.7 12 240   M    M   0        15 230
================================================================================
SM 2729 1999         0 489  0.57     0.0 132.1          M       48
================================================================================
AV 94.1 68.9                               4.6 FASTST   M    M   2    MAX(MPH)
                                 MISC ---->  # 21 350               # 28  340
================================================================================
NOTES:
# LAST OF SEVERAL OCCURRENCES

COLUMN 17 PEAK WIND IN M.P.H.

PRELIMINARY LOCAL CLIMATOLOGICAL DATA (WS FORM: F-6) , PAGE 2

                                          STATION:  EL DORADO
                                          MONTH:    AUGUST
                                          YEAR:     2015
                                          LATITUDE:   33 13 N
                                          LONGITUDE:  92 49 W

[TEMPERATURE DATA]      [PRECIPITATION DATA]       SYMBOLS USED IN COLUMN 16

AVERAGE MONTHLY: 81.5   TOTAL FOR MONTH:   0.57    1 = FOG OR MIST
DPTR FM NORMAL:   0.1   DPTR FM NORMAL:   -2.34    2 = FOG REDUCING VISIBILITY
HIGHEST:   105 ON 10    GRTST 24HR  0.30 ON 20-20      TO 1/4 MILE OR LESS
LOWEST:     57 ON 28,26                            3 = THUNDER
                        SNOW, ICE PELLETS, HAIL    4 = ICE PELLETS
                        TOTAL MONTH:   0.0 INCH    5 = HAIL
                        GRTST 24HR     0.0         6 = FREEZING RAIN OR DRIZZLE
                        GRTST DEPTH:   0           7 = DUSTSTORM OR SANDSTORM:
                                                       VSBY 1/2 MILE OR LESS
                                                   8 = SMOKE OR HAZE
[NO. OF DAYS WITH]      [WEATHER - DAYS WITH]      9 = BLOWING SNOW
                                                   X = TORNADO
MAX 32 OR BELOW:   0    0.01 INCH OR MORE:   3
MAX 90 OR ABOVE:  24    0.10 INCH OR MORE:   3
MIN 32 OR BELOW:   0    0.50 INCH OR MORE:   0
MIN  0 OR BELOW:   0    1.00 INCH OR MORE:   0

[HDD (BASE 65) ]
TOTAL THIS MO.     0    CLEAR  (SCALE 0-3)  24
DPTR FM NORMAL     0    PTCLDY (SCALE 4-7)   4
TOTAL FM JUL 1     0    CLOUDY (SCALE 8-10)  1
DPTR FM NORMAL     0

[CDD (BASE 65) ]
TOTAL THIS MO.   489
DPTR FM NORMAL    13    [PRESSURE DATA]
TOTAL FM JAN 1  1840    HIGHEST SLP M ON M
DPTR FM NORMAL   141    LOWEST  SLP 29.75 ON 18

[REMARKS]
