000
CXUS53 KTOP 280800
CF6EMP
PRELIMINARY LOCAL CLIMATOLOGICAL DATA (WS FORM: F-6)

                                          STATION:   Emporia KS
                                          MONTH:     APRIL
                                          YEAR:      2016
                                          LATITUDE:   38 19 N
                                          LONGITUDE:  96 12 W

  TEMPERATURE IN F:       :PCPN:    SNOW:  WIND      :SUNSHINE: SKY     :PK WND
================================================================================
1   2   3   4   5  6A  6B    7    8   9   10  11  12  13   14  15   16   17  18
                                     12Z  AVG MX 2MIN
DY MAX MIN AVG DEP HDD CDD  WTR  SNW DPTH SPD SPD DIR MIN PSBL S-S WX    SPD DR
================================================================================

 1  56  33  45  -6  20   0 0.00    M    M 14.3 28 320   M    M   2 8      35 290
 2  69  27  48  -3  17   0 0.00    M    M 10.9 23 320   M    M   0 8      32 350
 3  80  40  60   8   5   0 0.00    M    M 17.1 32 230   M    M   0 8      41 230
 4  72  46  59   7   6   0 0.00    M    M  9.8 21 230   M    M   2 8      27 230
 5  86  45  66  14   0   1    T    M    M 20.1 39 180   M    M   1 8      52 180
 6  66  47  57   4   8   0 0.03    M    M 15.5 33 320   M    M   2        42 310
 7  69  45  57   4   8   0 0.00    M    M 17.0 37 330   M    M   2        47 310
 8  68  34  51  -2  14   0 0.00    M    M  9.7 23 310   M    M   0        30 320
 9  71  32  52  -2  13   0 0.00    M    M 17.3 36 190   M    M   1 8      46 190
10  82  57  70  16   0   5    T    M    M 16.2 32 200   M    M   4 8      41 200
11  61  42  52  -2  13   0 0.00    M    M 14.3 30  40   M    M   5        36  30
12  66  32  49  -6  16   0 0.00    M    M  7.4 17 140   M    M   0 8      24 100
13  72  35  54  -1  11   0 0.00    M    M  8.2 21 160   M    M   0 18     27 170
14  73  36  55   0  10   0 0.00    M    M  8.5 17 130   M    M   1 128    25 120
15  76  46  61   5   4   0 0.00    M    M 14.7 25 130   M    M   1        31 150
16  75  56  66  10   0   1 0.00    M    M 16.8 28 130   M    M   8        34 120
17  65  56  61   5   4   0 0.88    M    M  8.8 22 130   M    M   8 1      29 130
18  61  55  58   1   7   0 0.48    M    M  8.3 16 150   M    M  10 1      23 260
19  64  54  59   2   6   0 0.32    M    M  5.8 15  50   M    M  10 1      18  50
20  67  51  59   2   6   0 0.62    M    M  8.7 16 300   M    M   7 18     22 290
21  70  48  59   1   6   0 0.00    M    M  9.0 20 300   M    M   4 8      28 290
22  69  48  59   1   6   0 0.00    M    M  6.1 14 330   M    M   3 18     17 320
23  81  47  64   6   1   0 0.00    M    M 11.9 24 170   M    M   0 1      31 170
24  80  59  70  11   0   5 0.00    M    M 21.6 36 170   M    M   0 3      48 170
25  78  62  70  11   0   5 0.17    M    M 11.1 29 200   M    M   6 3      43 220
26  77  56  67   8   0   2 3.36    M    M 13.2 29 320   M    M   8 13     37 320
27  65  48  57  -3   8   0 0.05    M    M 13.3 37  70   M    M   5 13     47  70
================================================================================
SM 1919 1237       189  19  5.91    M    335.6          M       90
================================================================================
AV 71.1 45.8                              12.4 FASTST   M    M   3    MAX(MPH)
                                 MISC ---->  # 39 180               # 52  180
================================================================================
NOTES:
# LAST OF SEVERAL OCCURRENCES

COLUMN 17 PEAK WIND IN M.P.H.

PRELIMINARY LOCAL CLIMATOLOGICAL DATA (WS FORM: F-6) , PAGE 2

                                          STATION:  Emporia KS
                                          MONTH:    APRIL
                                          YEAR:     2016
                                          LATITUDE:   38 19 N
                                          LONGITUDE:  96 12 W

[TEMPERATURE DATA]      [PRECIPITATION DATA]       SYMBOLS USED IN COLUMN 16

AVERAGE MONTHLY: 58.4   TOTAL FOR MONTH:   5.91    1 = FOG OR MIST
DPTR FM NORMAL:   3.1   DPTR FM NORMAL:    3.05    2 = FOG REDUCING VISIBILITY
HIGHEST:    86 ON  5    GRTST 24HR  3.41 ON 26-27      TO 1/4 MILE OR LESS
LOWEST:     27 ON  2                               3 = THUNDER
                        SNOW, ICE PELLETS, HAIL    4 = ICE PELLETS
                        TOTAL MONTH:    M          5 = HAIL
                        GRTST 24HR    M  ON   M    6 = FREEZING RAIN OR DRIZZLE
                        GRTST DEPTH:  M  ON   M    7 = DUSTSTORM OR SANDSTORM:
                                                       VSBY 1/2 MILE OR LESS
                                                   8 = SMOKE OR HAZE
[NO. OF DAYS WITH]      [WEATHER - DAYS WITH]      9 = BLOWING SNOW
                                                   X = TORNADO
MAX 32 OR BELOW:   0    0.01 INCH OR MORE:   8
MAX 90 OR ABOVE:   0    0.10 INCH OR MORE:   6
MIN 32 OR BELOW:   3    0.50 INCH OR MORE:   3
MIN  0 OR BELOW:   0    1.00 INCH OR MORE:   1

[HDD (BASE 65) ]
TOTAL THIS MO.   189    CLEAR  (SCALE 0-3)  16
DPTR FM NORMAL   -91    PTCLDY (SCALE 4-7)   8
TOTAL FM JUL 1  3745    CLOUDY (SCALE 8-10)  3
DPTR FM NORMAL  -967

[CDD (BASE 65) ]
TOTAL THIS MO.    19
DPTR FM NORMAL    -2    [PRESSURE DATA]
TOTAL FM JAN 1    20    HIGHEST SLP M ON M
DPTR FM NORMAL    -3    LOWEST  SLP 29.30 ON 27

[REMARKS]
