000
CXUS56 KOTX 281500
CF6EPH
PRELIMINARY LOCAL CLIMATOLOGICAL DATA (WS FORM: F-6)

                                          STATION:   EPHRATA WA AIRPORT
                                          MONTH:     MARCH
                                          YEAR:      2015
                                          LATITUDE:   47 18 N
                                          LONGITUDE: 119 31 W

  TEMPERATURE IN F:       :PCPN:    SNOW:  WIND      :SUNSHINE: SKY     :PK WND
================================================================================
1   2   3   4   5  6A  6B    7    8   9   10  11  12  13   14  15   16   17  18
                                     12Z  AVG MX 2MIN
DY MAX MIN AVG DEP HDD CDD  WTR  SNW DPTH SPD SPD DIR MIN PSBL S-S WX    SPD DR
================================================================================

 1  49  21  35  -3  30   0 0.00    M    M  5.4 16 150   M    M   1        19 150
 2  52  34  43   5  22   0 0.00    M    M 14.9 29 360   M    M   7        36 350
 3  46  23  35  -4  30   0 0.00    M    M  8.2 25 360   M    M   0        31 360
 4  51  20  36  -3  29   0 0.00    M    M  5.4 14 160   M    M   0        18 170
 5  54  27  41   2  24   0 0.00    M    M  4.9 10  30   M    M   0        12  10
 6  59  31  45   5  20   0 0.00    M    M  4.1 10 310   M    M   0        12 310
 7  65  34  50  10  15   0 0.00    M    M  5.9 16 320   M    M   0        20 320
 8  66  32  49   9  16   0 0.00    M    M  4.6 12 160   M    M   0        14 170
 9  71  32  52  11  13   0 0.00    M    M  5.8 14 330   M    M   0        17 190
10  66  31  49   8  16   0 0.00    M    M  3.8 12  20   M    M   0        13  50
11  65  44  55  13  10   0    T    M    M  7.6 20 290   M    M   7        25 300
12  68  37  53  11  12   0 0.00    M    M  6.7 16 230   M    M   1        22 220
13  68  39  54  12  11   0 0.00    M    M  5.8 13  40   M    M   0        19  40
14  71  48  60  18   5   0 0.04    M    M 10.2 28 210   M    M   9 1      35 210
15  50  42  46   3  19   0 0.54    M    M  5.7 21 320   M    M   8 1      24 320
16  59  34  47   4  18   0 0.00    M    M  7.9 14  70   M    M   3        18  20
17  56  43  50   6  15   0    T    M    M  7.5 15 300   M    M   5        17 310
18  63  34  49   5  16   0 0.00    M    M  4.8 14 220   M    M   0        18 190
19  59  36  48   4  17   0 0.00    M    M  4.6  9  20   M    M   1        12 190
20  57  40  49   5  16   0 0.00    M    M  3.8  9  40   M    M   3        12  30
21  64  41  53   8  12   0    T    M    M 12.8 26 220   M    M   4        33 210
22  56  33  45   0  20   0    T    M    M  5.5 17 350   M    M   5        19 360
23  59  39  49   4  16   0    T    M    M  8.1 32 300   M    M   3        41 300
24  59  38  49   3  16   0 0.42    M    M  9.4 20 270   M    M   7 1      28 220
25  54  40  47   1  18   0 0.01    M    M  6.6 15 200   M    M   7        19 210
26  68  44  56  10   9   0    T    M    M  5.4 10  20   M    M   4 12     11  30
27  71  43  57  11   8   0    T    M    M  5.8 14 210   M    M   1        17 250
================================================================================
SM 1626  960       453   0  1.01    M    181.2          M       76
================================================================================
AV 60.2 35.6                               6.7 FASTST   M    M   3    MAX(MPH)
                                 MISC ---->  # 32 300               # 41  300
================================================================================
NOTES:
# LAST OF SEVERAL OCCURRENCES

COLUMN 17 PEAK WIND IN M.P.H.

PRELIMINARY LOCAL CLIMATOLOGICAL DATA (WS FORM: F-6) , PAGE 2

                                          STATION:  EPHRATA WA AIRPORT
                                          MONTH:    MARCH
                                          YEAR:     2015
                                          LATITUDE:   47 18 N
                                          LONGITUDE: 119 31 W

[TEMPERATURE DATA]      [PRECIPITATION DATA]       SYMBOLS USED IN COLUMN 16

AVERAGE MONTHLY: 47.9   TOTAL FOR MONTH:   1.01    1 = FOG OR MIST
DPTR FM NORMAL:   5.5   DPTR FM NORMAL:    0.41    2 = FOG REDUCING VISIBILITY
HIGHEST:    71 ON 27,14 GRTST 24HR  0.54 ON 15-15      TO 1/4 MILE OR LESS
LOWEST:     20 ON  4                               3 = THUNDER
                        SNOW, ICE PELLETS, HAIL    4 = ICE PELLETS
                        TOTAL MONTH:    M          5 = HAIL
                        GRTST 24HR    M  ON   M    6 = FREEZING RAIN OR DRIZZLE
                        GRTST DEPTH:  M  ON   M    7 = DUSTSTORM OR SANDSTORM:
                                                       VSBY 1/2 MILE OR LESS
                                                   8 = SMOKE OR HAZE
[NO. OF DAYS WITH]      [WEATHER - DAYS WITH]      9 = BLOWING SNOW
                                                   X = TORNADO
MAX 32 OR BELOW:   0    0.01 INCH OR MORE:   4
MAX 90 OR ABOVE:   0    0.10 INCH OR MORE:   2
MIN 32 OR BELOW:   8    0.50 INCH OR MORE:   1
MIN  0 OR BELOW:   0    1.00 INCH OR MORE:   0

[HDD (BASE 65) ]
TOTAL THIS MO.   453    CLEAR  (SCALE 0-3)  17
DPTR FM NORMAL  -158    PTCLDY (SCALE 4-7)   8
TOTAL FM JUL 1  4147    CLOUDY (SCALE 8-10)  2
DPTR FM NORMAL -1037

[CDD (BASE 65) ]
TOTAL THIS MO.     0
DPTR FM NORMAL     0    [PRESSURE DATA]
TOTAL FM JAN 1     0    HIGHEST SLP M ON M
DPTR FM NORMAL     0    LOWEST  SLP  0.00 ON M

[REMARKS]
