000
CXUS56 KOTX 190900
CF6EPH
PRELIMINARY LOCAL CLIMATOLOGICAL DATA (WS FORM: F-6)

                                          STATION:   EPHRATA WA AIRPORT
                                          MONTH:     FEBRUARY
                                          YEAR:      2018
                                          LATITUDE:   47 18 N
                                          LONGITUDE: 119 31 W

  TEMPERATURE IN F:       :PCPN:    SNOW:  WIND      :SUNSHINE: SKY     :PK WND
================================================================================
1   2   3   4   5  6A  6B    7    8   9   10  11  12  13   14  15   16   17  18
                                     12Z  AVG MX 2MIN
DY MAX MIN AVG DEP HDD CDD  WTR  SNW DPTH SPD SPD DIR MIN PSBL S-S WX    SPD DR
================================================================================

 1  38  30  34   3  31   0 0.19    M    M  5.4 10 350   M    M   8 1      12 360
 2  42  33  38   6  27   0    T    M    M  3.5 16 220   M    M   9 128    19 220
 3  63  31  47  15  18   0 0.00    M    M  7.9 23 290   M    M   1 12     30 290
 4  62  35  49  17  16   0    T    M    M  5.8 25 280   M    M   4        32 280
 5  58  33  46  14  19   0 0.00    M    M 10.4 24 270   M    M   2        29 260
 6  51  27  39   7  26   0 0.00    M    M  3.8  9 190   M    M   1        12 330
 7  60  34  47  15  18   0 0.00    M    M  4.7 15 280   M    M   1        19 280
 8  65  37  51  19  14   0 0.00    M    M 11.5 25 280   M    M   1        32 310
 9  45  31  38   5  27   0 0.00    M    M 11.1 23 350   M    M   4        27 350
10  41  24  33   0  32   0    T    M    M  9.8 26 350   M    M   1        29 350
11  42  27  35   2  30   0 0.00    M    M 14.5 29  10   M    M   1        36  10
12  38  20  29  -4  36   0 0.00    M    M  9.2 25  10   M    M   0        31  10
13  40  18  29  -5  36   0 0.01    M    M  4.6 14 150   M    M   2        18 150
14  44  26  35   1  30   0 0.12    M    M  6.8 20 350   M    M   6 128    22 350
15  43  23  33  -1  32   0 0.00    M    M  5.7 16 300   M    M   1        20 350
16  55  29  42   8  23   0 0.00    M    M  9.2 24 220   M    M   6        31 220
17  53  29  41   7  24   0    T    M    M 10.8 44 260   M    M   4 6      52 260
18  34  23  29  -6  36   0    T    M    M 16.7 29  10   M    M   5        34  20
================================================================================
SM  874  510       475   0  0.32    M    151.4          M       57
================================================================================
AV 48.6 28.3                               8.4 FASTST   M    M   3    MAX(MPH)
                                 MISC ---->  # 44 260               # 52  260
================================================================================
NOTES:
# LAST OF SEVERAL OCCURRENCES

COLUMN 17 PEAK WIND IN M.P.H.

PRELIMINARY LOCAL CLIMATOLOGICAL DATA (WS FORM: F-6) , PAGE 2

                                          STATION:  EPHRATA WA AIRPORT
                                          MONTH:    FEBRUARY
                                          YEAR:     2018
                                          LATITUDE:   47 18 N
                                          LONGITUDE: 119 31 W

[TEMPERATURE DATA]      [PRECIPITATION DATA]       SYMBOLS USED IN COLUMN 16

AVERAGE MONTHLY: 38.4   TOTAL FOR MONTH:   0.32    1 = FOG OR MIST
DPTR FM NORMAL:   5.6   DPTR FM NORMAL:   -0.14    2 = FOG REDUCING VISIBILITY
HIGHEST:    65 ON  8    GRTST 24HR  0.19 ON  1- 1      TO 1/4 MILE OR LESS
LOWEST:     18 ON 13                               3 = THUNDER
                        SNOW, ICE PELLETS, HAIL    4 = ICE PELLETS
                        TOTAL MONTH:    M          5 = HAIL
                        GRTST 24HR    M  ON   M    6 = FREEZING RAIN OR DRIZZLE
                        GRTST DEPTH:  M  ON   M    7 = DUSTSTORM OR SANDSTORM:
                                                       VSBY 1/2 MILE OR LESS
                                                   8 = SMOKE OR HAZE
[NO. OF DAYS WITH]      [WEATHER - DAYS WITH]      9 = BLOWING SNOW
                                                   X = TORNADO
MAX 32 OR BELOW:   0    0.01 INCH OR MORE:   3
MAX 90 OR ABOVE:   0    0.10 INCH OR MORE:   2
MIN 32 OR BELOW:  13    0.50 INCH OR MORE:   0
MIN  0 OR BELOW:   0    1.00 INCH OR MORE:   0

[HDD (BASE 65) ]
TOTAL THIS MO.   475    CLEAR  (SCALE 0-3)  10
DPTR FM NORMAL  -102    PTCLDY (SCALE 4-7)   7
TOTAL FM JUL 1  3873    CLOUDY (SCALE 8-10)  1
DPTR FM NORMAL  -412

[CDD (BASE 65) ]
TOTAL THIS MO.     0
DPTR FM NORMAL     0    [PRESSURE DATA]
TOTAL FM JAN 1     0    HIGHEST SLP M ON M
DPTR FM NORMAL     0    LOWEST  SLP 29.51 ON 17

[REMARKS]
