333
CXUS56 KOTX 180900
CF6EPH
PRELIMINARY LOCAL CLIMATOLOGICAL DATA (WS FORM: F-6)

                                          STATION:   EPHRATA WA AIRPORT
                                          MONTH:     OCTOBER
                                          YEAR:      2017
                                          LATITUDE:   47 18 N
                                          LONGITUDE: 119 31 W

  TEMPERATURE IN F:       :PCPN:    SNOW:  WIND      :SUNSHINE: SKY     :PK WND
================================================================================
1   2   3   4   5  6A  6B    7    8   9   10  11  12  13   14  15   16   17  18
                                     12Z  AVG MX 2MIN
DY MAX MIN AVG DEP HDD CDD  WTR  SNW DPTH SPD SPD DIR MIN PSBL S-S WX    SPD DR
================================================================================

 1  68  46  57  -1   8   0 0.00    M    M  9.2 23 300   M    M   4        30 310
 2  67  43  55  -2  10   0 0.00    M    M  9.6 18 340   M    M   1        22  60
 3  66  36  51  -6  14   0 0.00    M    M  5.4 13  30   M    M   0 8      18  30
 4  69  36  53  -3  12   0 0.00    M    M  5.1 14 340   M    M   0        19 330
 5  69  37  53  -3  12   0 0.00    M    M  5.4 14 180   M    M   0        17 200
 6  73  37  55   0  10   0    T    M    M 11.8 35 270   M    M   0 8      42 270
 7  66  48  57   2   8   0    T    M    M 11.9 29 250   M    M   3        34 260
 8  66  42  54   0  11   0 0.00    M    M  9.3 21 360   M    M   0 8      25  20
 9  63  30  47  -7  18   0 0.00    M    M  6.4 15 180   M    M   0        18 180
10  56  39  48  -5  17   0 0.00    M    M  8.1 21 300   M    M   1 8      26 300
11  57  31  44  -9  21   0 0.00    M    M  6.6 15 300   M    M   1 8      18 300
12  50  29  40 -12  25   0 0.01    M    M  4.9 15 200   M    M   4 18     20 210
13  49  34  42 -10  23   0 0.09    M    M  4.1 13 270   M    M   5 138    15 270
14  56  25  41 -10  24   0    T    M    M  5.3 13 310   M    M   3 128    16 180
15  60  33  47  -4  18   0 0.00    M    M  5.8 12 360   M    M   0 8      14 140
16  62  31  47  -3  18   0 0.00    M    M  4.5 10 170   M    M   0        13 170
17   M   M   M   M   M   M    M    M    M   M   M   M   M    M   M         M  M
================================================================================
SM  997  577       249   0  0.10    M    113.4          M       22
================================================================================
AV 62.3 36.1                               7.1 FASTST   M    M   1    MAX(MPH)
                                 MISC ---->  # 35 270               # 42  270
================================================================================
NOTES:
# LAST OF SEVERAL OCCURRENCES

COLUMN 17 PEAK WIND IN M.P.H.

PRELIMINARY LOCAL CLIMATOLOGICAL DATA (WS FORM: F-6) , PAGE 2

                                          STATION:  EPHRATA WA AIRPORT
                                          MONTH:    OCTOBER
                                          YEAR:     2017
                                          LATITUDE:   47 18 N
                                          LONGITUDE: 119 31 W

[TEMPERATURE DATA]      [PRECIPITATION DATA]       SYMBOLS USED IN COLUMN 16

AVERAGE MONTHLY: 49.2   TOTAL FOR MONTH:   0.10    1 = FOG OR MIST
DPTR FM NORMAL:  -4.6   DPTR FM NORMAL:   -0.13    2 = FOG REDUCING VISIBILITY
HIGHEST:    73 ON  6    GRTST 24HR  0.09 ON 13-13      TO 1/4 MILE OR LESS
LOWEST:     25 ON 14                               3 = THUNDER
                        SNOW, ICE PELLETS, HAIL    4 = ICE PELLETS
                        TOTAL MONTH:    M          5 = HAIL
                        GRTST 24HR    M  ON   M    6 = FREEZING RAIN OR DRIZZLE
                        GRTST DEPTH:  M  ON   M    7 = DUSTSTORM OR SANDSTORM:
                                                       VSBY 1/2 MILE OR LESS
                                                   8 = SMOKE OR HAZE
[NO. OF DAYS WITH]      [WEATHER - DAYS WITH]      9 = BLOWING SNOW
                                                   X = TORNADO
MAX 32 OR BELOW:   0    0.01 INCH OR MORE:   2
MAX 90 OR ABOVE:   0    0.10 INCH OR MORE:   0
MIN 32 OR BELOW:   5    0.50 INCH OR MORE:   0
MIN  0 OR BELOW:   0    1.00 INCH OR MORE:   0

[HDD (BASE 65) ]
TOTAL THIS MO.   249    CLEAR  (SCALE 0-3)  13
DPTR FM NORMAL    56    PTCLDY (SCALE 4-7)   3
TOTAL FM JUL 1   354    CLOUDY (SCALE 8-10)  0
DPTR FM NORMAL    34

[CDD (BASE 65) ]
TOTAL THIS MO.     0
DPTR FM NORMAL     0    [PRESSURE DATA]
TOTAL FM JAN 1  1072    HIGHEST SLP M ON M
DPTR FM NORMAL   303    LOWEST  SLP 29.78 ON  7

[REMARKS]
