000
CXUS54 KEWX 280910
CF6ERV
PRELIMINARY LOCAL CLIMATOLOGICAL DATA (WS FORM: F-6)

                                          STATION:   KERRVILLE
                                          MONTH:     AUGUST
                                          YEAR:      2015
                                          LATITUDE:   29 58 N
                                          LONGITUDE:  99  5 W

  TEMPERATURE IN F:       :PCPN:    SNOW:  WIND      :SUNSHINE: SKY     :PK WND
================================================================================
1   2   3   4   5  6A  6B    7    8   9   10  11  12  13   14  15   16   17  18
                                     12Z  AVG MX 2MIN
DY MAX MIN AVG DEP HDD CDD  WTR  SNW DPTH SPD SPD DIR MIN PSBL S-S WX    SPD DR
================================================================================

 1  97  72  85   M   0  20 0.00  0.0    0  4.5 10  90   M    M   0 1      21  60
 2  95  69  82   M   0  17 0.00  0.0    0  2.5  8 120   M    M   1         M  M
 3  97  72  85   M   0  20 0.00  0.0    0  3.9  9 120   M    M   1        17  50
 4  97  74  86   M   0  21 0.00  0.0    0  6.8 13 150   M    M   3        20 150
 5  97  74  86   M   0  21 0.00  0.0    0  8.7 15 170   M    M   3        20 160
 6  97  74  86   M   0  21 0.00  0.0    0  9.3 14 150   M    M   2        20 160
 7  97  73  85   M   0  20 0.00  0.0    0  9.2 15 160   M    M   2        21 160
 8  97  74  86   M   0  21 0.00    M    M 10.3 15 150   M    M   3        22 190
 9  99  72  86   M   0  21 0.00    M    M  8.5 14 160   M    M   2        17 220
10 101  73  87   M   0  22 0.00    M    M  6.1 12 140   M    M   1         M  M
11 102  66  84   M   0  19 0.00  0.0    0  4.6 12 120   M    M   0        18 110
12 102  72  87   M   0  22 0.05  0.0    0  4.2 10 160   M    M   3 3      17  60
13  97  72  85   M   0  20 0.01    M    0  3.1 20  60   M    M   2        28  60
14  99  72  86   M   0  21 1.03  0.0    0  3.7 13 140   M    M   1 3      18  90
15  92  72  82   M   0  17 0.09  0.0    0  2.8 16  70   M    M   3 1      22  70
16  94  66  80   M   0  15 0.00  0.0    0  3.6 10 120   M    M   1         M  M
17  92  72  82   M   0  17 0.00  0.0    0  4.3 10 150   M    M   2         M  M
18  94  72  83   M   0  18 0.00  0.0    0  8.8 18 180   M    M   3        23 180
19  94  72  83   M   0  18 0.00  0.0    0  7.0 14 150   M    M   3        18 150
20  86  72  79   M   0  14 0.00  0.0    0  4.6 12 110   M    M   6 3      17  80
21  92  69  81   M   0  16 0.00  0.0    0  6.9 14 170   M    M   6        18 170
22  94  74  84   M   0  19 0.00    M    M 11.1 18 170   M    M   4        25 170
23  97  73  85   M   0  20 0.00    M    M  9.2 13 160   M    M   2        18 170
24  97  69  83   M   0  18 0.00  0.0    0  2.3  6 180   M    M   0         M  M
25  98  69  84   M   0  19 0.00  0.0    0  3.5 16  90   M    M   1 3      24  90
26  97  69  83   M   0  18 0.00  0.0    0  2.9  8 150   M    M   2 8       M  M
27  96  72  84   M   0  19    M  0.0    0  2.9  7 150   M    M   1 18      M  M
================================================================================
SM 2597 1930         0 514  1.18     0.0 155.3          M       58
================================================================================
AV 96.2 71.5                               5.8 FASTST   M    M   2    MAX(MPH)
                                 MISC ---->    20   M                 28    M
================================================================================
NOTES:
# LAST OF SEVERAL OCCURRENCES

COLUMN 17 PEAK WIND IN M.P.H.

PRELIMINARY LOCAL CLIMATOLOGICAL DATA (WS FORM: F-6) , PAGE 2

                                          STATION:  KERRVILLE
                                          MONTH:    AUGUST
                                          YEAR:     2015
                                          LATITUDE:   29 58 N
                                          LONGITUDE:  99  5 W

[TEMPERATURE DATA]      [PRECIPITATION DATA]       SYMBOLS USED IN COLUMN 16

AVERAGE MONTHLY: 83.8   TOTAL FOR MONTH:   1.18    1 = FOG OR MIST
DPTR FM NORMAL:     M   DPTR FM NORMAL:       M    2 = FOG REDUCING VISIBILITY
HIGHEST:   102 ON 12,11 GRTST 24HR  1.03 ON 14-14      TO 1/4 MILE OR LESS
LOWEST:     66 ON 16,11                            3 = THUNDER
                        SNOW, ICE PELLETS, HAIL    4 = ICE PELLETS
                        TOTAL MONTH:   0.0 INCH    5 = HAIL
                        GRTST 24HR     0.0         6 = FREEZING RAIN OR DRIZZLE
                        GRTST DEPTH:   0           7 = DUSTSTORM OR SANDSTORM:
                                                       VSBY 1/2 MILE OR LESS
                                                   8 = SMOKE OR HAZE
[NO. OF DAYS WITH]      [WEATHER - DAYS WITH]      9 = BLOWING SNOW
                                                   X = TORNADO
MAX 32 OR BELOW:   0    0.01 INCH OR MORE:   4
MAX 90 OR ABOVE:  26    0.10 INCH OR MORE:   1
MIN 32 OR BELOW:   0    0.50 INCH OR MORE:   1
MIN  0 OR BELOW:   0    1.00 INCH OR MORE:   1

[HDD (BASE 65) ]
TOTAL THIS MO.     0    CLEAR  (SCALE 0-3)  21
DPTR FM NORMAL     M    PTCLDY (SCALE 4-7)   6
TOTAL FM JUL 1     0    CLOUDY (SCALE 8-10)  0
DPTR FM NORMAL     M

[CDD (BASE 65) ]
TOTAL THIS MO.   514
DPTR FM NORMAL     M    [PRESSURE DATA]
TOTAL FM JAN 1  1813    HIGHEST SLP M ON M
DPTR FM NORMAL     M    LOWEST  SLP M ON M

[REMARKS]
