000
CXUS53 KDMX 220920
CF6EST
PRELIMINARY LOCAL CLIMATOLOGICAL DATA (WS FORM: F-6)

                                          STATION:   ESTHERVILLE IA
                                          MONTH:     MARCH
                                          YEAR:      2017
                                          LATITUDE:   43 24 N
                                          LONGITUDE:  94 45 W

  TEMPERATURE IN F:       :PCPN:    SNOW:  WIND      :SUNSHINE: SKY     :PK WND
================================================================================
1   2   3   4   5  6A  6B    7    8   9   10  11  12  13   14  15   16   17  18
                                     12Z  AVG MX 2MIN
DY MAX MIN AVG DEP HDD CDD  WTR  SNW DPTH SPD SPD DIR MIN PSBL S-S WX    SPD DR
================================================================================

 1  35  24  30   4  35   0    T    M    M 18.0 26 300   M    M   8 1      33 360
 2  29  17  23  -3  42   0    T    M    M 10.4 20 340   M    M   6 8      23 340
 3  30  11  21  -6  44   0    T    M    M 13.8 25 140   M    M   4 8      29 150
 4  42  24  33   6  32   0 0.00  0.0    M 17.4 25 150   M    M   0        31 150
 5  57  35  46  18  19   0 0.00  0.0    M 15.5 25 200   M    M   4        32 190
 6  70  33  52  24  13   0 0.14  0.0    0 25.7 48 230   M    M   7 3      56 230
 7  47  31  39  11  26   0    T    M    0 25.5 38 280   M    M   2 13     47 270
 8  41  24  33   4  32   0 0.00  0.0    M 21.2 38 280   M    M   1        50 270
 9  32  14  23  -6  42   0    T    M    M 16.1 25 340   M    M   9 1      32 330
10  17   4  11 -19  54   0 0.00  0.0    0 13.1 26 340   M    M   M        35 340
11  21  13  17 -13  48   0    T    T    M  8.4 14  20   M    M   M        19  30
12  21   9  15 -16  50   0 0.14    M    M 14.4 25  80   M    M   7 12     30 130
13  19  -2   9 -22  56   0    T    M    M 15.7 25  10   M    M   6 1      30  10
14  20  -8   6 -26  59   0 0.00  0.0    0  5.4 10  10   M    M   0 1      11  40
15  27  -9   9 -23  56   0 0.00  0.0    0 10.8 17 170   M    M   4 12     21 170
16  36  16  26  -7  39   0 0.00  0.0    0 16.7 26 150   M    M   4        32 160
17  46  29  38   5  27   0 0.00  0.0    0 18.8 33 290   M    M   5 12     41 290
18  45  28  37   3  28   0 0.00  0.0    0 11.6 32 320   M    M   5        39 320
19  66  31  49  15  16   0 0.00  0.0    0 16.4 38 170   M    M   0        43 180
20  56  33  45  10  20   0 0.00  0.0    0 12.5 24  40   M    M   0        30  10
21  39  24  32  -3  33   0 0.00  0.0    0 14.2 22 360   M    M   2        28 340
================================================================================
SM  796  381       771   0  0.28    T    321.6          M       74
================================================================================
AV 37.9 18.1                              15.3 FASTST   M    M   4    MAX(MPH)
                                 MISC ---->  # 48 230               # 56  230
================================================================================
NOTES:
# LAST OF SEVERAL OCCURRENCES

COLUMN 17 PEAK WIND IN M.P.H.

PRELIMINARY LOCAL CLIMATOLOGICAL DATA (WS FORM: F-6) , PAGE 2

                                          STATION:  ESTHERVILLE IA
                                          MONTH:    MARCH
                                          YEAR:     2017
                                          LATITUDE:   43 24 N
                                          LONGITUDE:  94 45 W

[TEMPERATURE DATA]      [PRECIPITATION DATA]       SYMBOLS USED IN COLUMN 16

AVERAGE MONTHLY: 28.0   TOTAL FOR MONTH:   0.28    1 = FOG OR MIST
DPTR FM NORMAL:  -2.4   DPTR FM NORMAL:   -0.59    2 = FOG REDUCING VISIBILITY
HIGHEST:    70 ON  6    GRTST 24HR  0.14 ON 12-12      TO 1/4 MILE OR LESS
LOWEST:     -9 ON 15                               3 = THUNDER
                        SNOW, ICE PELLETS, HAIL    4 = ICE PELLETS
                        TOTAL MONTH:    T          5 = HAIL
                        GRTST 24HR    T  ON 11-11  6 = FREEZING RAIN OR DRIZZLE
                        GRTST DEPTH:   0           7 = DUSTSTORM OR SANDSTORM:
                                                       VSBY 1/2 MILE OR LESS
                                                   8 = SMOKE OR HAZE
[NO. OF DAYS WITH]      [WEATHER - DAYS WITH]      9 = BLOWING SNOW
                                                   X = TORNADO
MAX 32 OR BELOW:   9    0.01 INCH OR MORE:   2
MAX 90 OR ABOVE:   0    0.10 INCH OR MORE:   2
MIN 32 OR BELOW:  18    0.50 INCH OR MORE:   0
MIN  0 OR BELOW:   3    1.00 INCH OR MORE:   0

[HDD (BASE 65) ]
TOTAL THIS MO.   771    CLEAR  (SCALE 0-3)   7
DPTR FM NORMAL    44    PTCLDY (SCALE 4-7)  11
TOTAL FM JUL 1  5770    CLOUDY (SCALE 8-10)  1
DPTR FM NORMAL  -872

[CDD (BASE 65) ]
TOTAL THIS MO.     0
DPTR FM NORMAL     0    [PRESSURE DATA]
TOTAL FM JAN 1     0    HIGHEST SLP M ON M
DPTR FM NORMAL     0    LOWEST  SLP 29.22 ON  6

[REMARKS]
