000
CXUS56 KPQR 251230
CF6EUG
PRELIMINARY LOCAL CLIMATOLOGICAL DATA (WS FORM: F-6)

                                          STATION:   EUGENE OR
                                          MONTH:     JULY
                                          YEAR:      2014
                                          LATITUDE:   44  7 N
                                          LONGITUDE: 123 13 W

  TEMPERATURE IN F:       :PCPN:    SNOW:  WIND      :SUNSHINE: SKY     :PK WND
================================================================================
1   2   3   4   5  6A  6B    7    8   9   10  11  12  13   14  15   16   17  18
                                     12Z  AVG MX 2MIN
DY MAX MIN AVG DEP HDD CDD  WTR  SNW DPTH SPD SPD DIR MIN PSBL S-S WX    SPD DR
================================================================================

 1  96  52  74  10   0   9 0.00  0.0    0  6.3 20 260   M    M   1        24 270
 2  85  55  70   6   0   5 0.00  0.0    0  6.3 16 360   M    M   3        19 350
 3  77  52  65   1   0   0 0.00  0.0    0  5.3 16 350   M    M   7        19 350
 4  84  49  67   2   0   2 0.00  0.0    0  5.4 13 330   M    M   5        16 350
 5  89  52  71   6   0   6 0.00  0.0    0  5.4 13  30   M    M   2 8      21  20
 6  92  54  73   8   0   8 0.00  0.0    0  7.0 16  10   M    M   0        20 360
 7  94  58  76  10   0  11 0.00  0.0    0  9.1 20 350   M    M   0        26 360
 8  93  59  76  10   0  11 0.00  0.0    0  9.2 22  30   M    M   5 8      26  20
 9  90  57  74   8   0   9 0.00  0.0    0  8.6 18 350   M    M   1        23  10
10  90  51  71   5   0   6 0.00  0.0    0  6.6 16 330   M    M   1        20 350
11  80  53  67   1   0   2 0.00  0.0    0  3.8 12 190   M    M   4        14 190
12  93  55  74   7   0   9 0.00  0.0    0  8.1 16 230   M    M   2        19 240
13  75  58  67   0   0   2 0.11  0.0    0  9.0 18 250   M    M   7 13     21 240
14  92  60  76   9   0  11 0.00  0.0    0  7.0 18 360   M    M   5        22 360
15  97  54  76   9   0  11 0.00  0.0    0  7.3 20  30   M    M   1 1      25  20
16  97  60  79  12   0  14 0.00  0.0    0  6.0 15  10   M    M   1        21  30
17  90  53  72   5   0   7 0.00  0.0    0  7.0 17 360   M    M   1        25  20
18  86  50  68   0   0   3 0.00  0.0    0  8.5 21  30   M    M   2        28  40
19  93  59  76   8   0  11 0.00  0.0    0  7.2 16  20   M    M   1        20  40
20  78  56  67  -1   0   2 0.01  0.0    0  5.6 14 360   M    M   6 1      16 360
21  80  51  66  -2   0   1    T  0.0    0  5.7 15 180   M    M   7 8      17  40
22  81  59  70   2   0   5    T  0.0    0  6.9 14 240   M    M   7        18 250
23  68  52  60  -8   5   0 0.21  0.0    0  8.9 17 260   M    M   7 1      21 260
24  76  52  64  -4   1   0 0.00  0.0    0  7.0 15 360   M    M   6        18 360
================================================================================
SM 2076 1311         6 145  0.33     0.0 167.2          M       82
================================================================================
AV 86.5 54.6                               7.0 FASTST   M    M   3    MAX(MPH)
                                 MISC ---->  # 22  30               # 28   40
================================================================================
NOTES:
# LAST OF SEVERAL OCCURRENCES

COLUMN 17 PEAK WIND IN M.P.H.

PRELIMINARY LOCAL CLIMATOLOGICAL DATA (WS FORM: F-6) , PAGE 2

                                          STATION:  EUGENE OR
                                          MONTH:    JULY
                                          YEAR:     2014
                                          LATITUDE:   44  7 N
                                          LONGITUDE: 123 13 W

[TEMPERATURE DATA]      [PRECIPITATION DATA]       SYMBOLS USED IN COLUMN 16

AVERAGE MONTHLY: 70.6   TOTAL FOR MONTH:   0.33    1 = FOG OR MIST
DPTR FM NORMAL:   4.1   DPTR FM NORMAL:   -0.13    2 = FOG REDUCING VISIBILITY
HIGHEST:    97 ON 16,15 GRTST 24HR  0.21 ON 22-23      TO 1/4 MILE OR LESS
LOWEST:     49 ON  4                               3 = THUNDER
                        SNOW, ICE PELLETS, HAIL    4 = ICE PELLETS
                        TOTAL MONTH:   0.0 INCH    5 = HAIL
                        GRTST 24HR     0.0         6 = FREEZING RAIN OR DRIZZLE
                        GRTST DEPTH:   0           7 = DUSTSTORM OR SANDSTORM:
                                                       VSBY 1/2 MILE OR LESS
                                                   8 = SMOKE OR HAZE
[NO. OF DAYS WITH]      [WEATHER - DAYS WITH]      9 = BLOWING SNOW
                                                   X = TORNADO
MAX 32 OR BELOW:   0    0.01 INCH OR MORE:   3
MAX 90 OR ABOVE:  12    0.10 INCH OR MORE:   2
MIN 32 OR BELOW:   0    0.50 INCH OR MORE:   0
MIN  0 OR BELOW:   0    1.00 INCH OR MORE:   0

[HDD (BASE 65) ]
TOTAL THIS MO.     6    CLEAR  (SCALE 0-3)  13
DPTR FM NORMAL   -27    PTCLDY (SCALE 4-7)  11
TOTAL FM JUL 1     6    CLOUDY (SCALE 8-10)  0
DPTR FM NORMAL   -27

[CDD (BASE 65) ]
TOTAL THIS MO.   145
DPTR FM NORMAL    76    [PRESSURE DATA]
TOTAL FM JAN 1   154    HIGHEST SLP M ON M
DPTR FM NORMAL    61    LOWEST  SLP 29.68 ON  1

[REMARKS]
